{"id":4631,"date":"2019-06-28T11:30:49","date_gmt":"2019-06-28T11:30:49","guid":{"rendered":"https:\/\/gobiernu.cw\/?post_type=document&#038;p=4631"},"modified":"2020-09-29T06:34:38","modified_gmt":"2020-09-29T10:34:38","slug":"intentieverklaring-nederlands-als-vreemde-taal","status":"publish","type":"document","link":"https:\/\/gobiernu.cw\/nl\/document\/intentieverklaring-nederlands-als-vreemde-taal\/","title":{"rendered":"Intentieverklaring Nederlands als vreemde Taal"},"content":{"rendered":"<p>Deze intentieverklaring heeft als doel samenwerking te bevorderen en te faciliteren op het gebied van het onderwijs van Nederlands als Vreemde Taal (als vak of als instructietaal) met het oog op een kwalitatief goed onderwijsaanbod en daarmee een optimale taalontwikkeling van de leerlingen in de meertalige Caribische context.<\/p>\n","protected":false},"excerpt":{"rendered":"<p>Deze intentieverklaring heeft als doel samenwerking te bevorderen en te faciliteren op het gebied van het onderwijs van Nederlands als Vreemde Taal (als vak of als<span class=\"excerpt-hellip\"> [\u2026]<\/span><\/p>\n","protected":false},"featured_media":0,"menu_order":89,"template":"","format":"standard","meta":{"_acf_changed":false,"_crdt_document":""},"documenten_category":[98],"ministry":[],"class_list":["post-4631","document","type-document","status-publish","format-standard","hentry","documenten_category-categorie-ministers-nl"],"acf":[],"yoast_head":"<!-- This site is optimized with the Yoast SEO plugin v27.4 - https:\/\/yoast.com\/product\/yoast-seo-wordpress\/ -->\n<title>Intentieverklaring Nederlands als vreemde Taal - Informashon tokante Gobi\u00e8rnu di K\u00f2rsou<\/title>\n<meta name=\"robots\" content=\"noindex, follow\" \/>\n<meta name=\"twitter:card\" content=\"summary_large_image\" \/>\n<meta name=\"twitter:title\" content=\"Intentieverklaring Nederlands als vreemde Taal - Informashon tokante Gobi\u00e8rnu di K\u00f2rsou\" \/>\n<meta name=\"twitter:description\" content=\"Deze intentieverklaring heeft als doel samenwerking te bevorderen en te faciliteren op het gebied van het onderwijs van Nederlands als Vreemde Taal (als vak of als [\u2026]\" \/>\n<script type=\"application\/ld+json\" class=\"yoast-schema-graph\">{\"@context\":\"https:\\\/\\\/schema.org\",\"@graph\":[{\"@type\":\"WebPage\",\"@id\":\"https:\\\/\\\/gobiernu.cw\\\/nl\\\/document\\\/intentieverklaring-nederlands-als-vreemde-taal\\\/\",\"url\":\"https:\\\/\\\/gobiernu.cw\\\/nl\\\/document\\\/intentieverklaring-nederlands-als-vreemde-taal\\\/\",\"name\":\"Intentieverklaring Nederlands als vreemde Taal - Informashon tokante Gobi\u00e8rnu di K\u00f2rsou\",\"isPartOf\":{\"@id\":\"https:\\\/\\\/gobiernu.cw\\\/#website\"},\"datePublished\":\"2019-06-28T11:30:49+00:00\",\"dateModified\":\"2020-09-29T10:34:38+00:00\",\"breadcrumb\":{\"@id\":\"https:\\\/\\\/gobiernu.cw\\\/nl\\\/document\\\/intentieverklaring-nederlands-als-vreemde-taal\\\/#breadcrumb\"},\"inLanguage\":\"nl-NL\",\"potentialAction\":[{\"@type\":\"ReadAction\",\"target\":[\"https:\\\/\\\/gobiernu.cw\\\/nl\\\/document\\\/intentieverklaring-nederlands-als-vreemde-taal\\\/\"]}]},{\"@type\":\"BreadcrumbList\",\"@id\":\"https:\\\/\\\/gobiernu.cw\\\/nl\\\/document\\\/intentieverklaring-nederlands-als-vreemde-taal\\\/#breadcrumb\",\"itemListElement\":[{\"@type\":\"ListItem\",\"position\":1,\"name\":\"Home\",\"item\":\"https:\\\/\\\/gobiernu.cw\\\/nl\\\/\"},{\"@type\":\"ListItem\",\"position\":2,\"name\":\"Documenten\",\"item\":\"https:\\\/\\\/gobiernu.cw\\\/document\\\/\"},{\"@type\":\"ListItem\",\"position\":3,\"name\":\"Intentieverklaring Nederlands als vreemde Taal\"}]},{\"@type\":\"WebSite\",\"@id\":\"https:\\\/\\\/gobiernu.cw\\\/#website\",\"url\":\"https:\\\/\\\/gobiernu.cw\\\/\",\"name\":\"Informashon tokante Gobi\u00e8rnu di K\u00f2rsou\",\"description\":\"Gobi\u00e8rnu di K\u00f2rsou\",\"publisher\":{\"@id\":\"https:\\\/\\\/gobiernu.cw\\\/#organization\"},\"potentialAction\":[{\"@type\":\"SearchAction\",\"target\":{\"@type\":\"EntryPoint\",\"urlTemplate\":\"https:\\\/\\\/gobiernu.cw\\\/?s={search_term_string}\"},\"query-input\":{\"@type\":\"PropertyValueSpecification\",\"valueRequired\":true,\"valueName\":\"search_term_string\"}}],\"inLanguage\":\"nl-NL\"},{\"@type\":\"Organization\",\"@id\":\"https:\\\/\\\/gobiernu.cw\\\/#organization\",\"name\":\"Gobi\u00e8rnu di K\u00f2rsou\",\"url\":\"https:\\\/\\\/gobiernu.cw\\\/\",\"logo\":{\"@type\":\"ImageObject\",\"inLanguage\":\"nl-NL\",\"@id\":\"https:\\\/\\\/gobiernu.cw\\\/#\\\/schema\\\/logo\\\/image\\\/\",\"url\":\"https:\\\/\\\/gobiernu.cw\\\/wp-content\\\/uploads\\\/2019\\\/01\\\/Logo_regering_3.png\",\"contentUrl\":\"https:\\\/\\\/gobiernu.cw\\\/wp-content\\\/uploads\\\/2019\\\/01\\\/Logo_regering_3.png\",\"width\":129,\"height\":115,\"caption\":\"Gobi\u00e8rnu di K\u00f2rsou\"},\"image\":{\"@id\":\"https:\\\/\\\/gobiernu.cw\\\/#\\\/schema\\\/logo\\\/image\\\/\"}}]}<\/script>\n<!-- \/ Yoast SEO plugin. -->","yoast_head_json":{"title":"Intentieverklaring Nederlands als vreemde Taal - Informashon tokante Gobi\u00e8rnu di K\u00f2rsou","robots":{"index":"noindex","follow":"follow"},"twitter_card":"summary_large_image","twitter_title":"Intentieverklaring Nederlands als vreemde Taal - Informashon tokante Gobi\u00e8rnu di K\u00f2rsou","twitter_description":"Deze intentieverklaring heeft als doel samenwerking te bevorderen en te faciliteren op het gebied van het onderwijs van Nederlands als Vreemde Taal (als vak of als [\u2026]","schema":{"@context":"https:\/\/schema.org","@graph":[{"@type":"WebPage","@id":"https:\/\/gobiernu.cw\/nl\/document\/intentieverklaring-nederlands-als-vreemde-taal\/","url":"https:\/\/gobiernu.cw\/nl\/document\/intentieverklaring-nederlands-als-vreemde-taal\/","name":"Intentieverklaring Nederlands als vreemde Taal - Informashon tokante Gobi\u00e8rnu di K\u00f2rsou","isPartOf":{"@id":"https:\/\/gobiernu.cw\/#website"},"datePublished":"2019-06-28T11:30:49+00:00","dateModified":"2020-09-29T10:34:38+00:00","breadcrumb":{"@id":"https:\/\/gobiernu.cw\/nl\/document\/intentieverklaring-nederlands-als-vreemde-taal\/#breadcrumb"},"inLanguage":"nl-NL","potentialAction":[{"@type":"ReadAction","target":["https:\/\/gobiernu.cw\/nl\/document\/intentieverklaring-nederlands-als-vreemde-taal\/"]}]},{"@type":"BreadcrumbList","@id":"https:\/\/gobiernu.cw\/nl\/document\/intentieverklaring-nederlands-als-vreemde-taal\/#breadcrumb","itemListElement":[{"@type":"ListItem","position":1,"name":"Home","item":"https:\/\/gobiernu.cw\/nl\/"},{"@type":"ListItem","position":2,"name":"Documenten","item":"https:\/\/gobiernu.cw\/document\/"},{"@type":"ListItem","position":3,"name":"Intentieverklaring Nederlands als vreemde Taal"}]},{"@type":"WebSite","@id":"https:\/\/gobiernu.cw\/#website","url":"https:\/\/gobiernu.cw\/","name":"Informashon tokante Gobi\u00e8rnu di K\u00f2rsou","description":"Gobi\u00e8rnu di K\u00f2rsou","publisher":{"@id":"https:\/\/gobiernu.cw\/#organization"},"potentialAction":[{"@type":"SearchAction","target":{"@type":"EntryPoint","urlTemplate":"https:\/\/gobiernu.cw\/?s={search_term_string}"},"query-input":{"@type":"PropertyValueSpecification","valueRequired":true,"valueName":"search_term_string"}}],"inLanguage":"nl-NL"},{"@type":"Organization","@id":"https:\/\/gobiernu.cw\/#organization","name":"Gobi\u00e8rnu di K\u00f2rsou","url":"https:\/\/gobiernu.cw\/","logo":{"@type":"ImageObject","inLanguage":"nl-NL","@id":"https:\/\/gobiernu.cw\/#\/schema\/logo\/image\/","url":"https:\/\/gobiernu.cw\/wp-content\/uploads\/2019\/01\/Logo_regering_3.png","contentUrl":"https:\/\/gobiernu.cw\/wp-content\/uploads\/2019\/01\/Logo_regering_3.png","width":129,"height":115,"caption":"Gobi\u00e8rnu di K\u00f2rsou"},"image":{"@id":"https:\/\/gobiernu.cw\/#\/schema\/logo\/image\/"}}]}},"jetpack_sharing_enabled":true,"_links":{"self":[{"href":"https:\/\/gobiernu.cw\/nl\/wp-json\/wp\/v2\/document\/4631","targetHints":{"allow":["GET"]}}],"collection":[{"href":"https:\/\/gobiernu.cw\/nl\/wp-json\/wp\/v2\/document"}],"about":[{"href":"https:\/\/gobiernu.cw\/nl\/wp-json\/wp\/v2\/types\/document"}],"wp:attachment":[{"href":"https:\/\/gobiernu.cw\/nl\/wp-json\/wp\/v2\/media?parent=4631"}],"wp:term":[{"taxonomy":"documenten_category","embeddable":true,"href":"https:\/\/gobiernu.cw\/nl\/wp-json\/wp\/v2\/documenten_category?post=4631"},{"taxonomy":"ministry","embeddable":true,"href":"https:\/\/gobiernu.cw\/nl\/wp-json\/wp\/v2\/ministry?post=4631"}],"curies":[{"name":"wp","href":"https:\/\/api.w.org\/{rel}","templated":true}]}}

<!-- This site is optimized with the Yoast SEO plugin v27.4 - https://yoast.com/product/yoast-seo-wordpress/ -->
<title>Intentieverklaring Nederlands als vreemde Taal - Informashon tokante Gobièrnu di Kòrsou</title>
<meta name="robots" content="noindex, follow" />
<meta name="twitter:card" content="summary_large_image" />
<meta name="twitter:title" content="Intentieverklaring Nederlands als vreemde Taal - Informashon tokante Gobièrnu di Kòrsou" />
<meta name="twitter:description" content="Deze intentieverklaring heeft als doel samenwerking te bevorderen en te faciliteren op het gebied van het onderwijs van Nederlands als Vreemde Taal (als vak of als […]" />
<script type="application/ld+json" class="yoast-schema-graph">{"@context":"https:\/\/schema.org","@graph":[{"@type":"WebPage","@id":"https:\/\/gobiernu.cw\/nl\/document\/intentieverklaring-nederlands-als-vreemde-taal\/","url":"https:\/\/gobiernu.cw\/nl\/document\/intentieverklaring-nederlands-als-vreemde-taal\/","name":"Intentieverklaring Nederlands als vreemde Taal - Informashon tokante Gobièrnu di Kòrsou","isPartOf":{"@id":"https:\/\/gobiernu.cw\/#website"},"datePublished":"2019-06-28T11:30:49+00:00","dateModified":"2020-09-29T10:34:38+00:00","breadcrumb":{"@id":"https:\/\/gobiernu.cw\/nl\/document\/intentieverklaring-nederlands-als-vreemde-taal\/#breadcrumb"},"inLanguage":"nl-NL","potentialAction":[{"@type":"ReadAction","target":["https:\/\/gobiernu.cw\/nl\/document\/intentieverklaring-nederlands-als-vreemde-taal\/"]}]},{"@type":"BreadcrumbList","@id":"https:\/\/gobiernu.cw\/nl\/document\/intentieverklaring-nederlands-als-vreemde-taal\/#breadcrumb","itemListElement":[{"@type":"ListItem","position":1,"name":"Home","item":"https:\/\/gobiernu.cw\/nl\/"},{"@type":"ListItem","position":2,"name":"Documenten","item":"https:\/\/gobiernu.cw\/document\/"},{"@type":"ListItem","position":3,"name":"Intentieverklaring Nederlands als vreemde Taal"}]},{"@type":"WebSite","@id":"https:\/\/gobiernu.cw\/#website","url":"https:\/\/gobiernu.cw\/","name":"Informashon tokante Gobièrnu di Kòrsou","description":"Gobièrnu di Kòrsou","publisher":{"@id":"https:\/\/gobiernu.cw\/#organization"},"potentialAction":[{"@type":"SearchAction","target":{"@type":"EntryPoint","urlTemplate":"https:\/\/gobiernu.cw\/?s={search_term_string}"},"query-input":{"@type":"PropertyValueSpecification","valueRequired":true,"valueName":"search_term_string"}}],"inLanguage":"nl-NL"},{"@type":"Organization","@id":"https:\/\/gobiernu.cw\/#organization","name":"Gobièrnu di Kòrsou","url":"https:\/\/gobiernu.cw\/","logo":{"@type":"ImageObject","inLanguage":"nl-NL","@id":"https:\/\/gobiernu.cw\/#\/schema\/logo\/image\/","url":"https:\/\/gobiernu.cw\/wp-content\/uploads\/2019\/01\/Logo_regering_3.png","contentUrl":"https:\/\/gobiernu.cw\/wp-content\/uploads\/2019\/01\/Logo_regering_3.png","width":129,"height":115,"caption":"Gobièrnu di Kòrsou"},"image":{"@id":"https:\/\/gobiernu.cw\/#\/schema\/logo\/image\/"}}]}</script>
<!-- / Yoast SEO plugin. -->

Intentieverklaring Nederlands als vreemde Taal - Informashon tokante Gobièrnu di Kòrsou

Informashon tokante Gobièrnu di Kòrsou

Gobièrnu di Kòrsou
