{"id":305907,"date":"2021-01-28T15:58:42","date_gmt":"2021-01-28T19:58:42","guid":{"rendered":"https:\/\/gobiernu.cw\/?post_type=nieuw&#038;p=305907"},"modified":"2021-01-28T15:59:46","modified_gmt":"2021-01-28T19:59:46","slug":"305907-2","status":"publish","type":"nieuw","link":"https:\/\/gobiernu.cw\/nl\/nieuw\/305907-2\/","title":{"rendered":"Vertegenwoordigers van de Electorale Raad van Cura\u00e7ao op bezoek bij de Gouverneur."},"content":{"rendered":"<p>WILLEMSTAD \u2013 Op woensdag 27 januari 2021 hebben de heer Raymond (Pacheco) R\u00f6mer, voorzitter en de heer Charles Dorego, plaatsvervangend voorzitter, van de Electorale Raad van Cura\u00e7ao verslag gedaan aan de Gouverneur van Cura\u00e7ao, hare Excellentie Lucille George-Wout, betreffende de voorbereidingen van de verkiezingen van 19 maart aanstaande.<\/p>\n<div id=\"attachment_305662\" style=\"width: 650px\" class=\"wp-caption aligncenter\"><img aria-describedby=\"caption-attachment-305662\" loading=\"lazy\" class=\"size-full wp-image-305662\" src=\"https:\/\/gobiernu.cw\/wp-content\/uploads\/2021\/01\/210127-Electorale-raad.jpg\" alt=\"\" width=\"640\" height=\"618\" srcset=\"https:\/\/gobiernu.cw\/wp-content\/uploads\/2021\/01\/210127-Electorale-raad.jpg 640w, https:\/\/gobiernu.cw\/wp-content\/uploads\/2021\/01\/210127-Electorale-raad-300x290.jpg 300w, https:\/\/gobiernu.cw\/wp-content\/uploads\/2021\/01\/210127-Electorale-raad-151x146.jpg 151w, https:\/\/gobiernu.cw\/wp-content\/uploads\/2021\/01\/210127-Electorale-raad-50x48.jpg 50w, https:\/\/gobiernu.cw\/wp-content\/uploads\/2021\/01\/210127-Electorale-raad-78x75.jpg 78w\" sizes=\"auto, (max-width:767px) 480px, 640px\" \/><p id=\"caption-attachment-305662\" class=\"wp-caption-text\">Op de foto: De heer Raymond (Pacheco) R\u00f6mer, de Gouverneur van Cura\u00e7ao, Hare Excellentie Lucille George-Wout en de heer Charles Dorego<\/p><\/div>\n","protected":false},"excerpt":{"rendered":"<p>WILLEMSTAD \u2013 Op woensdag 27 januari 2021 hebben de heer Raymond (Pacheco) R\u00f6mer, voorzitter en de heer Charles Dorego, plaatsvervangend voorzitter, van de Electorale Raad van<span class=\"excerpt-hellip\"> [\u2026]<\/span><\/p>\n","protected":false},"featured_media":305662,"parent":0,"template":"","nieuws_category":[133,622],"ministry":[207],"class_list":["post-305907","nieuw","type-nieuw","status-publish","has-post-thumbnail","hentry","nieuws_category-persberichten-nl","nieuws_category-gouverneur-van-curacao","ministry-algemene-zaken-en-minister-president"],"acf":[],"yoast_head":"<!-- This site is optimized with the Yoast SEO plugin v27.4 - https:\/\/yoast.com\/product\/yoast-seo-wordpress\/ -->\n<title>Vertegenwoordigers van de Electorale Raad van Cura\u00e7ao op bezoek bij de Gouverneur. - Informashon tokante Gobi\u00e8rnu di K\u00f2rsou<\/title>\n<meta name=\"robots\" content=\"noindex, follow\" \/>\n<meta name=\"twitter:card\" content=\"summary_large_image\" \/>\n<meta name=\"twitter:title\" content=\"Vertegenwoordigers van de Electorale Raad van Cura\u00e7ao op bezoek bij de Gouverneur. - Informashon tokante Gobi\u00e8rnu di K\u00f2rsou\" \/>\n<meta name=\"twitter:description\" content=\"WILLEMSTAD \u2013 Op woensdag 27 januari 2021 hebben de heer Raymond (Pacheco) R\u00f6mer, voorzitter en de heer Charles Dorego, plaatsvervangend voorzitter, van de Electorale Raad van [\u2026]\" \/>\n<meta name=\"twitter:image\" content=\"https:\/\/gobiernu.cw\/wp-content\/uploads\/2021\/01\/210127-Electorale-raad.jpg\" \/>\n<script type=\"application\/ld+json\" class=\"yoast-schema-graph\">{\"@context\":\"https:\\\/\\\/schema.org\",\"@graph\":[{\"@type\":\"WebPage\",\"@id\":\"https:\\\/\\\/gobiernu.cw\\\/nl\\\/nieuw\\\/305907-2\\\/\",\"url\":\"https:\\\/\\\/gobiernu.cw\\\/nl\\\/nieuw\\\/305907-2\\\/\",\"name\":\"Vertegenwoordigers van de Electorale Raad van Cura\u00e7ao op bezoek bij de Gouverneur. - Informashon tokante Gobi\u00e8rnu di K\u00f2rsou\",\"isPartOf\":{\"@id\":\"https:\\\/\\\/gobiernu.cw\\\/#website\"},\"primaryImageOfPage\":{\"@id\":\"https:\\\/\\\/gobiernu.cw\\\/nl\\\/nieuw\\\/305907-2\\\/#primaryimage\"},\"image\":{\"@id\":\"https:\\\/\\\/gobiernu.cw\\\/nl\\\/nieuw\\\/305907-2\\\/#primaryimage\"},\"thumbnailUrl\":\"https:\\\/\\\/gobiernu.cw\\\/wp-content\\\/uploads\\\/2021\\\/01\\\/210127-Electorale-raad.jpg\",\"datePublished\":\"2021-01-28T19:58:42+00:00\",\"dateModified\":\"2021-01-28T19:59:46+00:00\",\"breadcrumb\":{\"@id\":\"https:\\\/\\\/gobiernu.cw\\\/nl\\\/nieuw\\\/305907-2\\\/#breadcrumb\"},\"inLanguage\":\"nl-NL\",\"potentialAction\":[{\"@type\":\"ReadAction\",\"target\":[\"https:\\\/\\\/gobiernu.cw\\\/nl\\\/nieuw\\\/305907-2\\\/\"]}]},{\"@type\":\"ImageObject\",\"inLanguage\":\"nl-NL\",\"@id\":\"https:\\\/\\\/gobiernu.cw\\\/nl\\\/nieuw\\\/305907-2\\\/#primaryimage\",\"url\":\"https:\\\/\\\/gobiernu.cw\\\/wp-content\\\/uploads\\\/2021\\\/01\\\/210127-Electorale-raad.jpg\",\"contentUrl\":\"https:\\\/\\\/gobiernu.cw\\\/wp-content\\\/uploads\\\/2021\\\/01\\\/210127-Electorale-raad.jpg\",\"width\":640,\"height\":618,\"caption\":\"Op de foto: De heer Raymond (Pacheco) R\u00f6mer, de Gouverneur van Cura\u00e7ao, Hare Excellentie Lucille George-Wout en de heer Charles Dorego\"},{\"@type\":\"BreadcrumbList\",\"@id\":\"https:\\\/\\\/gobiernu.cw\\\/nl\\\/nieuw\\\/305907-2\\\/#breadcrumb\",\"itemListElement\":[{\"@type\":\"ListItem\",\"position\":1,\"name\":\"Home\",\"item\":\"https:\\\/\\\/gobiernu.cw\\\/nl\\\/\"},{\"@type\":\"ListItem\",\"position\":2,\"name\":\"Nieuws\",\"item\":\"https:\\\/\\\/gobiernu.cw\\\/nl\\\/nieuws\\\/\"},{\"@type\":\"ListItem\",\"position\":3,\"name\":\"Vertegenwoordigers van de Electorale Raad van Cura\u00e7ao op bezoek bij de Gouverneur.\"}]},{\"@type\":\"WebSite\",\"@id\":\"https:\\\/\\\/gobiernu.cw\\\/#website\",\"url\":\"https:\\\/\\\/gobiernu.cw\\\/\",\"name\":\"Informashon tokante Gobi\u00e8rnu di K\u00f2rsou\",\"description\":\"Gobi\u00e8rnu di K\u00f2rsou\",\"publisher\":{\"@id\":\"https:\\\/\\\/gobiernu.cw\\\/#organization\"},\"potentialAction\":[{\"@type\":\"SearchAction\",\"target\":{\"@type\":\"EntryPoint\",\"urlTemplate\":\"https:\\\/\\\/gobiernu.cw\\\/?s={search_term_string}\"},\"query-input\":{\"@type\":\"PropertyValueSpecification\",\"valueRequired\":true,\"valueName\":\"search_term_string\"}}],\"inLanguage\":\"nl-NL\"},{\"@type\":\"Organization\",\"@id\":\"https:\\\/\\\/gobiernu.cw\\\/#organization\",\"name\":\"Gobi\u00e8rnu di K\u00f2rsou\",\"url\":\"https:\\\/\\\/gobiernu.cw\\\/\",\"logo\":{\"@type\":\"ImageObject\",\"inLanguage\":\"nl-NL\",\"@id\":\"https:\\\/\\\/gobiernu.cw\\\/#\\\/schema\\\/logo\\\/image\\\/\",\"url\":\"https:\\\/\\\/gobiernu.cw\\\/wp-content\\\/uploads\\\/2019\\\/01\\\/Logo_regering_3.png\",\"contentUrl\":\"https:\\\/\\\/gobiernu.cw\\\/wp-content\\\/uploads\\\/2019\\\/01\\\/Logo_regering_3.png\",\"width\":129,\"height\":115,\"caption\":\"Gobi\u00e8rnu di K\u00f2rsou\"},\"image\":{\"@id\":\"https:\\\/\\\/gobiernu.cw\\\/#\\\/schema\\\/logo\\\/image\\\/\"}}]}<\/script>\n<!-- \/ Yoast SEO plugin. -->","yoast_head_json":{"title":"Vertegenwoordigers van de Electorale Raad van Cura\u00e7ao op bezoek bij de Gouverneur. - Informashon tokante Gobi\u00e8rnu di K\u00f2rsou","robots":{"index":"noindex","follow":"follow"},"twitter_card":"summary_large_image","twitter_title":"Vertegenwoordigers van de Electorale Raad van Cura\u00e7ao op bezoek bij de Gouverneur. - Informashon tokante Gobi\u00e8rnu di K\u00f2rsou","twitter_description":"WILLEMSTAD \u2013 Op woensdag 27 januari 2021 hebben de heer Raymond (Pacheco) R\u00f6mer, voorzitter en de heer Charles Dorego, plaatsvervangend voorzitter, van de Electorale Raad van [\u2026]","twitter_image":"https:\/\/gobiernu.cw\/wp-content\/uploads\/2021\/01\/210127-Electorale-raad.jpg","schema":{"@context":"https:\/\/schema.org","@graph":[{"@type":"WebPage","@id":"https:\/\/gobiernu.cw\/nl\/nieuw\/305907-2\/","url":"https:\/\/gobiernu.cw\/nl\/nieuw\/305907-2\/","name":"Vertegenwoordigers van de Electorale Raad van Cura\u00e7ao op bezoek bij de Gouverneur. - Informashon tokante Gobi\u00e8rnu di K\u00f2rsou","isPartOf":{"@id":"https:\/\/gobiernu.cw\/#website"},"primaryImageOfPage":{"@id":"https:\/\/gobiernu.cw\/nl\/nieuw\/305907-2\/#primaryimage"},"image":{"@id":"https:\/\/gobiernu.cw\/nl\/nieuw\/305907-2\/#primaryimage"},"thumbnailUrl":"https:\/\/gobiernu.cw\/wp-content\/uploads\/2021\/01\/210127-Electorale-raad.jpg","datePublished":"2021-01-28T19:58:42+00:00","dateModified":"2021-01-28T19:59:46+00:00","breadcrumb":{"@id":"https:\/\/gobiernu.cw\/nl\/nieuw\/305907-2\/#breadcrumb"},"inLanguage":"nl-NL","potentialAction":[{"@type":"ReadAction","target":["https:\/\/gobiernu.cw\/nl\/nieuw\/305907-2\/"]}]},{"@type":"ImageObject","inLanguage":"nl-NL","@id":"https:\/\/gobiernu.cw\/nl\/nieuw\/305907-2\/#primaryimage","url":"https:\/\/gobiernu.cw\/wp-content\/uploads\/2021\/01\/210127-Electorale-raad.jpg","contentUrl":"https:\/\/gobiernu.cw\/wp-content\/uploads\/2021\/01\/210127-Electorale-raad.jpg","width":640,"height":618,"caption":"Op de foto: De heer Raymond (Pacheco) R\u00f6mer, de Gouverneur van Cura\u00e7ao, Hare Excellentie Lucille George-Wout en de heer Charles Dorego"},{"@type":"BreadcrumbList","@id":"https:\/\/gobiernu.cw\/nl\/nieuw\/305907-2\/#breadcrumb","itemListElement":[{"@type":"ListItem","position":1,"name":"Home","item":"https:\/\/gobiernu.cw\/nl\/"},{"@type":"ListItem","position":2,"name":"Nieuws","item":"https:\/\/gobiernu.cw\/nl\/nieuws\/"},{"@type":"ListItem","position":3,"name":"Vertegenwoordigers van de Electorale Raad van Cura\u00e7ao op bezoek bij de Gouverneur."}]},{"@type":"WebSite","@id":"https:\/\/gobiernu.cw\/#website","url":"https:\/\/gobiernu.cw\/","name":"Informashon tokante Gobi\u00e8rnu di K\u00f2rsou","description":"Gobi\u00e8rnu di K\u00f2rsou","publisher":{"@id":"https:\/\/gobiernu.cw\/#organization"},"potentialAction":[{"@type":"SearchAction","target":{"@type":"EntryPoint","urlTemplate":"https:\/\/gobiernu.cw\/?s={search_term_string}"},"query-input":{"@type":"PropertyValueSpecification","valueRequired":true,"valueName":"search_term_string"}}],"inLanguage":"nl-NL"},{"@type":"Organization","@id":"https:\/\/gobiernu.cw\/#organization","name":"Gobi\u00e8rnu di K\u00f2rsou","url":"https:\/\/gobiernu.cw\/","logo":{"@type":"ImageObject","inLanguage":"nl-NL","@id":"https:\/\/gobiernu.cw\/#\/schema\/logo\/image\/","url":"https:\/\/gobiernu.cw\/wp-content\/uploads\/2019\/01\/Logo_regering_3.png","contentUrl":"https:\/\/gobiernu.cw\/wp-content\/uploads\/2019\/01\/Logo_regering_3.png","width":129,"height":115,"caption":"Gobi\u00e8rnu di K\u00f2rsou"},"image":{"@id":"https:\/\/gobiernu.cw\/#\/schema\/logo\/image\/"}}]}},"jetpack_sharing_enabled":true,"_links":{"self":[{"href":"https:\/\/gobiernu.cw\/nl\/wp-json\/wp\/v2\/nieuw\/305907","targetHints":{"allow":["GET"]}}],"collection":[{"href":"https:\/\/gobiernu.cw\/nl\/wp-json\/wp\/v2\/nieuw"}],"about":[{"href":"https:\/\/gobiernu.cw\/nl\/wp-json\/wp\/v2\/types\/nieuw"}],"wp:featuredmedia":[{"embeddable":true,"href":"https:\/\/gobiernu.cw\/nl\/wp-json\/wp\/v2\/media\/305662"}],"wp:attachment":[{"href":"https:\/\/gobiernu.cw\/nl\/wp-json\/wp\/v2\/media?parent=305907"}],"wp:term":[{"taxonomy":"nieuws_category","embeddable":true,"href":"https:\/\/gobiernu.cw\/nl\/wp-json\/wp\/v2\/nieuws_category?post=305907"},{"taxonomy":"ministry","embeddable":true,"href":"https:\/\/gobiernu.cw\/nl\/wp-json\/wp\/v2\/ministry?post=305907"}],"curies":[{"name":"wp","href":"https:\/\/api.w.org\/{rel}","templated":true}]}}

Vertegenwoordigers van de Electorale Raad van Curaçao op bezoek bij de Gouverneur.

<p>WILLEMSTAD – Op woensdag 27 januari 2021 hebben de heer Raymond (Pacheco) Römer, voorzitter en de heer Charles Dorego, plaatsvervangend voorzitter, van de Electorale Raad van Curaçao verslag gedaan aan de Gouverneur van Curaçao, hare Excellentie Lucille George-Wout, betreffende de voorbereidingen van de verkiezingen van 19 maart aanstaande.</p>
<div id="attachment_305662" style="width: 650px" class="wp-caption aligncenter"><img aria-describedby="caption-attachment-305662" loading="lazy" class="size-full wp-image-305662" src="https://gobiernu.cw/wp-content/uploads/2021/01/210127-Electorale-raad.jpg" alt="" width="640" height="618" srcset="https://gobiernu.cw/wp-content/uploads/2021/01/210127-Electorale-raad.jpg 640w, https://gobiernu.cw/wp-content/uploads/2021/01/210127-Electorale-raad-300x290.jpg 300w, https://gobiernu.cw/wp-content/uploads/2021/01/210127-Electorale-raad-151x146.jpg 151w, https://gobiernu.cw/wp-content/uploads/2021/01/210127-Electorale-raad-50x48.jpg 50w, https://gobiernu.cw/wp-content/uploads/2021/01/210127-Electorale-raad-78x75.jpg 78w" sizes="auto, (max-width:767px) 480px, 640px" /><p id="caption-attachment-305662" class="wp-caption-text">Op de foto: De heer Raymond (Pacheco) Römer, de Gouverneur van Curaçao, Hare Excellentie Lucille George-Wout en de heer Charles Dorego</p></div>

<p>WILLEMSTAD – Op woensdag 27 januari 2021 hebben de heer Raymond (Pacheco) Römer, voorzitter en de heer Charles Dorego, plaatsvervangend voorzitter, van de Electorale Raad van<span class="excerpt-hellip"> […]</span></p>

<!-- This site is optimized with the Yoast SEO plugin v27.4 - https://yoast.com/product/yoast-seo-wordpress/ -->
<title>Vertegenwoordigers van de Electorale Raad van Curaçao op bezoek bij de Gouverneur. - Informashon tokante Gobièrnu di Kòrsou</title>
<meta name="robots" content="noindex, follow" />
<meta name="twitter:card" content="summary_large_image" />
<meta name="twitter:title" content="Vertegenwoordigers van de Electorale Raad van Curaçao op bezoek bij de Gouverneur. - Informashon tokante Gobièrnu di Kòrsou" />
<meta name="twitter:description" content="WILLEMSTAD – Op woensdag 27 januari 2021 hebben de heer Raymond (Pacheco) Römer, voorzitter en de heer Charles Dorego, plaatsvervangend voorzitter, van de Electorale Raad van […]" />
<meta name="twitter:image" content="https://gobiernu.cw/wp-content/uploads/2021/01/210127-Electorale-raad.jpg" />
<script type="application/ld+json" class="yoast-schema-graph">{"@context":"https:\/\/schema.org","@graph":[{"@type":"WebPage","@id":"https:\/\/gobiernu.cw\/nl\/nieuw\/305907-2\/","url":"https:\/\/gobiernu.cw\/nl\/nieuw\/305907-2\/","name":"Vertegenwoordigers van de Electorale Raad van Curaçao op bezoek bij de Gouverneur. - Informashon tokante Gobièrnu di Kòrsou","isPartOf":{"@id":"https:\/\/gobiernu.cw\/#website"},"primaryImageOfPage":{"@id":"https:\/\/gobiernu.cw\/nl\/nieuw\/305907-2\/#primaryimage"},"image":{"@id":"https:\/\/gobiernu.cw\/nl\/nieuw\/305907-2\/#primaryimage"},"thumbnailUrl":"https:\/\/gobiernu.cw\/wp-content\/uploads\/2021\/01\/210127-Electorale-raad.jpg","datePublished":"2021-01-28T19:58:42+00:00","dateModified":"2021-01-28T19:59:46+00:00","breadcrumb":{"@id":"https:\/\/gobiernu.cw\/nl\/nieuw\/305907-2\/#breadcrumb"},"inLanguage":"nl-NL","potentialAction":[{"@type":"ReadAction","target":["https:\/\/gobiernu.cw\/nl\/nieuw\/305907-2\/"]}]},{"@type":"ImageObject","inLanguage":"nl-NL","@id":"https:\/\/gobiernu.cw\/nl\/nieuw\/305907-2\/#primaryimage","url":"https:\/\/gobiernu.cw\/wp-content\/uploads\/2021\/01\/210127-Electorale-raad.jpg","contentUrl":"https:\/\/gobiernu.cw\/wp-content\/uploads\/2021\/01\/210127-Electorale-raad.jpg","width":640,"height":618,"caption":"Op de foto: De heer Raymond (Pacheco) Römer, de Gouverneur van Curaçao, Hare Excellentie Lucille George-Wout en de heer Charles Dorego"},{"@type":"BreadcrumbList","@id":"https:\/\/gobiernu.cw\/nl\/nieuw\/305907-2\/#breadcrumb","itemListElement":[{"@type":"ListItem","position":1,"name":"Home","item":"https:\/\/gobiernu.cw\/nl\/"},{"@type":"ListItem","position":2,"name":"Nieuws","item":"https:\/\/gobiernu.cw\/nl\/nieuws\/"},{"@type":"ListItem","position":3,"name":"Vertegenwoordigers van de Electorale Raad van Curaçao op bezoek bij de Gouverneur."}]},{"@type":"WebSite","@id":"https:\/\/gobiernu.cw\/#website","url":"https:\/\/gobiernu.cw\/","name":"Informashon tokante Gobièrnu di Kòrsou","description":"Gobièrnu di Kòrsou","publisher":{"@id":"https:\/\/gobiernu.cw\/#organization"},"potentialAction":[{"@type":"SearchAction","target":{"@type":"EntryPoint","urlTemplate":"https:\/\/gobiernu.cw\/?s={search_term_string}"},"query-input":{"@type":"PropertyValueSpecification","valueRequired":true,"valueName":"search_term_string"}}],"inLanguage":"nl-NL"},{"@type":"Organization","@id":"https:\/\/gobiernu.cw\/#organization","name":"Gobièrnu di Kòrsou","url":"https:\/\/gobiernu.cw\/","logo":{"@type":"ImageObject","inLanguage":"nl-NL","@id":"https:\/\/gobiernu.cw\/#\/schema\/logo\/image\/","url":"https:\/\/gobiernu.cw\/wp-content\/uploads\/2019\/01\/Logo_regering_3.png","contentUrl":"https:\/\/gobiernu.cw\/wp-content\/uploads\/2019\/01\/Logo_regering_3.png","width":129,"height":115,"caption":"Gobièrnu di Kòrsou"},"image":{"@id":"https:\/\/gobiernu.cw\/#\/schema\/logo\/image\/"}}]}</script>
<!-- / Yoast SEO plugin. -->

Vertegenwoordigers van de Electorale Raad van Curaçao op bezoek bij de Gouverneur. - Informashon tokante Gobièrnu di Kòrsou

WILLEMSTAD – Op woensdag 27 januari 2021 hebben de heer Raymond (Pacheco) Römer, voorzitter en de heer Charles Dorego, plaatsvervangend voorzitter, van de Electorale Raad van […]

Op de foto: De heer Raymond (Pacheco) Römer, de Gouverneur van Curaçao, Hare Excellentie Lucille George-Wout en de heer Charles Dorego

Informashon tokante Gobièrnu di Kòrsou

Gobièrnu di Kòrsou
