{"id":35690,"date":"2018-09-10T17:57:00","date_gmt":"2018-09-10T21:57:00","guid":{"rendered":"https:\/\/gobiernu.cw\/nieuw\/naturalisatietoets-weer-van-start\/"},"modified":"2018-09-10T17:57:00","modified_gmt":"2018-09-10T21:57:00","slug":"naturalisatietoets-weer-van-start","status":"publish","type":"nieuw","link":"https:\/\/gobiernu.cw\/nl\/nieuw\/naturalisatietoets-weer-van-start\/","title":{"rendered":"Naturalisatietoets weer van start!"},"content":{"rendered":"<p style=\"text-align: justify;\"><strong>WILLEMSTAD &#8211; Na een periode van ruim een jaar wordt de naturalisatietoets op Cura&ccedil;ao weer afgenomen. In de periode van 10 september t\/m 4 oktober 2018 zullen 352 kandidaten deelnemen aan de naturalisatietoets.<\/strong><\/p>\n<p>E&eacute;n van de vereisten om de Nederlandse nationaliteit te krijgen, is het bezitten van een certificaat Naturalisatietoets. Met het certificaat Naturalisatietoets en de overige vereisten, zoals gesteld in de regeling om Nederlander te worden, kan een persoon die wil naturaliseren een verzoek indienen bij het Kabinet van de Gouverneur.<br \/>&nbsp;<br \/>De naturalisatietoets is een gezamenlijke verantwoordelijkheid van Nederland en Cura&ccedil;ao en wordt door middel van een Rijkswet geregeld. Het Expertisecentrum voor Toetsen &amp; Examens (ETE), de uitvoerende organisatie binnen het Ministerie van Onderwijs, Wetenschap, Cultuur en Sport, is verantwoordelijk voor de organisatie van de naturalisatietoets.<\/p>\n<p>Door gebrek aan personele en financi&euml;le middelen kon het ETE het afgelopen jaar de naturalisatietoets niet afnemen. Het kabinet Rhuggenaath c.q. de huidige Minister van o.a. onderwijs, mw. Marilyn Alcal&aacute;-Wall&eacute;, heeft bij haar aantreden deze zaak stevig aangepakt en opgelost. Thans zijn de randvoorwaarden wederom aanwezig binnen het apparaat, waardoor het ETE deze zeer belangrijke taak weer kan uitvoeren.<\/p>\n<p style=\"text-align: justify;\">De naturalisatietoets kent drie onderdelen:<\/p>\n<ol style=\"text-align: justify;\">\n<li>Kennis van de staatsinrichting en de maatschappij<\/li>\n<li>&nbsp;Papiamentse taal (verdeeld over de onderdelen Schrijven, Lezen, Luisteren en Spreken)<\/li>\n<li>&nbsp;Nederlandse taal (verdeeld over de onderdelen Schrijven, Lezen, Luisteren en Spreken)<\/li>\n<\/ol>\n<p style=\"text-align: justify;\">Het te behalen niveau is minimaal A2-niveau van het Europees Referentiekader (ERK).<\/p>\n<p>Voor alle toets onderdelen wordt een meerkeuzevraagvorm gehanteerd (multiple choice), met uitzondering van de onderdelen Schrijven en Spreken. Het onderdeel Luisteren en Lezen Nederlands wordt digitaal afgenomen en het onderdeel Spreken vindt mondeling plaats. Het onderdeel Kennis van de staatsinrichting en de maatschappij wordt afgenomen in het Papiaments.<\/p>\n<p>Het ETE construeert de examens voor de onderdelen Kennis van Politiek en de Papiamentse taal en Nederland draagt zorg voor de constructie van het onderdeel Nederlands.<br \/>&nbsp;&nbsp;&nbsp;&nbsp;&nbsp;&nbsp;&nbsp;&nbsp;&nbsp;&nbsp;&nbsp;&nbsp;&nbsp;&nbsp;&nbsp;&nbsp;&nbsp;&nbsp;&nbsp;&nbsp;&nbsp;&nbsp;&nbsp;&nbsp;&nbsp;&nbsp;&nbsp;&nbsp;&nbsp;&nbsp;&nbsp;&nbsp;&nbsp;&nbsp;&nbsp;&nbsp;&nbsp;&nbsp;&nbsp;&nbsp;&nbsp;&nbsp;&nbsp;&nbsp;&nbsp;&nbsp;&nbsp;&nbsp;&nbsp;&nbsp;&nbsp;&nbsp;&nbsp;&nbsp;&nbsp;&nbsp;&nbsp;&nbsp; &nbsp;<br \/>Het resultaat van de naturalisatietoets wordt op 13 november 2018 aan de kandidaten overhandigd. In de periode van 10 &ndash; 14 december 2018 ontvangen de kandidaten die alle drie de onderdelen succesvol hebben afgesloten, hun certificaat Naturalisatietoets.<br \/>&nbsp;<br \/><em>De Minister van Onderwijs, Wetenschap, Cultuur &amp; Sport wenst alle kandidaten succes toe met hun naturalisatietoets en het ETE met de uitvoering van deze taak.<\/em><\/p>\n<p>&#8212;<br \/>Communicatie<br \/>Ministerie van Onderwijs, Wetenschap, Cultuur &amp; Sport<\/p>\n","protected":false},"excerpt":{"rendered":"<p>WILLEMSTAD &#8211; Na een periode van ruim een jaar wordt de naturalisatietoets op Cura&ccedil;ao weer afgenomen. In de periode van 10 september t\/m 4 oktober 2018<span class=\"excerpt-hellip\"> [\u2026]<\/span><\/p>\n","protected":false},"featured_media":0,"parent":0,"template":"","nieuws_category":[133],"ministry":[210],"class_list":["post-35690","nieuw","type-nieuw","status-publish","hentry","nieuws_category-persberichten-nl","ministry-onderwijs-wetenschap-cultuur-sport"],"acf":[],"yoast_head":"<!-- This site is optimized with the Yoast SEO plugin v27.5 - https:\/\/yoast.com\/product\/yoast-seo-wordpress\/ -->\n<title>Naturalisatietoets weer van start! - Informashon tokante Gobi\u00e8rnu di K\u00f2rsou<\/title>\n<meta name=\"robots\" content=\"noindex, follow\" \/>\n<meta name=\"twitter:card\" content=\"summary_large_image\" \/>\n<meta name=\"twitter:title\" content=\"Naturalisatietoets weer van start! - Informashon tokante Gobi\u00e8rnu di K\u00f2rsou\" \/>\n<meta name=\"twitter:description\" content=\"WILLEMSTAD &#8211; Na een periode van ruim een jaar wordt de naturalisatietoets op Cura&ccedil;ao weer afgenomen. In de periode van 10 september t\/m 4 oktober 2018 [\u2026]\" \/>\n<meta name=\"twitter:label1\" content=\"Geschatte leestijd\" \/>\n\t<meta name=\"twitter:data1\" content=\"2 minuten\" \/>\n<script type=\"application\/ld+json\" class=\"yoast-schema-graph\">{\"@context\":\"https:\\\/\\\/schema.org\",\"@graph\":[{\"@type\":\"WebPage\",\"@id\":\"https:\\\/\\\/gobiernu.cw\\\/nl\\\/nieuw\\\/naturalisatietoets-weer-van-start\\\/\",\"url\":\"https:\\\/\\\/gobiernu.cw\\\/nl\\\/nieuw\\\/naturalisatietoets-weer-van-start\\\/\",\"name\":\"Naturalisatietoets weer van start! - Informashon tokante Gobi\u00e8rnu di K\u00f2rsou\",\"isPartOf\":{\"@id\":\"https:\\\/\\\/gobiernu.cw\\\/#website\"},\"datePublished\":\"2018-09-10T21:57:00+00:00\",\"breadcrumb\":{\"@id\":\"https:\\\/\\\/gobiernu.cw\\\/nl\\\/nieuw\\\/naturalisatietoets-weer-van-start\\\/#breadcrumb\"},\"inLanguage\":\"nl-NL\",\"potentialAction\":[{\"@type\":\"ReadAction\",\"target\":[\"https:\\\/\\\/gobiernu.cw\\\/nl\\\/nieuw\\\/naturalisatietoets-weer-van-start\\\/\"]}]},{\"@type\":\"BreadcrumbList\",\"@id\":\"https:\\\/\\\/gobiernu.cw\\\/nl\\\/nieuw\\\/naturalisatietoets-weer-van-start\\\/#breadcrumb\",\"itemListElement\":[{\"@type\":\"ListItem\",\"position\":1,\"name\":\"Home\",\"item\":\"https:\\\/\\\/gobiernu.cw\\\/nl\\\/\"},{\"@type\":\"ListItem\",\"position\":2,\"name\":\"Nieuws\",\"item\":\"https:\\\/\\\/gobiernu.cw\\\/nl\\\/nieuws\\\/\"},{\"@type\":\"ListItem\",\"position\":3,\"name\":\"Naturalisatietoets weer van start!\"}]},{\"@type\":\"WebSite\",\"@id\":\"https:\\\/\\\/gobiernu.cw\\\/#website\",\"url\":\"https:\\\/\\\/gobiernu.cw\\\/\",\"name\":\"Informashon tokante Gobi\u00e8rnu di K\u00f2rsou\",\"description\":\"Gobi\u00e8rnu di K\u00f2rsou\",\"publisher\":{\"@id\":\"https:\\\/\\\/gobiernu.cw\\\/#organization\"},\"potentialAction\":[{\"@type\":\"SearchAction\",\"target\":{\"@type\":\"EntryPoint\",\"urlTemplate\":\"https:\\\/\\\/gobiernu.cw\\\/?s={search_term_string}\"},\"query-input\":{\"@type\":\"PropertyValueSpecification\",\"valueRequired\":true,\"valueName\":\"search_term_string\"}}],\"inLanguage\":\"nl-NL\"},{\"@type\":\"Organization\",\"@id\":\"https:\\\/\\\/gobiernu.cw\\\/#organization\",\"name\":\"Gobi\u00e8rnu di K\u00f2rsou\",\"url\":\"https:\\\/\\\/gobiernu.cw\\\/\",\"logo\":{\"@type\":\"ImageObject\",\"inLanguage\":\"nl-NL\",\"@id\":\"https:\\\/\\\/gobiernu.cw\\\/#\\\/schema\\\/logo\\\/image\\\/\",\"url\":\"https:\\\/\\\/gobiernu.cw\\\/wp-content\\\/uploads\\\/2019\\\/01\\\/Logo_regering_3.png\",\"contentUrl\":\"https:\\\/\\\/gobiernu.cw\\\/wp-content\\\/uploads\\\/2019\\\/01\\\/Logo_regering_3.png\",\"width\":129,\"height\":115,\"caption\":\"Gobi\u00e8rnu di K\u00f2rsou\"},\"image\":{\"@id\":\"https:\\\/\\\/gobiernu.cw\\\/#\\\/schema\\\/logo\\\/image\\\/\"}}]}<\/script>\n<!-- \/ Yoast SEO plugin. -->","yoast_head_json":{"title":"Naturalisatietoets weer van start! - Informashon tokante Gobi\u00e8rnu di K\u00f2rsou","robots":{"index":"noindex","follow":"follow"},"twitter_card":"summary_large_image","twitter_title":"Naturalisatietoets weer van start! - Informashon tokante Gobi\u00e8rnu di K\u00f2rsou","twitter_description":"WILLEMSTAD &#8211; Na een periode van ruim een jaar wordt de naturalisatietoets op Cura&ccedil;ao weer afgenomen. In de periode van 10 september t\/m 4 oktober 2018 [\u2026]","twitter_misc":{"Geschatte leestijd":"2 minuten"},"schema":{"@context":"https:\/\/schema.org","@graph":[{"@type":"WebPage","@id":"https:\/\/gobiernu.cw\/nl\/nieuw\/naturalisatietoets-weer-van-start\/","url":"https:\/\/gobiernu.cw\/nl\/nieuw\/naturalisatietoets-weer-van-start\/","name":"Naturalisatietoets weer van start! - Informashon tokante Gobi\u00e8rnu di K\u00f2rsou","isPartOf":{"@id":"https:\/\/gobiernu.cw\/#website"},"datePublished":"2018-09-10T21:57:00+00:00","breadcrumb":{"@id":"https:\/\/gobiernu.cw\/nl\/nieuw\/naturalisatietoets-weer-van-start\/#breadcrumb"},"inLanguage":"nl-NL","potentialAction":[{"@type":"ReadAction","target":["https:\/\/gobiernu.cw\/nl\/nieuw\/naturalisatietoets-weer-van-start\/"]}]},{"@type":"BreadcrumbList","@id":"https:\/\/gobiernu.cw\/nl\/nieuw\/naturalisatietoets-weer-van-start\/#breadcrumb","itemListElement":[{"@type":"ListItem","position":1,"name":"Home","item":"https:\/\/gobiernu.cw\/nl\/"},{"@type":"ListItem","position":2,"name":"Nieuws","item":"https:\/\/gobiernu.cw\/nl\/nieuws\/"},{"@type":"ListItem","position":3,"name":"Naturalisatietoets weer van start!"}]},{"@type":"WebSite","@id":"https:\/\/gobiernu.cw\/#website","url":"https:\/\/gobiernu.cw\/","name":"Informashon tokante Gobi\u00e8rnu di K\u00f2rsou","description":"Gobi\u00e8rnu di K\u00f2rsou","publisher":{"@id":"https:\/\/gobiernu.cw\/#organization"},"potentialAction":[{"@type":"SearchAction","target":{"@type":"EntryPoint","urlTemplate":"https:\/\/gobiernu.cw\/?s={search_term_string}"},"query-input":{"@type":"PropertyValueSpecification","valueRequired":true,"valueName":"search_term_string"}}],"inLanguage":"nl-NL"},{"@type":"Organization","@id":"https:\/\/gobiernu.cw\/#organization","name":"Gobi\u00e8rnu di K\u00f2rsou","url":"https:\/\/gobiernu.cw\/","logo":{"@type":"ImageObject","inLanguage":"nl-NL","@id":"https:\/\/gobiernu.cw\/#\/schema\/logo\/image\/","url":"https:\/\/gobiernu.cw\/wp-content\/uploads\/2019\/01\/Logo_regering_3.png","contentUrl":"https:\/\/gobiernu.cw\/wp-content\/uploads\/2019\/01\/Logo_regering_3.png","width":129,"height":115,"caption":"Gobi\u00e8rnu di K\u00f2rsou"},"image":{"@id":"https:\/\/gobiernu.cw\/#\/schema\/logo\/image\/"}}]}},"jetpack_sharing_enabled":true,"_links":{"self":[{"href":"https:\/\/gobiernu.cw\/nl\/wp-json\/wp\/v2\/nieuw\/35690","targetHints":{"allow":["GET"]}}],"collection":[{"href":"https:\/\/gobiernu.cw\/nl\/wp-json\/wp\/v2\/nieuw"}],"about":[{"href":"https:\/\/gobiernu.cw\/nl\/wp-json\/wp\/v2\/types\/nieuw"}],"wp:attachment":[{"href":"https:\/\/gobiernu.cw\/nl\/wp-json\/wp\/v2\/media?parent=35690"}],"wp:term":[{"taxonomy":"nieuws_category","embeddable":true,"href":"https:\/\/gobiernu.cw\/nl\/wp-json\/wp\/v2\/nieuws_category?post=35690"},{"taxonomy":"ministry","embeddable":true,"href":"https:\/\/gobiernu.cw\/nl\/wp-json\/wp\/v2\/ministry?post=35690"}],"curies":[{"name":"wp","href":"https:\/\/api.w.org\/{rel}","templated":true}]}}

<!-- This site is optimized with the Yoast SEO plugin v27.5 - https://yoast.com/product/yoast-seo-wordpress/ -->
<title>Naturalisatietoets weer van start! - Informashon tokante Gobièrnu di Kòrsou</title>
<meta name="robots" content="noindex, follow" />
<meta name="twitter:card" content="summary_large_image" />
<meta name="twitter:title" content="Naturalisatietoets weer van start! - Informashon tokante Gobièrnu di Kòrsou" />
<meta name="twitter:description" content="WILLEMSTAD &#8211; Na een periode van ruim een jaar wordt de naturalisatietoets op Cura&ccedil;ao weer afgenomen. In de periode van 10 september t/m 4 oktober 2018 […]" />
<meta name="twitter:label1" content="Geschatte leestijd" />
	<meta name="twitter:data1" content="2 minuten" />
<script type="application/ld+json" class="yoast-schema-graph">{"@context":"https:\/\/schema.org","@graph":[{"@type":"WebPage","@id":"https:\/\/gobiernu.cw\/nl\/nieuw\/naturalisatietoets-weer-van-start\/","url":"https:\/\/gobiernu.cw\/nl\/nieuw\/naturalisatietoets-weer-van-start\/","name":"Naturalisatietoets weer van start! - Informashon tokante Gobièrnu di Kòrsou","isPartOf":{"@id":"https:\/\/gobiernu.cw\/#website"},"datePublished":"2018-09-10T21:57:00+00:00","breadcrumb":{"@id":"https:\/\/gobiernu.cw\/nl\/nieuw\/naturalisatietoets-weer-van-start\/#breadcrumb"},"inLanguage":"nl-NL","potentialAction":[{"@type":"ReadAction","target":["https:\/\/gobiernu.cw\/nl\/nieuw\/naturalisatietoets-weer-van-start\/"]}]},{"@type":"BreadcrumbList","@id":"https:\/\/gobiernu.cw\/nl\/nieuw\/naturalisatietoets-weer-van-start\/#breadcrumb","itemListElement":[{"@type":"ListItem","position":1,"name":"Home","item":"https:\/\/gobiernu.cw\/nl\/"},{"@type":"ListItem","position":2,"name":"Nieuws","item":"https:\/\/gobiernu.cw\/nl\/nieuws\/"},{"@type":"ListItem","position":3,"name":"Naturalisatietoets weer van start!"}]},{"@type":"WebSite","@id":"https:\/\/gobiernu.cw\/#website","url":"https:\/\/gobiernu.cw\/","name":"Informashon tokante Gobièrnu di Kòrsou","description":"Gobièrnu di Kòrsou","publisher":{"@id":"https:\/\/gobiernu.cw\/#organization"},"potentialAction":[{"@type":"SearchAction","target":{"@type":"EntryPoint","urlTemplate":"https:\/\/gobiernu.cw\/?s={search_term_string}"},"query-input":{"@type":"PropertyValueSpecification","valueRequired":true,"valueName":"search_term_string"}}],"inLanguage":"nl-NL"},{"@type":"Organization","@id":"https:\/\/gobiernu.cw\/#organization","name":"Gobièrnu di Kòrsou","url":"https:\/\/gobiernu.cw\/","logo":{"@type":"ImageObject","inLanguage":"nl-NL","@id":"https:\/\/gobiernu.cw\/#\/schema\/logo\/image\/","url":"https:\/\/gobiernu.cw\/wp-content\/uploads\/2019\/01\/Logo_regering_3.png","contentUrl":"https:\/\/gobiernu.cw\/wp-content\/uploads\/2019\/01\/Logo_regering_3.png","width":129,"height":115,"caption":"Gobièrnu di Kòrsou"},"image":{"@id":"https:\/\/gobiernu.cw\/#\/schema\/logo\/image\/"}}]}</script>
<!-- / Yoast SEO plugin. -->

Naturalisatietoets weer van start! - Informashon tokante Gobièrnu di Kòrsou

Informashon tokante Gobièrnu di Kòrsou

Gobièrnu di Kòrsou
