{"id":35833,"date":"2017-11-20T08:46:00","date_gmt":"2017-11-20T12:46:00","guid":{"rendered":"https:\/\/gobiernu.cw\/nieuw\/uitnodiging\/"},"modified":"2017-11-20T08:46:00","modified_gmt":"2017-11-20T12:46:00","slug":"uitnodiging","status":"publish","type":"nieuw","link":"https:\/\/gobiernu.cw\/nl\/nieuw\/uitnodiging\/","title":{"rendered":"Uitnodiging"},"content":{"rendered":"<h2><img src=\"\/files\/Ministeries\/SOAW\/23622314_1444854925563949_226722542926960316_n.jpg\" alt=\"\"><br \/><span style=\"font-size: 1.5em;\"><br \/>Uitnodiging<\/span><\/h2>\n<p>De Minister van Sociale Ontwikkeling, Arbeid en Welzijn, Hensley Koeiman, dankt alle personen en organisaties hartelijk voor hun geduld, inspanning en aanpak bij het verlichten van de pijn bij overlevenden van relationeel geweld.<br \/>Als Ministerie willen wij een krachtig signaal uitzenden tegen geweld in de relationele sfeer en alle overige vormen van geweld. In verband met de Internationale Dag tegen Gendergerelateerd Geweld op 25 november wordt u van harte uitgenodigd om aanwezig te zijn en te participeren aan de volgende publieksactiviteiten.<\/p>\n<h3><strong>TENTOONSTELLING<\/strong> <br \/>&lsquo;Laat niemand achter&rsquo;<\/h3>\n<p><strong>Datum:<\/strong> donderdag 23,&nbsp;november 2017<br \/><strong>Tijdstip:<\/strong> 17.30 uur tot 18.30 uur<br \/><strong>Locatie:<\/strong> Ministerie van SOAW, Tauber Gebouw &ndash; 3de verdieping<\/p>\n<h3><strong>LEZING&nbsp;<\/strong><br \/>&lsquo;Intersectionaliteit, etniciteit, gender &amp; geweld&rsquo; Prof. dr. Gloria Wekker<\/h3>\n<p><strong>Datum:<\/strong> donderdag 23,&nbsp;november 2017<br \/><strong>Tijdstip:<\/strong> 20.00 uur &ndash; 22.00 uur<br \/><strong>Locatie:<\/strong> Universiteit van Cura&ccedil;ao<\/p>\n<p><img src=\"\/files\/Ministeries\/SOAW\/full-page-tegen-geweld-pap-nl2_2.jpg\" alt=\"\"><\/p>\n","protected":false},"excerpt":{"rendered":"<p>Uitnodiging De Minister van Sociale Ontwikkeling, Arbeid en Welzijn, Hensley Koeiman, dankt alle personen en organisaties hartelijk voor hun geduld, inspanning en aanpak bij het verlichten<span class=\"excerpt-hellip\"> [\u2026]<\/span><\/p>\n","protected":false},"featured_media":35834,"parent":0,"template":"","nieuws_category":[623],"ministry":[213],"class_list":["post-35833","nieuw","type-nieuw","status-publish","has-post-thumbnail","hentry","nieuws_category-campagne","ministry-sociale-ontwikkeling-arbeid-welzijn"],"acf":[],"yoast_head":"<!-- This site is optimized with the Yoast SEO plugin v27.4 - https:\/\/yoast.com\/product\/yoast-seo-wordpress\/ -->\n<title>Uitnodiging - Informashon tokante Gobi\u00e8rnu di K\u00f2rsou<\/title>\n<meta name=\"robots\" content=\"noindex, follow\" \/>\n<meta name=\"twitter:card\" content=\"summary_large_image\" \/>\n<meta name=\"twitter:title\" content=\"Uitnodiging - Informashon tokante Gobi\u00e8rnu di K\u00f2rsou\" \/>\n<meta name=\"twitter:description\" content=\"Uitnodiging De Minister van Sociale Ontwikkeling, Arbeid en Welzijn, Hensley Koeiman, dankt alle personen en organisaties hartelijk voor hun geduld, inspanning en aanpak bij het verlichten [\u2026]\" \/>\n<meta name=\"twitter:image\" content=\"https:\/\/gobiernu.cw\/wp-content\/uploads\/2019\/11\/23622314_1444854925563949_226722542926960316_n-3.jpg\" \/>\n<meta name=\"twitter:label1\" content=\"Geschatte leestijd\" \/>\n\t<meta name=\"twitter:data1\" content=\"1 minuut\" \/>\n<script type=\"application\/ld+json\" class=\"yoast-schema-graph\">{\"@context\":\"https:\\\/\\\/schema.org\",\"@graph\":[{\"@type\":\"WebPage\",\"@id\":\"https:\\\/\\\/gobiernu.cw\\\/nl\\\/nieuw\\\/uitnodiging\\\/\",\"url\":\"https:\\\/\\\/gobiernu.cw\\\/nl\\\/nieuw\\\/uitnodiging\\\/\",\"name\":\"Uitnodiging - Informashon tokante Gobi\u00e8rnu di K\u00f2rsou\",\"isPartOf\":{\"@id\":\"https:\\\/\\\/gobiernu.cw\\\/#website\"},\"primaryImageOfPage\":{\"@id\":\"https:\\\/\\\/gobiernu.cw\\\/nl\\\/nieuw\\\/uitnodiging\\\/#primaryimage\"},\"image\":{\"@id\":\"https:\\\/\\\/gobiernu.cw\\\/nl\\\/nieuw\\\/uitnodiging\\\/#primaryimage\"},\"thumbnailUrl\":\"https:\\\/\\\/gobiernu.cw\\\/wp-content\\\/uploads\\\/2019\\\/11\\\/23622314_1444854925563949_226722542926960316_n-3.jpg\",\"datePublished\":\"2017-11-20T12:46:00+00:00\",\"breadcrumb\":{\"@id\":\"https:\\\/\\\/gobiernu.cw\\\/nl\\\/nieuw\\\/uitnodiging\\\/#breadcrumb\"},\"inLanguage\":\"nl-NL\",\"potentialAction\":[{\"@type\":\"ReadAction\",\"target\":[\"https:\\\/\\\/gobiernu.cw\\\/nl\\\/nieuw\\\/uitnodiging\\\/\"]}]},{\"@type\":\"ImageObject\",\"inLanguage\":\"nl-NL\",\"@id\":\"https:\\\/\\\/gobiernu.cw\\\/nl\\\/nieuw\\\/uitnodiging\\\/#primaryimage\",\"url\":\"https:\\\/\\\/gobiernu.cw\\\/wp-content\\\/uploads\\\/2019\\\/11\\\/23622314_1444854925563949_226722542926960316_n-3.jpg\",\"contentUrl\":\"https:\\\/\\\/gobiernu.cw\\\/wp-content\\\/uploads\\\/2019\\\/11\\\/23622314_1444854925563949_226722542926960316_n-3.jpg\",\"width\":780,\"height\":455},{\"@type\":\"BreadcrumbList\",\"@id\":\"https:\\\/\\\/gobiernu.cw\\\/nl\\\/nieuw\\\/uitnodiging\\\/#breadcrumb\",\"itemListElement\":[{\"@type\":\"ListItem\",\"position\":1,\"name\":\"Home\",\"item\":\"https:\\\/\\\/gobiernu.cw\\\/nl\\\/\"},{\"@type\":\"ListItem\",\"position\":2,\"name\":\"Nieuws\",\"item\":\"https:\\\/\\\/gobiernu.cw\\\/nl\\\/nieuws\\\/\"},{\"@type\":\"ListItem\",\"position\":3,\"name\":\"Uitnodiging\"}]},{\"@type\":\"WebSite\",\"@id\":\"https:\\\/\\\/gobiernu.cw\\\/#website\",\"url\":\"https:\\\/\\\/gobiernu.cw\\\/\",\"name\":\"Informashon tokante Gobi\u00e8rnu di K\u00f2rsou\",\"description\":\"Gobi\u00e8rnu di K\u00f2rsou\",\"publisher\":{\"@id\":\"https:\\\/\\\/gobiernu.cw\\\/#organization\"},\"potentialAction\":[{\"@type\":\"SearchAction\",\"target\":{\"@type\":\"EntryPoint\",\"urlTemplate\":\"https:\\\/\\\/gobiernu.cw\\\/?s={search_term_string}\"},\"query-input\":{\"@type\":\"PropertyValueSpecification\",\"valueRequired\":true,\"valueName\":\"search_term_string\"}}],\"inLanguage\":\"nl-NL\"},{\"@type\":\"Organization\",\"@id\":\"https:\\\/\\\/gobiernu.cw\\\/#organization\",\"name\":\"Gobi\u00e8rnu di K\u00f2rsou\",\"url\":\"https:\\\/\\\/gobiernu.cw\\\/\",\"logo\":{\"@type\":\"ImageObject\",\"inLanguage\":\"nl-NL\",\"@id\":\"https:\\\/\\\/gobiernu.cw\\\/#\\\/schema\\\/logo\\\/image\\\/\",\"url\":\"https:\\\/\\\/gobiernu.cw\\\/wp-content\\\/uploads\\\/2019\\\/01\\\/Logo_regering_3.png\",\"contentUrl\":\"https:\\\/\\\/gobiernu.cw\\\/wp-content\\\/uploads\\\/2019\\\/01\\\/Logo_regering_3.png\",\"width\":129,\"height\":115,\"caption\":\"Gobi\u00e8rnu di K\u00f2rsou\"},\"image\":{\"@id\":\"https:\\\/\\\/gobiernu.cw\\\/#\\\/schema\\\/logo\\\/image\\\/\"}}]}<\/script>\n<!-- \/ Yoast SEO plugin. -->","yoast_head_json":{"title":"Uitnodiging - Informashon tokante Gobi\u00e8rnu di K\u00f2rsou","robots":{"index":"noindex","follow":"follow"},"twitter_card":"summary_large_image","twitter_title":"Uitnodiging - Informashon tokante Gobi\u00e8rnu di K\u00f2rsou","twitter_description":"Uitnodiging De Minister van Sociale Ontwikkeling, Arbeid en Welzijn, Hensley Koeiman, dankt alle personen en organisaties hartelijk voor hun geduld, inspanning en aanpak bij het verlichten [\u2026]","twitter_image":"https:\/\/gobiernu.cw\/wp-content\/uploads\/2019\/11\/23622314_1444854925563949_226722542926960316_n-3.jpg","twitter_misc":{"Geschatte leestijd":"1 minuut"},"schema":{"@context":"https:\/\/schema.org","@graph":[{"@type":"WebPage","@id":"https:\/\/gobiernu.cw\/nl\/nieuw\/uitnodiging\/","url":"https:\/\/gobiernu.cw\/nl\/nieuw\/uitnodiging\/","name":"Uitnodiging - Informashon tokante Gobi\u00e8rnu di K\u00f2rsou","isPartOf":{"@id":"https:\/\/gobiernu.cw\/#website"},"primaryImageOfPage":{"@id":"https:\/\/gobiernu.cw\/nl\/nieuw\/uitnodiging\/#primaryimage"},"image":{"@id":"https:\/\/gobiernu.cw\/nl\/nieuw\/uitnodiging\/#primaryimage"},"thumbnailUrl":"https:\/\/gobiernu.cw\/wp-content\/uploads\/2019\/11\/23622314_1444854925563949_226722542926960316_n-3.jpg","datePublished":"2017-11-20T12:46:00+00:00","breadcrumb":{"@id":"https:\/\/gobiernu.cw\/nl\/nieuw\/uitnodiging\/#breadcrumb"},"inLanguage":"nl-NL","potentialAction":[{"@type":"ReadAction","target":["https:\/\/gobiernu.cw\/nl\/nieuw\/uitnodiging\/"]}]},{"@type":"ImageObject","inLanguage":"nl-NL","@id":"https:\/\/gobiernu.cw\/nl\/nieuw\/uitnodiging\/#primaryimage","url":"https:\/\/gobiernu.cw\/wp-content\/uploads\/2019\/11\/23622314_1444854925563949_226722542926960316_n-3.jpg","contentUrl":"https:\/\/gobiernu.cw\/wp-content\/uploads\/2019\/11\/23622314_1444854925563949_226722542926960316_n-3.jpg","width":780,"height":455},{"@type":"BreadcrumbList","@id":"https:\/\/gobiernu.cw\/nl\/nieuw\/uitnodiging\/#breadcrumb","itemListElement":[{"@type":"ListItem","position":1,"name":"Home","item":"https:\/\/gobiernu.cw\/nl\/"},{"@type":"ListItem","position":2,"name":"Nieuws","item":"https:\/\/gobiernu.cw\/nl\/nieuws\/"},{"@type":"ListItem","position":3,"name":"Uitnodiging"}]},{"@type":"WebSite","@id":"https:\/\/gobiernu.cw\/#website","url":"https:\/\/gobiernu.cw\/","name":"Informashon tokante Gobi\u00e8rnu di K\u00f2rsou","description":"Gobi\u00e8rnu di K\u00f2rsou","publisher":{"@id":"https:\/\/gobiernu.cw\/#organization"},"potentialAction":[{"@type":"SearchAction","target":{"@type":"EntryPoint","urlTemplate":"https:\/\/gobiernu.cw\/?s={search_term_string}"},"query-input":{"@type":"PropertyValueSpecification","valueRequired":true,"valueName":"search_term_string"}}],"inLanguage":"nl-NL"},{"@type":"Organization","@id":"https:\/\/gobiernu.cw\/#organization","name":"Gobi\u00e8rnu di K\u00f2rsou","url":"https:\/\/gobiernu.cw\/","logo":{"@type":"ImageObject","inLanguage":"nl-NL","@id":"https:\/\/gobiernu.cw\/#\/schema\/logo\/image\/","url":"https:\/\/gobiernu.cw\/wp-content\/uploads\/2019\/01\/Logo_regering_3.png","contentUrl":"https:\/\/gobiernu.cw\/wp-content\/uploads\/2019\/01\/Logo_regering_3.png","width":129,"height":115,"caption":"Gobi\u00e8rnu di K\u00f2rsou"},"image":{"@id":"https:\/\/gobiernu.cw\/#\/schema\/logo\/image\/"}}]}},"jetpack_sharing_enabled":true,"_links":{"self":[{"href":"https:\/\/gobiernu.cw\/nl\/wp-json\/wp\/v2\/nieuw\/35833","targetHints":{"allow":["GET"]}}],"collection":[{"href":"https:\/\/gobiernu.cw\/nl\/wp-json\/wp\/v2\/nieuw"}],"about":[{"href":"https:\/\/gobiernu.cw\/nl\/wp-json\/wp\/v2\/types\/nieuw"}],"wp:featuredmedia":[{"embeddable":true,"href":"https:\/\/gobiernu.cw\/nl\/wp-json\/wp\/v2\/media\/35834"}],"wp:attachment":[{"href":"https:\/\/gobiernu.cw\/nl\/wp-json\/wp\/v2\/media?parent=35833"}],"wp:term":[{"taxonomy":"nieuws_category","embeddable":true,"href":"https:\/\/gobiernu.cw\/nl\/wp-json\/wp\/v2\/nieuws_category?post=35833"},{"taxonomy":"ministry","embeddable":true,"href":"https:\/\/gobiernu.cw\/nl\/wp-json\/wp\/v2\/ministry?post=35833"}],"curies":[{"name":"wp","href":"https:\/\/api.w.org\/{rel}","templated":true}]}}

<!-- This site is optimized with the Yoast SEO plugin v27.4 - https://yoast.com/product/yoast-seo-wordpress/ -->
<title>Uitnodiging - Informashon tokante Gobièrnu di Kòrsou</title>
<meta name="robots" content="noindex, follow" />
<meta name="twitter:card" content="summary_large_image" />
<meta name="twitter:title" content="Uitnodiging - Informashon tokante Gobièrnu di Kòrsou" />
<meta name="twitter:description" content="Uitnodiging De Minister van Sociale Ontwikkeling, Arbeid en Welzijn, Hensley Koeiman, dankt alle personen en organisaties hartelijk voor hun geduld, inspanning en aanpak bij het verlichten […]" />
<meta name="twitter:image" content="https://gobiernu.cw/wp-content/uploads/2019/11/23622314_1444854925563949_226722542926960316_n-3.jpg" />
<meta name="twitter:label1" content="Geschatte leestijd" />
	<meta name="twitter:data1" content="1 minuut" />
<script type="application/ld+json" class="yoast-schema-graph">{"@context":"https:\/\/schema.org","@graph":[{"@type":"WebPage","@id":"https:\/\/gobiernu.cw\/nl\/nieuw\/uitnodiging\/","url":"https:\/\/gobiernu.cw\/nl\/nieuw\/uitnodiging\/","name":"Uitnodiging - Informashon tokante Gobièrnu di Kòrsou","isPartOf":{"@id":"https:\/\/gobiernu.cw\/#website"},"primaryImageOfPage":{"@id":"https:\/\/gobiernu.cw\/nl\/nieuw\/uitnodiging\/#primaryimage"},"image":{"@id":"https:\/\/gobiernu.cw\/nl\/nieuw\/uitnodiging\/#primaryimage"},"thumbnailUrl":"https:\/\/gobiernu.cw\/wp-content\/uploads\/2019\/11\/23622314_1444854925563949_226722542926960316_n-3.jpg","datePublished":"2017-11-20T12:46:00+00:00","breadcrumb":{"@id":"https:\/\/gobiernu.cw\/nl\/nieuw\/uitnodiging\/#breadcrumb"},"inLanguage":"nl-NL","potentialAction":[{"@type":"ReadAction","target":["https:\/\/gobiernu.cw\/nl\/nieuw\/uitnodiging\/"]}]},{"@type":"ImageObject","inLanguage":"nl-NL","@id":"https:\/\/gobiernu.cw\/nl\/nieuw\/uitnodiging\/#primaryimage","url":"https:\/\/gobiernu.cw\/wp-content\/uploads\/2019\/11\/23622314_1444854925563949_226722542926960316_n-3.jpg","contentUrl":"https:\/\/gobiernu.cw\/wp-content\/uploads\/2019\/11\/23622314_1444854925563949_226722542926960316_n-3.jpg","width":780,"height":455},{"@type":"BreadcrumbList","@id":"https:\/\/gobiernu.cw\/nl\/nieuw\/uitnodiging\/#breadcrumb","itemListElement":[{"@type":"ListItem","position":1,"name":"Home","item":"https:\/\/gobiernu.cw\/nl\/"},{"@type":"ListItem","position":2,"name":"Nieuws","item":"https:\/\/gobiernu.cw\/nl\/nieuws\/"},{"@type":"ListItem","position":3,"name":"Uitnodiging"}]},{"@type":"WebSite","@id":"https:\/\/gobiernu.cw\/#website","url":"https:\/\/gobiernu.cw\/","name":"Informashon tokante Gobièrnu di Kòrsou","description":"Gobièrnu di Kòrsou","publisher":{"@id":"https:\/\/gobiernu.cw\/#organization"},"potentialAction":[{"@type":"SearchAction","target":{"@type":"EntryPoint","urlTemplate":"https:\/\/gobiernu.cw\/?s={search_term_string}"},"query-input":{"@type":"PropertyValueSpecification","valueRequired":true,"valueName":"search_term_string"}}],"inLanguage":"nl-NL"},{"@type":"Organization","@id":"https:\/\/gobiernu.cw\/#organization","name":"Gobièrnu di Kòrsou","url":"https:\/\/gobiernu.cw\/","logo":{"@type":"ImageObject","inLanguage":"nl-NL","@id":"https:\/\/gobiernu.cw\/#\/schema\/logo\/image\/","url":"https:\/\/gobiernu.cw\/wp-content\/uploads\/2019\/01\/Logo_regering_3.png","contentUrl":"https:\/\/gobiernu.cw\/wp-content\/uploads\/2019\/01\/Logo_regering_3.png","width":129,"height":115,"caption":"Gobièrnu di Kòrsou"},"image":{"@id":"https:\/\/gobiernu.cw\/#\/schema\/logo\/image\/"}}]}</script>
<!-- / Yoast SEO plugin. -->

Uitnodiging - Informashon tokante Gobièrnu di Kòrsou

Informashon tokante Gobièrnu di Kòrsou

Gobièrnu di Kòrsou
