{"id":399656,"date":"2021-08-20T17:05:28","date_gmt":"2021-08-20T21:05:28","guid":{"rendered":"https:\/\/gobiernu.cw\/?post_type=nieuw&#038;p=399656"},"modified":"2021-08-20T17:11:04","modified_gmt":"2021-08-20T21:11:04","slug":"399656-2","status":"publish","type":"nieuw","link":"https:\/\/gobiernu.cw\/nl\/nieuw\/399656-2\/","title":{"rendered":"Jaarverslag Cultuurfonds Caribisch Gebied aangeboden aan de Gouverneur"},"content":{"rendered":"<p>WILLEMSTAD-\u00a0Op vrijdag 20 augustus heeft de Voorzitter van het Prins Bernhard Cultuurfonds Caribisch Gebied, de heer Halder T. Lam, het jaarverslag van het Cultuurfonds Caribisch Gebied 2020 aan de Gouverneur van Cura\u00e7ao, mevrouw L. George-Wout aangeboden.<\/p>\n<p><img loading=\"lazy\" class=\"alignnone size-full wp-image-399657\" src=\"https:\/\/gobiernu.cw\/wp-content\/uploads\/2021\/08\/210820-de-heer-Lam.jpg\" alt=\"\" width=\"1512\" height=\"2016\" srcset=\"https:\/\/gobiernu.cw\/wp-content\/uploads\/2021\/08\/210820-de-heer-Lam.jpg 1512w, https:\/\/gobiernu.cw\/wp-content\/uploads\/2021\/08\/210820-de-heer-Lam-225x300.jpg 225w, https:\/\/gobiernu.cw\/wp-content\/uploads\/2021\/08\/210820-de-heer-Lam-768x1024.jpg 768w, https:\/\/gobiernu.cw\/wp-content\/uploads\/2021\/08\/210820-de-heer-Lam-1152x1536.jpg 1152w, https:\/\/gobiernu.cw\/wp-content\/uploads\/2021\/08\/210820-de-heer-Lam-110x146.jpg 110w, https:\/\/gobiernu.cw\/wp-content\/uploads\/2021\/08\/210820-de-heer-Lam-38x50.jpg 38w, https:\/\/gobiernu.cw\/wp-content\/uploads\/2021\/08\/210820-de-heer-Lam-56x75.jpg 56w, https:\/\/gobiernu.cw\/wp-content\/uploads\/2021\/08\/210820-de-heer-Lam-1320x1760.jpg 1320w\" sizes=\"auto, (max-width:767px) 480px, (max-width:1512px) 100vw, 1512px\" \/><\/p>\n","protected":false},"excerpt":{"rendered":"<p>WILLEMSTAD-\u00a0Op vrijdag 20 augustus heeft de Voorzitter van het Prins Bernhard Cultuurfonds Caribisch Gebied, de heer Halder T. Lam, het jaarverslag van het Cultuurfonds Caribisch Gebied<span class=\"excerpt-hellip\"> [\u2026]<\/span><\/p>\n","protected":false},"featured_media":0,"parent":0,"template":"","nieuws_category":[133,622,651],"ministry":[207],"class_list":["post-399656","nieuw","type-nieuw","status-publish","hentry","nieuws_category-persberichten-nl","nieuws_category-gouverneur-van-curacao","nieuws_category-komunikado-nl","ministry-algemene-zaken-en-minister-president"],"acf":[],"yoast_head":"<!-- This site is optimized with the Yoast SEO plugin v27.5 - https:\/\/yoast.com\/product\/yoast-seo-wordpress\/ -->\n<title>Jaarverslag Cultuurfonds Caribisch Gebied aangeboden aan de Gouverneur - Informashon tokante Gobi\u00e8rnu di K\u00f2rsou<\/title>\n<meta name=\"robots\" content=\"noindex, follow\" \/>\n<meta name=\"twitter:card\" content=\"summary_large_image\" \/>\n<meta name=\"twitter:title\" content=\"Jaarverslag Cultuurfonds Caribisch Gebied aangeboden aan de Gouverneur - Informashon tokante Gobi\u00e8rnu di K\u00f2rsou\" \/>\n<meta name=\"twitter:description\" content=\"WILLEMSTAD-\u00a0Op vrijdag 20 augustus heeft de Voorzitter van het Prins Bernhard Cultuurfonds Caribisch Gebied, de heer Halder T. Lam, het jaarverslag van het Cultuurfonds Caribisch Gebied [\u2026]\" \/>\n<meta name=\"twitter:image\" content=\"https:\/\/gobiernu.cw\/wp-content\/uploads\/2021\/08\/210820-de-heer-Lam.jpg\" \/>\n<script type=\"application\/ld+json\" class=\"yoast-schema-graph\">{\"@context\":\"https:\\\/\\\/schema.org\",\"@graph\":[{\"@type\":\"WebPage\",\"@id\":\"https:\\\/\\\/gobiernu.cw\\\/nl\\\/nieuw\\\/399656-2\\\/\",\"url\":\"https:\\\/\\\/gobiernu.cw\\\/nl\\\/nieuw\\\/399656-2\\\/\",\"name\":\"Jaarverslag Cultuurfonds Caribisch Gebied aangeboden aan de Gouverneur - Informashon tokante Gobi\u00e8rnu di K\u00f2rsou\",\"isPartOf\":{\"@id\":\"https:\\\/\\\/gobiernu.cw\\\/#website\"},\"primaryImageOfPage\":{\"@id\":\"https:\\\/\\\/gobiernu.cw\\\/nl\\\/nieuw\\\/399656-2\\\/#primaryimage\"},\"image\":{\"@id\":\"https:\\\/\\\/gobiernu.cw\\\/nl\\\/nieuw\\\/399656-2\\\/#primaryimage\"},\"thumbnailUrl\":\"https:\\\/\\\/gobiernu.cw\\\/wp-content\\\/uploads\\\/2021\\\/08\\\/210820-de-heer-Lam.jpg\",\"datePublished\":\"2021-08-20T21:05:28+00:00\",\"dateModified\":\"2021-08-20T21:11:04+00:00\",\"breadcrumb\":{\"@id\":\"https:\\\/\\\/gobiernu.cw\\\/nl\\\/nieuw\\\/399656-2\\\/#breadcrumb\"},\"inLanguage\":\"nl-NL\",\"potentialAction\":[{\"@type\":\"ReadAction\",\"target\":[\"https:\\\/\\\/gobiernu.cw\\\/nl\\\/nieuw\\\/399656-2\\\/\"]}]},{\"@type\":\"ImageObject\",\"inLanguage\":\"nl-NL\",\"@id\":\"https:\\\/\\\/gobiernu.cw\\\/nl\\\/nieuw\\\/399656-2\\\/#primaryimage\",\"url\":\"https:\\\/\\\/gobiernu.cw\\\/wp-content\\\/uploads\\\/2021\\\/08\\\/210820-de-heer-Lam.jpg\",\"contentUrl\":\"https:\\\/\\\/gobiernu.cw\\\/wp-content\\\/uploads\\\/2021\\\/08\\\/210820-de-heer-Lam.jpg\"},{\"@type\":\"BreadcrumbList\",\"@id\":\"https:\\\/\\\/gobiernu.cw\\\/nl\\\/nieuw\\\/399656-2\\\/#breadcrumb\",\"itemListElement\":[{\"@type\":\"ListItem\",\"position\":1,\"name\":\"Home\",\"item\":\"https:\\\/\\\/gobiernu.cw\\\/nl\\\/\"},{\"@type\":\"ListItem\",\"position\":2,\"name\":\"Nieuws\",\"item\":\"https:\\\/\\\/gobiernu.cw\\\/nl\\\/nieuws\\\/\"},{\"@type\":\"ListItem\",\"position\":3,\"name\":\"Jaarverslag Cultuurfonds Caribisch Gebied aangeboden aan de Gouverneur\"}]},{\"@type\":\"WebSite\",\"@id\":\"https:\\\/\\\/gobiernu.cw\\\/#website\",\"url\":\"https:\\\/\\\/gobiernu.cw\\\/\",\"name\":\"Informashon tokante Gobi\u00e8rnu di K\u00f2rsou\",\"description\":\"Gobi\u00e8rnu di K\u00f2rsou\",\"publisher\":{\"@id\":\"https:\\\/\\\/gobiernu.cw\\\/#organization\"},\"potentialAction\":[{\"@type\":\"SearchAction\",\"target\":{\"@type\":\"EntryPoint\",\"urlTemplate\":\"https:\\\/\\\/gobiernu.cw\\\/?s={search_term_string}\"},\"query-input\":{\"@type\":\"PropertyValueSpecification\",\"valueRequired\":true,\"valueName\":\"search_term_string\"}}],\"inLanguage\":\"nl-NL\"},{\"@type\":\"Organization\",\"@id\":\"https:\\\/\\\/gobiernu.cw\\\/#organization\",\"name\":\"Gobi\u00e8rnu di K\u00f2rsou\",\"url\":\"https:\\\/\\\/gobiernu.cw\\\/\",\"logo\":{\"@type\":\"ImageObject\",\"inLanguage\":\"nl-NL\",\"@id\":\"https:\\\/\\\/gobiernu.cw\\\/#\\\/schema\\\/logo\\\/image\\\/\",\"url\":\"https:\\\/\\\/gobiernu.cw\\\/wp-content\\\/uploads\\\/2019\\\/01\\\/Logo_regering_3.png\",\"contentUrl\":\"https:\\\/\\\/gobiernu.cw\\\/wp-content\\\/uploads\\\/2019\\\/01\\\/Logo_regering_3.png\",\"width\":129,\"height\":115,\"caption\":\"Gobi\u00e8rnu di K\u00f2rsou\"},\"image\":{\"@id\":\"https:\\\/\\\/gobiernu.cw\\\/#\\\/schema\\\/logo\\\/image\\\/\"}}]}<\/script>\n<!-- \/ Yoast SEO plugin. -->","yoast_head_json":{"title":"Jaarverslag Cultuurfonds Caribisch Gebied aangeboden aan de Gouverneur - Informashon tokante Gobi\u00e8rnu di K\u00f2rsou","robots":{"index":"noindex","follow":"follow"},"twitter_card":"summary_large_image","twitter_title":"Jaarverslag Cultuurfonds Caribisch Gebied aangeboden aan de Gouverneur - Informashon tokante Gobi\u00e8rnu di K\u00f2rsou","twitter_description":"WILLEMSTAD-\u00a0Op vrijdag 20 augustus heeft de Voorzitter van het Prins Bernhard Cultuurfonds Caribisch Gebied, de heer Halder T. Lam, het jaarverslag van het Cultuurfonds Caribisch Gebied [\u2026]","twitter_image":"https:\/\/gobiernu.cw\/wp-content\/uploads\/2021\/08\/210820-de-heer-Lam.jpg","schema":{"@context":"https:\/\/schema.org","@graph":[{"@type":"WebPage","@id":"https:\/\/gobiernu.cw\/nl\/nieuw\/399656-2\/","url":"https:\/\/gobiernu.cw\/nl\/nieuw\/399656-2\/","name":"Jaarverslag Cultuurfonds Caribisch Gebied aangeboden aan de Gouverneur - Informashon tokante Gobi\u00e8rnu di K\u00f2rsou","isPartOf":{"@id":"https:\/\/gobiernu.cw\/#website"},"primaryImageOfPage":{"@id":"https:\/\/gobiernu.cw\/nl\/nieuw\/399656-2\/#primaryimage"},"image":{"@id":"https:\/\/gobiernu.cw\/nl\/nieuw\/399656-2\/#primaryimage"},"thumbnailUrl":"https:\/\/gobiernu.cw\/wp-content\/uploads\/2021\/08\/210820-de-heer-Lam.jpg","datePublished":"2021-08-20T21:05:28+00:00","dateModified":"2021-08-20T21:11:04+00:00","breadcrumb":{"@id":"https:\/\/gobiernu.cw\/nl\/nieuw\/399656-2\/#breadcrumb"},"inLanguage":"nl-NL","potentialAction":[{"@type":"ReadAction","target":["https:\/\/gobiernu.cw\/nl\/nieuw\/399656-2\/"]}]},{"@type":"ImageObject","inLanguage":"nl-NL","@id":"https:\/\/gobiernu.cw\/nl\/nieuw\/399656-2\/#primaryimage","url":"https:\/\/gobiernu.cw\/wp-content\/uploads\/2021\/08\/210820-de-heer-Lam.jpg","contentUrl":"https:\/\/gobiernu.cw\/wp-content\/uploads\/2021\/08\/210820-de-heer-Lam.jpg"},{"@type":"BreadcrumbList","@id":"https:\/\/gobiernu.cw\/nl\/nieuw\/399656-2\/#breadcrumb","itemListElement":[{"@type":"ListItem","position":1,"name":"Home","item":"https:\/\/gobiernu.cw\/nl\/"},{"@type":"ListItem","position":2,"name":"Nieuws","item":"https:\/\/gobiernu.cw\/nl\/nieuws\/"},{"@type":"ListItem","position":3,"name":"Jaarverslag Cultuurfonds Caribisch Gebied aangeboden aan de Gouverneur"}]},{"@type":"WebSite","@id":"https:\/\/gobiernu.cw\/#website","url":"https:\/\/gobiernu.cw\/","name":"Informashon tokante Gobi\u00e8rnu di K\u00f2rsou","description":"Gobi\u00e8rnu di K\u00f2rsou","publisher":{"@id":"https:\/\/gobiernu.cw\/#organization"},"potentialAction":[{"@type":"SearchAction","target":{"@type":"EntryPoint","urlTemplate":"https:\/\/gobiernu.cw\/?s={search_term_string}"},"query-input":{"@type":"PropertyValueSpecification","valueRequired":true,"valueName":"search_term_string"}}],"inLanguage":"nl-NL"},{"@type":"Organization","@id":"https:\/\/gobiernu.cw\/#organization","name":"Gobi\u00e8rnu di K\u00f2rsou","url":"https:\/\/gobiernu.cw\/","logo":{"@type":"ImageObject","inLanguage":"nl-NL","@id":"https:\/\/gobiernu.cw\/#\/schema\/logo\/image\/","url":"https:\/\/gobiernu.cw\/wp-content\/uploads\/2019\/01\/Logo_regering_3.png","contentUrl":"https:\/\/gobiernu.cw\/wp-content\/uploads\/2019\/01\/Logo_regering_3.png","width":129,"height":115,"caption":"Gobi\u00e8rnu di K\u00f2rsou"},"image":{"@id":"https:\/\/gobiernu.cw\/#\/schema\/logo\/image\/"}}]}},"jetpack_sharing_enabled":true,"_links":{"self":[{"href":"https:\/\/gobiernu.cw\/nl\/wp-json\/wp\/v2\/nieuw\/399656","targetHints":{"allow":["GET"]}}],"collection":[{"href":"https:\/\/gobiernu.cw\/nl\/wp-json\/wp\/v2\/nieuw"}],"about":[{"href":"https:\/\/gobiernu.cw\/nl\/wp-json\/wp\/v2\/types\/nieuw"}],"wp:attachment":[{"href":"https:\/\/gobiernu.cw\/nl\/wp-json\/wp\/v2\/media?parent=399656"}],"wp:term":[{"taxonomy":"nieuws_category","embeddable":true,"href":"https:\/\/gobiernu.cw\/nl\/wp-json\/wp\/v2\/nieuws_category?post=399656"},{"taxonomy":"ministry","embeddable":true,"href":"https:\/\/gobiernu.cw\/nl\/wp-json\/wp\/v2\/ministry?post=399656"}],"curies":[{"name":"wp","href":"https:\/\/api.w.org\/{rel}","templated":true}]}}

<p>WILLEMSTAD- Op vrijdag 20 augustus heeft de Voorzitter van het Prins Bernhard Cultuurfonds Caribisch Gebied, de heer Halder T. Lam, het jaarverslag van het Cultuurfonds Caribisch Gebied 2020 aan de Gouverneur van Curaçao, mevrouw L. George-Wout aangeboden.</p>
<p><img loading="lazy" class="alignnone size-full wp-image-399657" src="https://gobiernu.cw/wp-content/uploads/2021/08/210820-de-heer-Lam.jpg" alt="" width="1512" height="2016" srcset="https://gobiernu.cw/wp-content/uploads/2021/08/210820-de-heer-Lam.jpg 1512w, https://gobiernu.cw/wp-content/uploads/2021/08/210820-de-heer-Lam-225x300.jpg 225w, https://gobiernu.cw/wp-content/uploads/2021/08/210820-de-heer-Lam-768x1024.jpg 768w, https://gobiernu.cw/wp-content/uploads/2021/08/210820-de-heer-Lam-1152x1536.jpg 1152w, https://gobiernu.cw/wp-content/uploads/2021/08/210820-de-heer-Lam-110x146.jpg 110w, https://gobiernu.cw/wp-content/uploads/2021/08/210820-de-heer-Lam-38x50.jpg 38w, https://gobiernu.cw/wp-content/uploads/2021/08/210820-de-heer-Lam-56x75.jpg 56w, https://gobiernu.cw/wp-content/uploads/2021/08/210820-de-heer-Lam-1320x1760.jpg 1320w" sizes="auto, (max-width:767px) 480px, (max-width:1512px) 100vw, 1512px" /></p>

<!-- This site is optimized with the Yoast SEO plugin v27.5 - https://yoast.com/product/yoast-seo-wordpress/ -->
<title>Jaarverslag Cultuurfonds Caribisch Gebied aangeboden aan de Gouverneur - Informashon tokante Gobièrnu di Kòrsou</title>
<meta name="robots" content="noindex, follow" />
<meta name="twitter:card" content="summary_large_image" />
<meta name="twitter:title" content="Jaarverslag Cultuurfonds Caribisch Gebied aangeboden aan de Gouverneur - Informashon tokante Gobièrnu di Kòrsou" />
<meta name="twitter:description" content="WILLEMSTAD- Op vrijdag 20 augustus heeft de Voorzitter van het Prins Bernhard Cultuurfonds Caribisch Gebied, de heer Halder T. Lam, het jaarverslag van het Cultuurfonds Caribisch Gebied […]" />
<meta name="twitter:image" content="https://gobiernu.cw/wp-content/uploads/2021/08/210820-de-heer-Lam.jpg" />
<script type="application/ld+json" class="yoast-schema-graph">{"@context":"https:\/\/schema.org","@graph":[{"@type":"WebPage","@id":"https:\/\/gobiernu.cw\/nl\/nieuw\/399656-2\/","url":"https:\/\/gobiernu.cw\/nl\/nieuw\/399656-2\/","name":"Jaarverslag Cultuurfonds Caribisch Gebied aangeboden aan de Gouverneur - Informashon tokante Gobièrnu di Kòrsou","isPartOf":{"@id":"https:\/\/gobiernu.cw\/#website"},"primaryImageOfPage":{"@id":"https:\/\/gobiernu.cw\/nl\/nieuw\/399656-2\/#primaryimage"},"image":{"@id":"https:\/\/gobiernu.cw\/nl\/nieuw\/399656-2\/#primaryimage"},"thumbnailUrl":"https:\/\/gobiernu.cw\/wp-content\/uploads\/2021\/08\/210820-de-heer-Lam.jpg","datePublished":"2021-08-20T21:05:28+00:00","dateModified":"2021-08-20T21:11:04+00:00","breadcrumb":{"@id":"https:\/\/gobiernu.cw\/nl\/nieuw\/399656-2\/#breadcrumb"},"inLanguage":"nl-NL","potentialAction":[{"@type":"ReadAction","target":["https:\/\/gobiernu.cw\/nl\/nieuw\/399656-2\/"]}]},{"@type":"ImageObject","inLanguage":"nl-NL","@id":"https:\/\/gobiernu.cw\/nl\/nieuw\/399656-2\/#primaryimage","url":"https:\/\/gobiernu.cw\/wp-content\/uploads\/2021\/08\/210820-de-heer-Lam.jpg","contentUrl":"https:\/\/gobiernu.cw\/wp-content\/uploads\/2021\/08\/210820-de-heer-Lam.jpg"},{"@type":"BreadcrumbList","@id":"https:\/\/gobiernu.cw\/nl\/nieuw\/399656-2\/#breadcrumb","itemListElement":[{"@type":"ListItem","position":1,"name":"Home","item":"https:\/\/gobiernu.cw\/nl\/"},{"@type":"ListItem","position":2,"name":"Nieuws","item":"https:\/\/gobiernu.cw\/nl\/nieuws\/"},{"@type":"ListItem","position":3,"name":"Jaarverslag Cultuurfonds Caribisch Gebied aangeboden aan de Gouverneur"}]},{"@type":"WebSite","@id":"https:\/\/gobiernu.cw\/#website","url":"https:\/\/gobiernu.cw\/","name":"Informashon tokante Gobièrnu di Kòrsou","description":"Gobièrnu di Kòrsou","publisher":{"@id":"https:\/\/gobiernu.cw\/#organization"},"potentialAction":[{"@type":"SearchAction","target":{"@type":"EntryPoint","urlTemplate":"https:\/\/gobiernu.cw\/?s={search_term_string}"},"query-input":{"@type":"PropertyValueSpecification","valueRequired":true,"valueName":"search_term_string"}}],"inLanguage":"nl-NL"},{"@type":"Organization","@id":"https:\/\/gobiernu.cw\/#organization","name":"Gobièrnu di Kòrsou","url":"https:\/\/gobiernu.cw\/","logo":{"@type":"ImageObject","inLanguage":"nl-NL","@id":"https:\/\/gobiernu.cw\/#\/schema\/logo\/image\/","url":"https:\/\/gobiernu.cw\/wp-content\/uploads\/2019\/01\/Logo_regering_3.png","contentUrl":"https:\/\/gobiernu.cw\/wp-content\/uploads\/2019\/01\/Logo_regering_3.png","width":129,"height":115,"caption":"Gobièrnu di Kòrsou"},"image":{"@id":"https:\/\/gobiernu.cw\/#\/schema\/logo\/image\/"}}]}</script>
<!-- / Yoast SEO plugin. -->

Jaarverslag Cultuurfonds Caribisch Gebied aangeboden aan de Gouverneur - Informashon tokante Gobièrnu di Kòrsou

Informashon tokante Gobièrnu di Kòrsou

Gobièrnu di Kòrsou
