{"id":524744,"date":"2022-09-30T19:54:38","date_gmt":"2022-09-30T23:54:38","guid":{"rendered":"https:\/\/gobiernu.cw\/?post_type=nieuw&#038;p=524744"},"modified":"2022-09-30T19:57:31","modified_gmt":"2022-09-30T23:57:31","slug":"uitspraak-ongedocumenteerden-30-september-2022","status":"publish","type":"nieuw","link":"https:\/\/gobiernu.cw\/nl\/nieuw\/uitspraak-ongedocumenteerden-30-september-2022\/","title":{"rendered":"Uitspraak ongedocumenteerden 30 september 2022"},"content":{"rendered":"<p>WILLEMSTAD &#8211; De rechter heeft vandaag bepaald dat de detentieomstandigheden waaronder de ongedocumenteerden worden gedetineerd in Blok 1, de toets der rechtmatigheid kunnen doorstaan en dat de aanpassingen die zijn uitgevoerd aan het Blok na het eerdere vonnis van het Gerecht d.d. 14 juli 2022 substantieel, althans substantieel genoeg van aard zijn.<\/p>\n<p>Gedurende de bouw van de nieuwe vreemdelingenbewaring faciliteit is een afgeschermd gedeelte van de Sentro di Detenshon i Korekshon K\u00f2rsou aangewezen als vreemdelingendetentiefaciliteit. Ondanks de aanzienlijke tekorten binnen het budget van de overheid heeft de overheid kunnen voldoen aan de (rand)voorwaarden die verdragsrechtelijk worden gesteld aan dergelijke detentiefaciliteiten. Te denken valt aan elementen zoals dagbesteding, luchtmomenten en accommodatie.<\/p>\n<p>Het Ministerie van Justitie is hard aan het werken om de detentiecapaciteit van ongedocumenteerde vreemdelingen verder te verbeteren. Conform de planning zal het verbouwde\/nieuwe vreemdelingen opvang- en detentiecentrum in de komende weken opgeleverd worden. Met de oplevering zullen alle overige kleine tekortkomingen met betrekking tot de detentiecapaciteit van ongedocumenteerde vreemdelingen opgelost zijn.<\/p>\n","protected":false},"excerpt":{"rendered":"<p>WILLEMSTAD &#8211; De rechter heeft vandaag bepaald dat de detentieomstandigheden waaronder de ongedocumenteerden worden gedetineerd in Blok 1, de toets der rechtmatigheid kunnen doorstaan en dat<span class=\"excerpt-hellip\"> [\u2026]<\/span><\/p>\n","protected":false},"featured_media":0,"parent":0,"template":"","nieuws_category":[133,651],"ministry":[205],"class_list":["post-524744","nieuw","type-nieuw","status-publish","hentry","nieuws_category-persberichten-nl","nieuws_category-komunikado-nl","ministry-justitie"],"acf":[],"yoast_head":"<!-- This site is optimized with the Yoast SEO plugin v27.4 - https:\/\/yoast.com\/product\/yoast-seo-wordpress\/ -->\n<title>Uitspraak ongedocumenteerden 30 september 2022 - Informashon tokante Gobi\u00e8rnu di K\u00f2rsou<\/title>\n<meta name=\"robots\" content=\"noindex, follow\" \/>\n<meta name=\"twitter:card\" content=\"summary_large_image\" \/>\n<meta name=\"twitter:title\" content=\"Uitspraak ongedocumenteerden 30 september 2022 - Informashon tokante Gobi\u00e8rnu di K\u00f2rsou\" \/>\n<meta name=\"twitter:description\" content=\"WILLEMSTAD &#8211; De rechter heeft vandaag bepaald dat de detentieomstandigheden waaronder de ongedocumenteerden worden gedetineerd in Blok 1, de toets der rechtmatigheid kunnen doorstaan en dat [\u2026]\" \/>\n<meta name=\"twitter:label1\" content=\"Geschatte leestijd\" \/>\n\t<meta name=\"twitter:data1\" content=\"1 minuut\" \/>\n<script type=\"application\/ld+json\" class=\"yoast-schema-graph\">{\"@context\":\"https:\\\/\\\/schema.org\",\"@graph\":[{\"@type\":\"WebPage\",\"@id\":\"https:\\\/\\\/gobiernu.cw\\\/nl\\\/nieuw\\\/uitspraak-ongedocumenteerden-30-september-2022\\\/\",\"url\":\"https:\\\/\\\/gobiernu.cw\\\/nl\\\/nieuw\\\/uitspraak-ongedocumenteerden-30-september-2022\\\/\",\"name\":\"Uitspraak ongedocumenteerden 30 september 2022 - Informashon tokante Gobi\u00e8rnu di K\u00f2rsou\",\"isPartOf\":{\"@id\":\"https:\\\/\\\/gobiernu.cw\\\/#website\"},\"datePublished\":\"2022-09-30T23:54:38+00:00\",\"dateModified\":\"2022-09-30T23:57:31+00:00\",\"breadcrumb\":{\"@id\":\"https:\\\/\\\/gobiernu.cw\\\/nl\\\/nieuw\\\/uitspraak-ongedocumenteerden-30-september-2022\\\/#breadcrumb\"},\"inLanguage\":\"nl-NL\",\"potentialAction\":[{\"@type\":\"ReadAction\",\"target\":[\"https:\\\/\\\/gobiernu.cw\\\/nl\\\/nieuw\\\/uitspraak-ongedocumenteerden-30-september-2022\\\/\"]}]},{\"@type\":\"BreadcrumbList\",\"@id\":\"https:\\\/\\\/gobiernu.cw\\\/nl\\\/nieuw\\\/uitspraak-ongedocumenteerden-30-september-2022\\\/#breadcrumb\",\"itemListElement\":[{\"@type\":\"ListItem\",\"position\":1,\"name\":\"Home\",\"item\":\"https:\\\/\\\/gobiernu.cw\\\/nl\\\/\"},{\"@type\":\"ListItem\",\"position\":2,\"name\":\"Nieuws\",\"item\":\"https:\\\/\\\/gobiernu.cw\\\/nl\\\/nieuws\\\/\"},{\"@type\":\"ListItem\",\"position\":3,\"name\":\"Uitspraak ongedocumenteerden 30 september 2022\"}]},{\"@type\":\"WebSite\",\"@id\":\"https:\\\/\\\/gobiernu.cw\\\/#website\",\"url\":\"https:\\\/\\\/gobiernu.cw\\\/\",\"name\":\"Informashon tokante Gobi\u00e8rnu di K\u00f2rsou\",\"description\":\"Gobi\u00e8rnu di K\u00f2rsou\",\"publisher\":{\"@id\":\"https:\\\/\\\/gobiernu.cw\\\/#organization\"},\"potentialAction\":[{\"@type\":\"SearchAction\",\"target\":{\"@type\":\"EntryPoint\",\"urlTemplate\":\"https:\\\/\\\/gobiernu.cw\\\/?s={search_term_string}\"},\"query-input\":{\"@type\":\"PropertyValueSpecification\",\"valueRequired\":true,\"valueName\":\"search_term_string\"}}],\"inLanguage\":\"nl-NL\"},{\"@type\":\"Organization\",\"@id\":\"https:\\\/\\\/gobiernu.cw\\\/#organization\",\"name\":\"Gobi\u00e8rnu di K\u00f2rsou\",\"url\":\"https:\\\/\\\/gobiernu.cw\\\/\",\"logo\":{\"@type\":\"ImageObject\",\"inLanguage\":\"nl-NL\",\"@id\":\"https:\\\/\\\/gobiernu.cw\\\/#\\\/schema\\\/logo\\\/image\\\/\",\"url\":\"https:\\\/\\\/gobiernu.cw\\\/wp-content\\\/uploads\\\/2019\\\/01\\\/Logo_regering_3.png\",\"contentUrl\":\"https:\\\/\\\/gobiernu.cw\\\/wp-content\\\/uploads\\\/2019\\\/01\\\/Logo_regering_3.png\",\"width\":129,\"height\":115,\"caption\":\"Gobi\u00e8rnu di K\u00f2rsou\"},\"image\":{\"@id\":\"https:\\\/\\\/gobiernu.cw\\\/#\\\/schema\\\/logo\\\/image\\\/\"}}]}<\/script>\n<!-- \/ Yoast SEO plugin. -->","yoast_head_json":{"title":"Uitspraak ongedocumenteerden 30 september 2022 - Informashon tokante Gobi\u00e8rnu di K\u00f2rsou","robots":{"index":"noindex","follow":"follow"},"twitter_card":"summary_large_image","twitter_title":"Uitspraak ongedocumenteerden 30 september 2022 - Informashon tokante Gobi\u00e8rnu di K\u00f2rsou","twitter_description":"WILLEMSTAD &#8211; De rechter heeft vandaag bepaald dat de detentieomstandigheden waaronder de ongedocumenteerden worden gedetineerd in Blok 1, de toets der rechtmatigheid kunnen doorstaan en dat [\u2026]","twitter_misc":{"Geschatte leestijd":"1 minuut"},"schema":{"@context":"https:\/\/schema.org","@graph":[{"@type":"WebPage","@id":"https:\/\/gobiernu.cw\/nl\/nieuw\/uitspraak-ongedocumenteerden-30-september-2022\/","url":"https:\/\/gobiernu.cw\/nl\/nieuw\/uitspraak-ongedocumenteerden-30-september-2022\/","name":"Uitspraak ongedocumenteerden 30 september 2022 - Informashon tokante Gobi\u00e8rnu di K\u00f2rsou","isPartOf":{"@id":"https:\/\/gobiernu.cw\/#website"},"datePublished":"2022-09-30T23:54:38+00:00","dateModified":"2022-09-30T23:57:31+00:00","breadcrumb":{"@id":"https:\/\/gobiernu.cw\/nl\/nieuw\/uitspraak-ongedocumenteerden-30-september-2022\/#breadcrumb"},"inLanguage":"nl-NL","potentialAction":[{"@type":"ReadAction","target":["https:\/\/gobiernu.cw\/nl\/nieuw\/uitspraak-ongedocumenteerden-30-september-2022\/"]}]},{"@type":"BreadcrumbList","@id":"https:\/\/gobiernu.cw\/nl\/nieuw\/uitspraak-ongedocumenteerden-30-september-2022\/#breadcrumb","itemListElement":[{"@type":"ListItem","position":1,"name":"Home","item":"https:\/\/gobiernu.cw\/nl\/"},{"@type":"ListItem","position":2,"name":"Nieuws","item":"https:\/\/gobiernu.cw\/nl\/nieuws\/"},{"@type":"ListItem","position":3,"name":"Uitspraak ongedocumenteerden 30 september 2022"}]},{"@type":"WebSite","@id":"https:\/\/gobiernu.cw\/#website","url":"https:\/\/gobiernu.cw\/","name":"Informashon tokante Gobi\u00e8rnu di K\u00f2rsou","description":"Gobi\u00e8rnu di K\u00f2rsou","publisher":{"@id":"https:\/\/gobiernu.cw\/#organization"},"potentialAction":[{"@type":"SearchAction","target":{"@type":"EntryPoint","urlTemplate":"https:\/\/gobiernu.cw\/?s={search_term_string}"},"query-input":{"@type":"PropertyValueSpecification","valueRequired":true,"valueName":"search_term_string"}}],"inLanguage":"nl-NL"},{"@type":"Organization","@id":"https:\/\/gobiernu.cw\/#organization","name":"Gobi\u00e8rnu di K\u00f2rsou","url":"https:\/\/gobiernu.cw\/","logo":{"@type":"ImageObject","inLanguage":"nl-NL","@id":"https:\/\/gobiernu.cw\/#\/schema\/logo\/image\/","url":"https:\/\/gobiernu.cw\/wp-content\/uploads\/2019\/01\/Logo_regering_3.png","contentUrl":"https:\/\/gobiernu.cw\/wp-content\/uploads\/2019\/01\/Logo_regering_3.png","width":129,"height":115,"caption":"Gobi\u00e8rnu di K\u00f2rsou"},"image":{"@id":"https:\/\/gobiernu.cw\/#\/schema\/logo\/image\/"}}]}},"jetpack_sharing_enabled":true,"_links":{"self":[{"href":"https:\/\/gobiernu.cw\/nl\/wp-json\/wp\/v2\/nieuw\/524744","targetHints":{"allow":["GET"]}}],"collection":[{"href":"https:\/\/gobiernu.cw\/nl\/wp-json\/wp\/v2\/nieuw"}],"about":[{"href":"https:\/\/gobiernu.cw\/nl\/wp-json\/wp\/v2\/types\/nieuw"}],"wp:attachment":[{"href":"https:\/\/gobiernu.cw\/nl\/wp-json\/wp\/v2\/media?parent=524744"}],"wp:term":[{"taxonomy":"nieuws_category","embeddable":true,"href":"https:\/\/gobiernu.cw\/nl\/wp-json\/wp\/v2\/nieuws_category?post=524744"},{"taxonomy":"ministry","embeddable":true,"href":"https:\/\/gobiernu.cw\/nl\/wp-json\/wp\/v2\/ministry?post=524744"}],"curies":[{"name":"wp","href":"https:\/\/api.w.org\/{rel}","templated":true}]}}

<p>WILLEMSTAD &#8211; De rechter heeft vandaag bepaald dat de detentieomstandigheden waaronder de ongedocumenteerden worden gedetineerd in Blok 1, de toets der rechtmatigheid kunnen doorstaan en dat de aanpassingen die zijn uitgevoerd aan het Blok na het eerdere vonnis van het Gerecht d.d. 14 juli 2022 substantieel, althans substantieel genoeg van aard zijn.</p>
<p>Gedurende de bouw van de nieuwe vreemdelingenbewaring faciliteit is een afgeschermd gedeelte van de Sentro di Detenshon i Korekshon Kòrsou aangewezen als vreemdelingendetentiefaciliteit. Ondanks de aanzienlijke tekorten binnen het budget van de overheid heeft de overheid kunnen voldoen aan de (rand)voorwaarden die verdragsrechtelijk worden gesteld aan dergelijke detentiefaciliteiten. Te denken valt aan elementen zoals dagbesteding, luchtmomenten en accommodatie.</p>
<p>Het Ministerie van Justitie is hard aan het werken om de detentiecapaciteit van ongedocumenteerde vreemdelingen verder te verbeteren. Conform de planning zal het verbouwde/nieuwe vreemdelingen opvang- en detentiecentrum in de komende weken opgeleverd worden. Met de oplevering zullen alle overige kleine tekortkomingen met betrekking tot de detentiecapaciteit van ongedocumenteerde vreemdelingen opgelost zijn.</p>

<!-- This site is optimized with the Yoast SEO plugin v27.4 - https://yoast.com/product/yoast-seo-wordpress/ -->
<title>Uitspraak ongedocumenteerden 30 september 2022 - Informashon tokante Gobièrnu di Kòrsou</title>
<meta name="robots" content="noindex, follow" />
<meta name="twitter:card" content="summary_large_image" />
<meta name="twitter:title" content="Uitspraak ongedocumenteerden 30 september 2022 - Informashon tokante Gobièrnu di Kòrsou" />
<meta name="twitter:description" content="WILLEMSTAD &#8211; De rechter heeft vandaag bepaald dat de detentieomstandigheden waaronder de ongedocumenteerden worden gedetineerd in Blok 1, de toets der rechtmatigheid kunnen doorstaan en dat […]" />
<meta name="twitter:label1" content="Geschatte leestijd" />
	<meta name="twitter:data1" content="1 minuut" />
<script type="application/ld+json" class="yoast-schema-graph">{"@context":"https:\/\/schema.org","@graph":[{"@type":"WebPage","@id":"https:\/\/gobiernu.cw\/nl\/nieuw\/uitspraak-ongedocumenteerden-30-september-2022\/","url":"https:\/\/gobiernu.cw\/nl\/nieuw\/uitspraak-ongedocumenteerden-30-september-2022\/","name":"Uitspraak ongedocumenteerden 30 september 2022 - Informashon tokante Gobièrnu di Kòrsou","isPartOf":{"@id":"https:\/\/gobiernu.cw\/#website"},"datePublished":"2022-09-30T23:54:38+00:00","dateModified":"2022-09-30T23:57:31+00:00","breadcrumb":{"@id":"https:\/\/gobiernu.cw\/nl\/nieuw\/uitspraak-ongedocumenteerden-30-september-2022\/#breadcrumb"},"inLanguage":"nl-NL","potentialAction":[{"@type":"ReadAction","target":["https:\/\/gobiernu.cw\/nl\/nieuw\/uitspraak-ongedocumenteerden-30-september-2022\/"]}]},{"@type":"BreadcrumbList","@id":"https:\/\/gobiernu.cw\/nl\/nieuw\/uitspraak-ongedocumenteerden-30-september-2022\/#breadcrumb","itemListElement":[{"@type":"ListItem","position":1,"name":"Home","item":"https:\/\/gobiernu.cw\/nl\/"},{"@type":"ListItem","position":2,"name":"Nieuws","item":"https:\/\/gobiernu.cw\/nl\/nieuws\/"},{"@type":"ListItem","position":3,"name":"Uitspraak ongedocumenteerden 30 september 2022"}]},{"@type":"WebSite","@id":"https:\/\/gobiernu.cw\/#website","url":"https:\/\/gobiernu.cw\/","name":"Informashon tokante Gobièrnu di Kòrsou","description":"Gobièrnu di Kòrsou","publisher":{"@id":"https:\/\/gobiernu.cw\/#organization"},"potentialAction":[{"@type":"SearchAction","target":{"@type":"EntryPoint","urlTemplate":"https:\/\/gobiernu.cw\/?s={search_term_string}"},"query-input":{"@type":"PropertyValueSpecification","valueRequired":true,"valueName":"search_term_string"}}],"inLanguage":"nl-NL"},{"@type":"Organization","@id":"https:\/\/gobiernu.cw\/#organization","name":"Gobièrnu di Kòrsou","url":"https:\/\/gobiernu.cw\/","logo":{"@type":"ImageObject","inLanguage":"nl-NL","@id":"https:\/\/gobiernu.cw\/#\/schema\/logo\/image\/","url":"https:\/\/gobiernu.cw\/wp-content\/uploads\/2019\/01\/Logo_regering_3.png","contentUrl":"https:\/\/gobiernu.cw\/wp-content\/uploads\/2019\/01\/Logo_regering_3.png","width":129,"height":115,"caption":"Gobièrnu di Kòrsou"},"image":{"@id":"https:\/\/gobiernu.cw\/#\/schema\/logo\/image\/"}}]}</script>
<!-- / Yoast SEO plugin. -->

Uitspraak ongedocumenteerden 30 september 2022 - Informashon tokante Gobièrnu di Kòrsou

Informashon tokante Gobièrnu di Kòrsou

Gobièrnu di Kòrsou
