{"id":526231,"date":"2022-11-24T11:50:24","date_gmt":"2022-11-24T15:50:24","guid":{"rendered":"https:\/\/gobiernu.cw\/?post_type=nieuw&#038;p=526231"},"modified":"2022-11-24T11:53:47","modified_gmt":"2022-11-24T15:53:47","slug":"526231-2","status":"publish","type":"nieuw","link":"https:\/\/gobiernu.cw\/nl\/nieuw\/526231-2\/","title":{"rendered":"Gouverneur ontvangt staatssecretaris Van Huffelen en minister-president Pisas"},"content":{"rendered":"<p>WILLEMSTAD \u2013 De Gouverneur van Cura\u00e7ao, Hare Excellentie Lucille George-Wout, heeft dinsdag 22 november gezamenlijk gesproken met de staatssecretaris voor Koninkrijkrelaties Alexandra van Huffelen en minister-president Gilmar Pisas over de wijze waarop zij samenwerking in het verband van het Koninkrijk in de komende periode nader vorm willen geven.<\/p>\n<p><a href=\"https:\/\/gobiernu.cw\/nl\/nieuw\/526231-2\/img_e7058\/\" rel=\"attachment wp-att-526232\"><img loading=\"lazy\" class=\"alignnone size-large wp-image-526232\" src=\"https:\/\/gobiernu.cw\/wp-content\/uploads\/2022\/11\/IMG_E7058-1024x924.jpg\" alt=\"\" width=\"1024\" height=\"924\" srcset=\"https:\/\/gobiernu.cw\/wp-content\/uploads\/2022\/11\/IMG_E7058-1024x924.jpg 1024w, https:\/\/gobiernu.cw\/wp-content\/uploads\/2022\/11\/IMG_E7058-300x271.jpg 300w, https:\/\/gobiernu.cw\/wp-content\/uploads\/2022\/11\/IMG_E7058-768x693.jpg 768w, https:\/\/gobiernu.cw\/wp-content\/uploads\/2022\/11\/IMG_E7058-1536x1386.jpg 1536w, https:\/\/gobiernu.cw\/wp-content\/uploads\/2022\/11\/IMG_E7058-2048x1848.jpg 2048w, https:\/\/gobiernu.cw\/wp-content\/uploads\/2022\/11\/IMG_E7058-162x146.jpg 162w, https:\/\/gobiernu.cw\/wp-content\/uploads\/2022\/11\/IMG_E7058-50x45.jpg 50w, https:\/\/gobiernu.cw\/wp-content\/uploads\/2022\/11\/IMG_E7058-83x75.jpg 83w, https:\/\/gobiernu.cw\/wp-content\/uploads\/2022\/11\/IMG_E7058-1320x1191.jpg 1320w\" sizes=\"auto, (max-width:767px) 480px, (max-width:1024px) 100vw, 1024px\" \/><\/a><\/p>\n<p>Op de foto: Staatssecretaris Alexandra van Huffelen, de Gouverneur van Curacao H.E. Lucille George-Wout en minister-president Gilmar Pisas.<\/p>\n","protected":false},"excerpt":{"rendered":"<p>WILLEMSTAD \u2013 De Gouverneur van Cura\u00e7ao, Hare Excellentie Lucille George-Wout, heeft dinsdag 22 november gezamenlijk gesproken met de staatssecretaris voor Koninkrijkrelaties Alexandra van Huffelen en minister-president<span class=\"excerpt-hellip\"> [\u2026]<\/span><\/p>\n","protected":false},"featured_media":526234,"parent":0,"template":"","nieuws_category":[622],"ministry":[205,207],"class_list":["post-526231","nieuw","type-nieuw","status-publish","has-post-thumbnail","hentry","nieuws_category-gouverneur-van-curacao","ministry-justitie","ministry-algemene-zaken-en-minister-president"],"acf":[],"yoast_head":"<!-- This site is optimized with the Yoast SEO plugin v27.5 - https:\/\/yoast.com\/product\/yoast-seo-wordpress\/ -->\n<title>Gouverneur ontvangt staatssecretaris Van Huffelen en minister-president Pisas - Informashon tokante Gobi\u00e8rnu di K\u00f2rsou<\/title>\n<meta name=\"robots\" content=\"noindex, follow\" \/>\n<meta name=\"twitter:card\" content=\"summary_large_image\" \/>\n<meta name=\"twitter:title\" content=\"Gouverneur ontvangt staatssecretaris Van Huffelen en minister-president Pisas - Informashon tokante Gobi\u00e8rnu di K\u00f2rsou\" \/>\n<meta name=\"twitter:description\" content=\"WILLEMSTAD \u2013 De Gouverneur van Cura\u00e7ao, Hare Excellentie Lucille George-Wout, heeft dinsdag 22 november gezamenlijk gesproken met de staatssecretaris voor Koninkrijkrelaties Alexandra van Huffelen en minister-president [\u2026]\" \/>\n<meta name=\"twitter:image\" content=\"https:\/\/gobiernu.cw\/wp-content\/uploads\/2022\/11\/IMG_E7058_cropped-scaled.jpg\" \/>\n<script type=\"application\/ld+json\" class=\"yoast-schema-graph\">{\"@context\":\"https:\\\/\\\/schema.org\",\"@graph\":[{\"@type\":\"WebPage\",\"@id\":\"https:\\\/\\\/gobiernu.cw\\\/nl\\\/nieuw\\\/526231-2\\\/\",\"url\":\"https:\\\/\\\/gobiernu.cw\\\/nl\\\/nieuw\\\/526231-2\\\/\",\"name\":\"Gouverneur ontvangt staatssecretaris Van Huffelen en minister-president Pisas - Informashon tokante Gobi\u00e8rnu di K\u00f2rsou\",\"isPartOf\":{\"@id\":\"https:\\\/\\\/gobiernu.cw\\\/#website\"},\"primaryImageOfPage\":{\"@id\":\"https:\\\/\\\/gobiernu.cw\\\/nl\\\/nieuw\\\/526231-2\\\/#primaryimage\"},\"image\":{\"@id\":\"https:\\\/\\\/gobiernu.cw\\\/nl\\\/nieuw\\\/526231-2\\\/#primaryimage\"},\"thumbnailUrl\":\"https:\\\/\\\/gobiernu.cw\\\/wp-content\\\/uploads\\\/2022\\\/11\\\/IMG_E7058_cropped-scaled.jpg\",\"datePublished\":\"2022-11-24T15:50:24+00:00\",\"dateModified\":\"2022-11-24T15:53:47+00:00\",\"breadcrumb\":{\"@id\":\"https:\\\/\\\/gobiernu.cw\\\/nl\\\/nieuw\\\/526231-2\\\/#breadcrumb\"},\"inLanguage\":\"nl-NL\",\"potentialAction\":[{\"@type\":\"ReadAction\",\"target\":[\"https:\\\/\\\/gobiernu.cw\\\/nl\\\/nieuw\\\/526231-2\\\/\"]}]},{\"@type\":\"ImageObject\",\"inLanguage\":\"nl-NL\",\"@id\":\"https:\\\/\\\/gobiernu.cw\\\/nl\\\/nieuw\\\/526231-2\\\/#primaryimage\",\"url\":\"https:\\\/\\\/gobiernu.cw\\\/wp-content\\\/uploads\\\/2022\\\/11\\\/IMG_E7058_cropped-scaled.jpg\",\"contentUrl\":\"https:\\\/\\\/gobiernu.cw\\\/wp-content\\\/uploads\\\/2022\\\/11\\\/IMG_E7058_cropped-scaled.jpg\",\"width\":2560,\"height\":1319},{\"@type\":\"BreadcrumbList\",\"@id\":\"https:\\\/\\\/gobiernu.cw\\\/nl\\\/nieuw\\\/526231-2\\\/#breadcrumb\",\"itemListElement\":[{\"@type\":\"ListItem\",\"position\":1,\"name\":\"Home\",\"item\":\"https:\\\/\\\/gobiernu.cw\\\/nl\\\/\"},{\"@type\":\"ListItem\",\"position\":2,\"name\":\"Nieuws\",\"item\":\"https:\\\/\\\/gobiernu.cw\\\/nl\\\/nieuws\\\/\"},{\"@type\":\"ListItem\",\"position\":3,\"name\":\"Gouverneur ontvangt staatssecretaris Van Huffelen en minister-president Pisas\"}]},{\"@type\":\"WebSite\",\"@id\":\"https:\\\/\\\/gobiernu.cw\\\/#website\",\"url\":\"https:\\\/\\\/gobiernu.cw\\\/\",\"name\":\"Informashon tokante Gobi\u00e8rnu di K\u00f2rsou\",\"description\":\"Gobi\u00e8rnu di K\u00f2rsou\",\"publisher\":{\"@id\":\"https:\\\/\\\/gobiernu.cw\\\/#organization\"},\"potentialAction\":[{\"@type\":\"SearchAction\",\"target\":{\"@type\":\"EntryPoint\",\"urlTemplate\":\"https:\\\/\\\/gobiernu.cw\\\/?s={search_term_string}\"},\"query-input\":{\"@type\":\"PropertyValueSpecification\",\"valueRequired\":true,\"valueName\":\"search_term_string\"}}],\"inLanguage\":\"nl-NL\"},{\"@type\":\"Organization\",\"@id\":\"https:\\\/\\\/gobiernu.cw\\\/#organization\",\"name\":\"Gobi\u00e8rnu di K\u00f2rsou\",\"url\":\"https:\\\/\\\/gobiernu.cw\\\/\",\"logo\":{\"@type\":\"ImageObject\",\"inLanguage\":\"nl-NL\",\"@id\":\"https:\\\/\\\/gobiernu.cw\\\/#\\\/schema\\\/logo\\\/image\\\/\",\"url\":\"https:\\\/\\\/gobiernu.cw\\\/wp-content\\\/uploads\\\/2019\\\/01\\\/Logo_regering_3.png\",\"contentUrl\":\"https:\\\/\\\/gobiernu.cw\\\/wp-content\\\/uploads\\\/2019\\\/01\\\/Logo_regering_3.png\",\"width\":129,\"height\":115,\"caption\":\"Gobi\u00e8rnu di K\u00f2rsou\"},\"image\":{\"@id\":\"https:\\\/\\\/gobiernu.cw\\\/#\\\/schema\\\/logo\\\/image\\\/\"}}]}<\/script>\n<!-- \/ Yoast SEO plugin. -->","yoast_head_json":{"title":"Gouverneur ontvangt staatssecretaris Van Huffelen en minister-president Pisas - Informashon tokante Gobi\u00e8rnu di K\u00f2rsou","robots":{"index":"noindex","follow":"follow"},"twitter_card":"summary_large_image","twitter_title":"Gouverneur ontvangt staatssecretaris Van Huffelen en minister-president Pisas - Informashon tokante Gobi\u00e8rnu di K\u00f2rsou","twitter_description":"WILLEMSTAD \u2013 De Gouverneur van Cura\u00e7ao, Hare Excellentie Lucille George-Wout, heeft dinsdag 22 november gezamenlijk gesproken met de staatssecretaris voor Koninkrijkrelaties Alexandra van Huffelen en minister-president [\u2026]","twitter_image":"https:\/\/gobiernu.cw\/wp-content\/uploads\/2022\/11\/IMG_E7058_cropped-scaled.jpg","schema":{"@context":"https:\/\/schema.org","@graph":[{"@type":"WebPage","@id":"https:\/\/gobiernu.cw\/nl\/nieuw\/526231-2\/","url":"https:\/\/gobiernu.cw\/nl\/nieuw\/526231-2\/","name":"Gouverneur ontvangt staatssecretaris Van Huffelen en minister-president Pisas - Informashon tokante Gobi\u00e8rnu di K\u00f2rsou","isPartOf":{"@id":"https:\/\/gobiernu.cw\/#website"},"primaryImageOfPage":{"@id":"https:\/\/gobiernu.cw\/nl\/nieuw\/526231-2\/#primaryimage"},"image":{"@id":"https:\/\/gobiernu.cw\/nl\/nieuw\/526231-2\/#primaryimage"},"thumbnailUrl":"https:\/\/gobiernu.cw\/wp-content\/uploads\/2022\/11\/IMG_E7058_cropped-scaled.jpg","datePublished":"2022-11-24T15:50:24+00:00","dateModified":"2022-11-24T15:53:47+00:00","breadcrumb":{"@id":"https:\/\/gobiernu.cw\/nl\/nieuw\/526231-2\/#breadcrumb"},"inLanguage":"nl-NL","potentialAction":[{"@type":"ReadAction","target":["https:\/\/gobiernu.cw\/nl\/nieuw\/526231-2\/"]}]},{"@type":"ImageObject","inLanguage":"nl-NL","@id":"https:\/\/gobiernu.cw\/nl\/nieuw\/526231-2\/#primaryimage","url":"https:\/\/gobiernu.cw\/wp-content\/uploads\/2022\/11\/IMG_E7058_cropped-scaled.jpg","contentUrl":"https:\/\/gobiernu.cw\/wp-content\/uploads\/2022\/11\/IMG_E7058_cropped-scaled.jpg","width":2560,"height":1319},{"@type":"BreadcrumbList","@id":"https:\/\/gobiernu.cw\/nl\/nieuw\/526231-2\/#breadcrumb","itemListElement":[{"@type":"ListItem","position":1,"name":"Home","item":"https:\/\/gobiernu.cw\/nl\/"},{"@type":"ListItem","position":2,"name":"Nieuws","item":"https:\/\/gobiernu.cw\/nl\/nieuws\/"},{"@type":"ListItem","position":3,"name":"Gouverneur ontvangt staatssecretaris Van Huffelen en minister-president Pisas"}]},{"@type":"WebSite","@id":"https:\/\/gobiernu.cw\/#website","url":"https:\/\/gobiernu.cw\/","name":"Informashon tokante Gobi\u00e8rnu di K\u00f2rsou","description":"Gobi\u00e8rnu di K\u00f2rsou","publisher":{"@id":"https:\/\/gobiernu.cw\/#organization"},"potentialAction":[{"@type":"SearchAction","target":{"@type":"EntryPoint","urlTemplate":"https:\/\/gobiernu.cw\/?s={search_term_string}"},"query-input":{"@type":"PropertyValueSpecification","valueRequired":true,"valueName":"search_term_string"}}],"inLanguage":"nl-NL"},{"@type":"Organization","@id":"https:\/\/gobiernu.cw\/#organization","name":"Gobi\u00e8rnu di K\u00f2rsou","url":"https:\/\/gobiernu.cw\/","logo":{"@type":"ImageObject","inLanguage":"nl-NL","@id":"https:\/\/gobiernu.cw\/#\/schema\/logo\/image\/","url":"https:\/\/gobiernu.cw\/wp-content\/uploads\/2019\/01\/Logo_regering_3.png","contentUrl":"https:\/\/gobiernu.cw\/wp-content\/uploads\/2019\/01\/Logo_regering_3.png","width":129,"height":115,"caption":"Gobi\u00e8rnu di K\u00f2rsou"},"image":{"@id":"https:\/\/gobiernu.cw\/#\/schema\/logo\/image\/"}}]}},"jetpack_sharing_enabled":true,"_links":{"self":[{"href":"https:\/\/gobiernu.cw\/nl\/wp-json\/wp\/v2\/nieuw\/526231","targetHints":{"allow":["GET"]}}],"collection":[{"href":"https:\/\/gobiernu.cw\/nl\/wp-json\/wp\/v2\/nieuw"}],"about":[{"href":"https:\/\/gobiernu.cw\/nl\/wp-json\/wp\/v2\/types\/nieuw"}],"wp:featuredmedia":[{"embeddable":true,"href":"https:\/\/gobiernu.cw\/nl\/wp-json\/wp\/v2\/media\/526234"}],"wp:attachment":[{"href":"https:\/\/gobiernu.cw\/nl\/wp-json\/wp\/v2\/media?parent=526231"}],"wp:term":[{"taxonomy":"nieuws_category","embeddable":true,"href":"https:\/\/gobiernu.cw\/nl\/wp-json\/wp\/v2\/nieuws_category?post=526231"},{"taxonomy":"ministry","embeddable":true,"href":"https:\/\/gobiernu.cw\/nl\/wp-json\/wp\/v2\/ministry?post=526231"}],"curies":[{"name":"wp","href":"https:\/\/api.w.org\/{rel}","templated":true}]}}

<p>WILLEMSTAD – De Gouverneur van Curaçao, Hare Excellentie Lucille George-Wout, heeft dinsdag 22 november gezamenlijk gesproken met de staatssecretaris voor Koninkrijkrelaties Alexandra van Huffelen en minister-president Gilmar Pisas over de wijze waarop zij samenwerking in het verband van het Koninkrijk in de komende periode nader vorm willen geven.</p>
<p><a href="https://gobiernu.cw/nl/nieuw/526231-2/img_e7058/" rel="attachment wp-att-526232"><img loading="lazy" class="alignnone size-large wp-image-526232" src="https://gobiernu.cw/wp-content/uploads/2022/11/IMG_E7058-1024x924.jpg" alt="" width="1024" height="924" srcset="https://gobiernu.cw/wp-content/uploads/2022/11/IMG_E7058-1024x924.jpg 1024w, https://gobiernu.cw/wp-content/uploads/2022/11/IMG_E7058-300x271.jpg 300w, https://gobiernu.cw/wp-content/uploads/2022/11/IMG_E7058-768x693.jpg 768w, https://gobiernu.cw/wp-content/uploads/2022/11/IMG_E7058-1536x1386.jpg 1536w, https://gobiernu.cw/wp-content/uploads/2022/11/IMG_E7058-2048x1848.jpg 2048w, https://gobiernu.cw/wp-content/uploads/2022/11/IMG_E7058-162x146.jpg 162w, https://gobiernu.cw/wp-content/uploads/2022/11/IMG_E7058-50x45.jpg 50w, https://gobiernu.cw/wp-content/uploads/2022/11/IMG_E7058-83x75.jpg 83w, https://gobiernu.cw/wp-content/uploads/2022/11/IMG_E7058-1320x1191.jpg 1320w" sizes="auto, (max-width:767px) 480px, (max-width:1024px) 100vw, 1024px" /></a></p>
<p>Op de foto: Staatssecretaris Alexandra van Huffelen, de Gouverneur van Curacao H.E. Lucille George-Wout en minister-president Gilmar Pisas.</p>

<p>WILLEMSTAD – De Gouverneur van Curaçao, Hare Excellentie Lucille George-Wout, heeft dinsdag 22 november gezamenlijk gesproken met de staatssecretaris voor Koninkrijkrelaties Alexandra van Huffelen en minister-president<span class="excerpt-hellip"> […]</span></p>

<!-- This site is optimized with the Yoast SEO plugin v27.5 - https://yoast.com/product/yoast-seo-wordpress/ -->
<title>Gouverneur ontvangt staatssecretaris Van Huffelen en minister-president Pisas - Informashon tokante Gobièrnu di Kòrsou</title>
<meta name="robots" content="noindex, follow" />
<meta name="twitter:card" content="summary_large_image" />
<meta name="twitter:title" content="Gouverneur ontvangt staatssecretaris Van Huffelen en minister-president Pisas - Informashon tokante Gobièrnu di Kòrsou" />
<meta name="twitter:description" content="WILLEMSTAD – De Gouverneur van Curaçao, Hare Excellentie Lucille George-Wout, heeft dinsdag 22 november gezamenlijk gesproken met de staatssecretaris voor Koninkrijkrelaties Alexandra van Huffelen en minister-president […]" />
<meta name="twitter:image" content="https://gobiernu.cw/wp-content/uploads/2022/11/IMG_E7058_cropped-scaled.jpg" />
<script type="application/ld+json" class="yoast-schema-graph">{"@context":"https:\/\/schema.org","@graph":[{"@type":"WebPage","@id":"https:\/\/gobiernu.cw\/nl\/nieuw\/526231-2\/","url":"https:\/\/gobiernu.cw\/nl\/nieuw\/526231-2\/","name":"Gouverneur ontvangt staatssecretaris Van Huffelen en minister-president Pisas - Informashon tokante Gobièrnu di Kòrsou","isPartOf":{"@id":"https:\/\/gobiernu.cw\/#website"},"primaryImageOfPage":{"@id":"https:\/\/gobiernu.cw\/nl\/nieuw\/526231-2\/#primaryimage"},"image":{"@id":"https:\/\/gobiernu.cw\/nl\/nieuw\/526231-2\/#primaryimage"},"thumbnailUrl":"https:\/\/gobiernu.cw\/wp-content\/uploads\/2022\/11\/IMG_E7058_cropped-scaled.jpg","datePublished":"2022-11-24T15:50:24+00:00","dateModified":"2022-11-24T15:53:47+00:00","breadcrumb":{"@id":"https:\/\/gobiernu.cw\/nl\/nieuw\/526231-2\/#breadcrumb"},"inLanguage":"nl-NL","potentialAction":[{"@type":"ReadAction","target":["https:\/\/gobiernu.cw\/nl\/nieuw\/526231-2\/"]}]},{"@type":"ImageObject","inLanguage":"nl-NL","@id":"https:\/\/gobiernu.cw\/nl\/nieuw\/526231-2\/#primaryimage","url":"https:\/\/gobiernu.cw\/wp-content\/uploads\/2022\/11\/IMG_E7058_cropped-scaled.jpg","contentUrl":"https:\/\/gobiernu.cw\/wp-content\/uploads\/2022\/11\/IMG_E7058_cropped-scaled.jpg","width":2560,"height":1319},{"@type":"BreadcrumbList","@id":"https:\/\/gobiernu.cw\/nl\/nieuw\/526231-2\/#breadcrumb","itemListElement":[{"@type":"ListItem","position":1,"name":"Home","item":"https:\/\/gobiernu.cw\/nl\/"},{"@type":"ListItem","position":2,"name":"Nieuws","item":"https:\/\/gobiernu.cw\/nl\/nieuws\/"},{"@type":"ListItem","position":3,"name":"Gouverneur ontvangt staatssecretaris Van Huffelen en minister-president Pisas"}]},{"@type":"WebSite","@id":"https:\/\/gobiernu.cw\/#website","url":"https:\/\/gobiernu.cw\/","name":"Informashon tokante Gobièrnu di Kòrsou","description":"Gobièrnu di Kòrsou","publisher":{"@id":"https:\/\/gobiernu.cw\/#organization"},"potentialAction":[{"@type":"SearchAction","target":{"@type":"EntryPoint","urlTemplate":"https:\/\/gobiernu.cw\/?s={search_term_string}"},"query-input":{"@type":"PropertyValueSpecification","valueRequired":true,"valueName":"search_term_string"}}],"inLanguage":"nl-NL"},{"@type":"Organization","@id":"https:\/\/gobiernu.cw\/#organization","name":"Gobièrnu di Kòrsou","url":"https:\/\/gobiernu.cw\/","logo":{"@type":"ImageObject","inLanguage":"nl-NL","@id":"https:\/\/gobiernu.cw\/#\/schema\/logo\/image\/","url":"https:\/\/gobiernu.cw\/wp-content\/uploads\/2019\/01\/Logo_regering_3.png","contentUrl":"https:\/\/gobiernu.cw\/wp-content\/uploads\/2019\/01\/Logo_regering_3.png","width":129,"height":115,"caption":"Gobièrnu di Kòrsou"},"image":{"@id":"https:\/\/gobiernu.cw\/#\/schema\/logo\/image\/"}}]}</script>
<!-- / Yoast SEO plugin. -->

Gouverneur ontvangt staatssecretaris Van Huffelen en minister-president Pisas - Informashon tokante Gobièrnu di Kòrsou

WILLEMSTAD – De Gouverneur van Curaçao, Hare Excellentie Lucille George-Wout, heeft dinsdag 22 november gezamenlijk gesproken met de staatssecretaris voor Koninkrijkrelaties Alexandra van Huffelen en minister-president […]

Informashon tokante Gobièrnu di Kòrsou

Gobièrnu di Kòrsou
