{"id":534687,"date":"2023-10-29T15:34:12","date_gmt":"2023-10-29T19:34:12","guid":{"rendered":"https:\/\/gobiernu.cw\/?post_type=nieuw&#038;p=534687"},"modified":"2023-10-29T15:34:12","modified_gmt":"2023-10-29T19:34:12","slug":"commandeur-walter-hansen-op-bezoek-bij-gouverneur","status":"publish","type":"nieuw","link":"https:\/\/gobiernu.cw\/nl\/nieuw\/commandeur-walter-hansen-op-bezoek-bij-gouverneur\/","title":{"rendered":"Commandeur Walter Hansen op bezoek bij Gouverneur"},"content":{"rendered":"<p style=\"text-align: justify;\">WILLEMSTAD \u2013\u00a0Op dinsdag 17 oktober 2023 heeft de Commandant der Zeemacht in het Caribisch gebied (CZMCARIB) tevens directeur Kustwacht Caribisch gebied, Commandeur Walter Hansen een bezoek gebracht aan de Gouverneur van Cura\u00e7ao, Hare Excellentie Lucille George-Wout.<\/p>\n<p>Tijdens het bezoek heeft Commandeur Hansen de Gouverneur ge\u00efnformeerd over actuele zaken aangaande de bescherming van de integriteit van het territorium van het Koninkrijk in het Caribisch gebied en de veiligheid op zee, alsmede over de ontwikkelingen binnen de kustwacht.<\/p>\n<div id=\"attachment_534688\" style=\"width: 1546px\" class=\"wp-caption alignnone\"><img aria-describedby=\"caption-attachment-534688\" loading=\"lazy\" class=\"size-full wp-image-534688\" src=\"https:\/\/gobiernu.cw\/wp-content\/uploads\/2023\/10\/IMG-20231017-WA0036-1.jpg\" alt=\"\" width=\"1536\" height=\"2048\" srcset=\"https:\/\/gobiernu.cw\/wp-content\/uploads\/2023\/10\/IMG-20231017-WA0036-1.jpg 1536w, https:\/\/gobiernu.cw\/wp-content\/uploads\/2023\/10\/IMG-20231017-WA0036-1-225x300.jpg 225w, https:\/\/gobiernu.cw\/wp-content\/uploads\/2023\/10\/IMG-20231017-WA0036-1-768x1024.jpg 768w, https:\/\/gobiernu.cw\/wp-content\/uploads\/2023\/10\/IMG-20231017-WA0036-1-1152x1536.jpg 1152w, https:\/\/gobiernu.cw\/wp-content\/uploads\/2023\/10\/IMG-20231017-WA0036-1-110x146.jpg 110w, https:\/\/gobiernu.cw\/wp-content\/uploads\/2023\/10\/IMG-20231017-WA0036-1-38x50.jpg 38w, https:\/\/gobiernu.cw\/wp-content\/uploads\/2023\/10\/IMG-20231017-WA0036-1-56x75.jpg 56w, https:\/\/gobiernu.cw\/wp-content\/uploads\/2023\/10\/IMG-20231017-WA0036-1-1320x1760.jpg 1320w\" sizes=\"auto, (max-width:767px) 480px, (max-width:1536px) 100vw, 1536px\" \/><p id=\"caption-attachment-534688\" class=\"wp-caption-text\"><i><span lang=\"NL\">Commandeur Walter Hansen en de Gouverneur van Curacao, H.E. Lucille George-Wout. <\/span><\/i><\/p><\/div>\n","protected":false},"excerpt":{"rendered":"<p>WILLEMSTAD \u2013\u00a0Op dinsdag 17 oktober 2023 heeft de Commandant der Zeemacht in het Caribisch gebied (CZMCARIB) tevens directeur Kustwacht Caribisch gebied, Commandeur Walter Hansen een bezoek<span class=\"excerpt-hellip\"> [\u2026]<\/span><\/p>\n","protected":false},"featured_media":0,"parent":0,"template":"","nieuws_category":[133,622,651],"ministry":[207],"class_list":["post-534687","nieuw","type-nieuw","status-publish","hentry","nieuws_category-persberichten-nl","nieuws_category-gouverneur-van-curacao","nieuws_category-komunikado-nl","ministry-algemene-zaken-en-minister-president"],"acf":[],"yoast_head":"<!-- This site is optimized with the Yoast SEO plugin v27.4 - https:\/\/yoast.com\/product\/yoast-seo-wordpress\/ -->\n<title>Commandeur Walter Hansen op bezoek bij Gouverneur - Informashon tokante Gobi\u00e8rnu di K\u00f2rsou<\/title>\n<meta name=\"robots\" content=\"noindex, follow\" \/>\n<meta name=\"twitter:card\" content=\"summary_large_image\" \/>\n<meta name=\"twitter:title\" content=\"Commandeur Walter Hansen op bezoek bij Gouverneur - Informashon tokante Gobi\u00e8rnu di K\u00f2rsou\" \/>\n<meta name=\"twitter:description\" content=\"WILLEMSTAD \u2013\u00a0Op dinsdag 17 oktober 2023 heeft de Commandant der Zeemacht in het Caribisch gebied (CZMCARIB) tevens directeur Kustwacht Caribisch gebied, Commandeur Walter Hansen een bezoek [\u2026]\" \/>\n<meta name=\"twitter:image\" content=\"https:\/\/gobiernu.cw\/wp-content\/uploads\/2023\/10\/IMG-20231017-WA0036-1.jpg\" \/>\n<script type=\"application\/ld+json\" class=\"yoast-schema-graph\">{\"@context\":\"https:\\\/\\\/schema.org\",\"@graph\":[{\"@type\":\"WebPage\",\"@id\":\"https:\\\/\\\/gobiernu.cw\\\/nl\\\/nieuw\\\/commandeur-walter-hansen-op-bezoek-bij-gouverneur\\\/\",\"url\":\"https:\\\/\\\/gobiernu.cw\\\/nl\\\/nieuw\\\/commandeur-walter-hansen-op-bezoek-bij-gouverneur\\\/\",\"name\":\"Commandeur Walter Hansen op bezoek bij Gouverneur - Informashon tokante Gobi\u00e8rnu di K\u00f2rsou\",\"isPartOf\":{\"@id\":\"https:\\\/\\\/gobiernu.cw\\\/#website\"},\"primaryImageOfPage\":{\"@id\":\"https:\\\/\\\/gobiernu.cw\\\/nl\\\/nieuw\\\/commandeur-walter-hansen-op-bezoek-bij-gouverneur\\\/#primaryimage\"},\"image\":{\"@id\":\"https:\\\/\\\/gobiernu.cw\\\/nl\\\/nieuw\\\/commandeur-walter-hansen-op-bezoek-bij-gouverneur\\\/#primaryimage\"},\"thumbnailUrl\":\"https:\\\/\\\/gobiernu.cw\\\/wp-content\\\/uploads\\\/2023\\\/10\\\/IMG-20231017-WA0036-1.jpg\",\"datePublished\":\"2023-10-29T19:34:12+00:00\",\"breadcrumb\":{\"@id\":\"https:\\\/\\\/gobiernu.cw\\\/nl\\\/nieuw\\\/commandeur-walter-hansen-op-bezoek-bij-gouverneur\\\/#breadcrumb\"},\"inLanguage\":\"nl-NL\",\"potentialAction\":[{\"@type\":\"ReadAction\",\"target\":[\"https:\\\/\\\/gobiernu.cw\\\/nl\\\/nieuw\\\/commandeur-walter-hansen-op-bezoek-bij-gouverneur\\\/\"]}]},{\"@type\":\"ImageObject\",\"inLanguage\":\"nl-NL\",\"@id\":\"https:\\\/\\\/gobiernu.cw\\\/nl\\\/nieuw\\\/commandeur-walter-hansen-op-bezoek-bij-gouverneur\\\/#primaryimage\",\"url\":\"https:\\\/\\\/gobiernu.cw\\\/wp-content\\\/uploads\\\/2023\\\/10\\\/IMG-20231017-WA0036-1.jpg\",\"contentUrl\":\"https:\\\/\\\/gobiernu.cw\\\/wp-content\\\/uploads\\\/2023\\\/10\\\/IMG-20231017-WA0036-1.jpg\"},{\"@type\":\"BreadcrumbList\",\"@id\":\"https:\\\/\\\/gobiernu.cw\\\/nl\\\/nieuw\\\/commandeur-walter-hansen-op-bezoek-bij-gouverneur\\\/#breadcrumb\",\"itemListElement\":[{\"@type\":\"ListItem\",\"position\":1,\"name\":\"Home\",\"item\":\"https:\\\/\\\/gobiernu.cw\\\/nl\\\/\"},{\"@type\":\"ListItem\",\"position\":2,\"name\":\"Nieuws\",\"item\":\"https:\\\/\\\/gobiernu.cw\\\/nl\\\/nieuws\\\/\"},{\"@type\":\"ListItem\",\"position\":3,\"name\":\"Commandeur Walter Hansen op bezoek bij Gouverneur\"}]},{\"@type\":\"WebSite\",\"@id\":\"https:\\\/\\\/gobiernu.cw\\\/#website\",\"url\":\"https:\\\/\\\/gobiernu.cw\\\/\",\"name\":\"Informashon tokante Gobi\u00e8rnu di K\u00f2rsou\",\"description\":\"Gobi\u00e8rnu di K\u00f2rsou\",\"publisher\":{\"@id\":\"https:\\\/\\\/gobiernu.cw\\\/#organization\"},\"potentialAction\":[{\"@type\":\"SearchAction\",\"target\":{\"@type\":\"EntryPoint\",\"urlTemplate\":\"https:\\\/\\\/gobiernu.cw\\\/?s={search_term_string}\"},\"query-input\":{\"@type\":\"PropertyValueSpecification\",\"valueRequired\":true,\"valueName\":\"search_term_string\"}}],\"inLanguage\":\"nl-NL\"},{\"@type\":\"Organization\",\"@id\":\"https:\\\/\\\/gobiernu.cw\\\/#organization\",\"name\":\"Gobi\u00e8rnu di K\u00f2rsou\",\"url\":\"https:\\\/\\\/gobiernu.cw\\\/\",\"logo\":{\"@type\":\"ImageObject\",\"inLanguage\":\"nl-NL\",\"@id\":\"https:\\\/\\\/gobiernu.cw\\\/#\\\/schema\\\/logo\\\/image\\\/\",\"url\":\"https:\\\/\\\/gobiernu.cw\\\/wp-content\\\/uploads\\\/2019\\\/01\\\/Logo_regering_3.png\",\"contentUrl\":\"https:\\\/\\\/gobiernu.cw\\\/wp-content\\\/uploads\\\/2019\\\/01\\\/Logo_regering_3.png\",\"width\":129,\"height\":115,\"caption\":\"Gobi\u00e8rnu di K\u00f2rsou\"},\"image\":{\"@id\":\"https:\\\/\\\/gobiernu.cw\\\/#\\\/schema\\\/logo\\\/image\\\/\"}}]}<\/script>\n<!-- \/ Yoast SEO plugin. -->","yoast_head_json":{"title":"Commandeur Walter Hansen op bezoek bij Gouverneur - Informashon tokante Gobi\u00e8rnu di K\u00f2rsou","robots":{"index":"noindex","follow":"follow"},"twitter_card":"summary_large_image","twitter_title":"Commandeur Walter Hansen op bezoek bij Gouverneur - Informashon tokante Gobi\u00e8rnu di K\u00f2rsou","twitter_description":"WILLEMSTAD \u2013\u00a0Op dinsdag 17 oktober 2023 heeft de Commandant der Zeemacht in het Caribisch gebied (CZMCARIB) tevens directeur Kustwacht Caribisch gebied, Commandeur Walter Hansen een bezoek [\u2026]","twitter_image":"https:\/\/gobiernu.cw\/wp-content\/uploads\/2023\/10\/IMG-20231017-WA0036-1.jpg","schema":{"@context":"https:\/\/schema.org","@graph":[{"@type":"WebPage","@id":"https:\/\/gobiernu.cw\/nl\/nieuw\/commandeur-walter-hansen-op-bezoek-bij-gouverneur\/","url":"https:\/\/gobiernu.cw\/nl\/nieuw\/commandeur-walter-hansen-op-bezoek-bij-gouverneur\/","name":"Commandeur Walter Hansen op bezoek bij Gouverneur - Informashon tokante Gobi\u00e8rnu di K\u00f2rsou","isPartOf":{"@id":"https:\/\/gobiernu.cw\/#website"},"primaryImageOfPage":{"@id":"https:\/\/gobiernu.cw\/nl\/nieuw\/commandeur-walter-hansen-op-bezoek-bij-gouverneur\/#primaryimage"},"image":{"@id":"https:\/\/gobiernu.cw\/nl\/nieuw\/commandeur-walter-hansen-op-bezoek-bij-gouverneur\/#primaryimage"},"thumbnailUrl":"https:\/\/gobiernu.cw\/wp-content\/uploads\/2023\/10\/IMG-20231017-WA0036-1.jpg","datePublished":"2023-10-29T19:34:12+00:00","breadcrumb":{"@id":"https:\/\/gobiernu.cw\/nl\/nieuw\/commandeur-walter-hansen-op-bezoek-bij-gouverneur\/#breadcrumb"},"inLanguage":"nl-NL","potentialAction":[{"@type":"ReadAction","target":["https:\/\/gobiernu.cw\/nl\/nieuw\/commandeur-walter-hansen-op-bezoek-bij-gouverneur\/"]}]},{"@type":"ImageObject","inLanguage":"nl-NL","@id":"https:\/\/gobiernu.cw\/nl\/nieuw\/commandeur-walter-hansen-op-bezoek-bij-gouverneur\/#primaryimage","url":"https:\/\/gobiernu.cw\/wp-content\/uploads\/2023\/10\/IMG-20231017-WA0036-1.jpg","contentUrl":"https:\/\/gobiernu.cw\/wp-content\/uploads\/2023\/10\/IMG-20231017-WA0036-1.jpg"},{"@type":"BreadcrumbList","@id":"https:\/\/gobiernu.cw\/nl\/nieuw\/commandeur-walter-hansen-op-bezoek-bij-gouverneur\/#breadcrumb","itemListElement":[{"@type":"ListItem","position":1,"name":"Home","item":"https:\/\/gobiernu.cw\/nl\/"},{"@type":"ListItem","position":2,"name":"Nieuws","item":"https:\/\/gobiernu.cw\/nl\/nieuws\/"},{"@type":"ListItem","position":3,"name":"Commandeur Walter Hansen op bezoek bij Gouverneur"}]},{"@type":"WebSite","@id":"https:\/\/gobiernu.cw\/#website","url":"https:\/\/gobiernu.cw\/","name":"Informashon tokante Gobi\u00e8rnu di K\u00f2rsou","description":"Gobi\u00e8rnu di K\u00f2rsou","publisher":{"@id":"https:\/\/gobiernu.cw\/#organization"},"potentialAction":[{"@type":"SearchAction","target":{"@type":"EntryPoint","urlTemplate":"https:\/\/gobiernu.cw\/?s={search_term_string}"},"query-input":{"@type":"PropertyValueSpecification","valueRequired":true,"valueName":"search_term_string"}}],"inLanguage":"nl-NL"},{"@type":"Organization","@id":"https:\/\/gobiernu.cw\/#organization","name":"Gobi\u00e8rnu di K\u00f2rsou","url":"https:\/\/gobiernu.cw\/","logo":{"@type":"ImageObject","inLanguage":"nl-NL","@id":"https:\/\/gobiernu.cw\/#\/schema\/logo\/image\/","url":"https:\/\/gobiernu.cw\/wp-content\/uploads\/2019\/01\/Logo_regering_3.png","contentUrl":"https:\/\/gobiernu.cw\/wp-content\/uploads\/2019\/01\/Logo_regering_3.png","width":129,"height":115,"caption":"Gobi\u00e8rnu di K\u00f2rsou"},"image":{"@id":"https:\/\/gobiernu.cw\/#\/schema\/logo\/image\/"}}]}},"jetpack_sharing_enabled":true,"_links":{"self":[{"href":"https:\/\/gobiernu.cw\/nl\/wp-json\/wp\/v2\/nieuw\/534687","targetHints":{"allow":["GET"]}}],"collection":[{"href":"https:\/\/gobiernu.cw\/nl\/wp-json\/wp\/v2\/nieuw"}],"about":[{"href":"https:\/\/gobiernu.cw\/nl\/wp-json\/wp\/v2\/types\/nieuw"}],"wp:attachment":[{"href":"https:\/\/gobiernu.cw\/nl\/wp-json\/wp\/v2\/media?parent=534687"}],"wp:term":[{"taxonomy":"nieuws_category","embeddable":true,"href":"https:\/\/gobiernu.cw\/nl\/wp-json\/wp\/v2\/nieuws_category?post=534687"},{"taxonomy":"ministry","embeddable":true,"href":"https:\/\/gobiernu.cw\/nl\/wp-json\/wp\/v2\/ministry?post=534687"}],"curies":[{"name":"wp","href":"https:\/\/api.w.org\/{rel}","templated":true}]}}

<p style="text-align: justify;">WILLEMSTAD – Op dinsdag 17 oktober 2023 heeft de Commandant der Zeemacht in het Caribisch gebied (CZMCARIB) tevens directeur Kustwacht Caribisch gebied, Commandeur Walter Hansen een bezoek gebracht aan de Gouverneur van Curaçao, Hare Excellentie Lucille George-Wout.</p>
<p>Tijdens het bezoek heeft Commandeur Hansen de Gouverneur geïnformeerd over actuele zaken aangaande de bescherming van de integriteit van het territorium van het Koninkrijk in het Caribisch gebied en de veiligheid op zee, alsmede over de ontwikkelingen binnen de kustwacht.</p>
<div id="attachment_534688" style="width: 1546px" class="wp-caption alignnone"><img aria-describedby="caption-attachment-534688" loading="lazy" class="size-full wp-image-534688" src="https://gobiernu.cw/wp-content/uploads/2023/10/IMG-20231017-WA0036-1.jpg" alt="" width="1536" height="2048" srcset="https://gobiernu.cw/wp-content/uploads/2023/10/IMG-20231017-WA0036-1.jpg 1536w, https://gobiernu.cw/wp-content/uploads/2023/10/IMG-20231017-WA0036-1-225x300.jpg 225w, https://gobiernu.cw/wp-content/uploads/2023/10/IMG-20231017-WA0036-1-768x1024.jpg 768w, https://gobiernu.cw/wp-content/uploads/2023/10/IMG-20231017-WA0036-1-1152x1536.jpg 1152w, https://gobiernu.cw/wp-content/uploads/2023/10/IMG-20231017-WA0036-1-110x146.jpg 110w, https://gobiernu.cw/wp-content/uploads/2023/10/IMG-20231017-WA0036-1-38x50.jpg 38w, https://gobiernu.cw/wp-content/uploads/2023/10/IMG-20231017-WA0036-1-56x75.jpg 56w, https://gobiernu.cw/wp-content/uploads/2023/10/IMG-20231017-WA0036-1-1320x1760.jpg 1320w" sizes="auto, (max-width:767px) 480px, (max-width:1536px) 100vw, 1536px" /><p id="caption-attachment-534688" class="wp-caption-text"><i><span lang="NL">Commandeur Walter Hansen en de Gouverneur van Curacao, H.E. Lucille George-Wout. </span></i></p></div>

<!-- This site is optimized with the Yoast SEO plugin v27.4 - https://yoast.com/product/yoast-seo-wordpress/ -->
<title>Commandeur Walter Hansen op bezoek bij Gouverneur - Informashon tokante Gobièrnu di Kòrsou</title>
<meta name="robots" content="noindex, follow" />
<meta name="twitter:card" content="summary_large_image" />
<meta name="twitter:title" content="Commandeur Walter Hansen op bezoek bij Gouverneur - Informashon tokante Gobièrnu di Kòrsou" />
<meta name="twitter:description" content="WILLEMSTAD – Op dinsdag 17 oktober 2023 heeft de Commandant der Zeemacht in het Caribisch gebied (CZMCARIB) tevens directeur Kustwacht Caribisch gebied, Commandeur Walter Hansen een bezoek […]" />
<meta name="twitter:image" content="https://gobiernu.cw/wp-content/uploads/2023/10/IMG-20231017-WA0036-1.jpg" />
<script type="application/ld+json" class="yoast-schema-graph">{"@context":"https:\/\/schema.org","@graph":[{"@type":"WebPage","@id":"https:\/\/gobiernu.cw\/nl\/nieuw\/commandeur-walter-hansen-op-bezoek-bij-gouverneur\/","url":"https:\/\/gobiernu.cw\/nl\/nieuw\/commandeur-walter-hansen-op-bezoek-bij-gouverneur\/","name":"Commandeur Walter Hansen op bezoek bij Gouverneur - Informashon tokante Gobièrnu di Kòrsou","isPartOf":{"@id":"https:\/\/gobiernu.cw\/#website"},"primaryImageOfPage":{"@id":"https:\/\/gobiernu.cw\/nl\/nieuw\/commandeur-walter-hansen-op-bezoek-bij-gouverneur\/#primaryimage"},"image":{"@id":"https:\/\/gobiernu.cw\/nl\/nieuw\/commandeur-walter-hansen-op-bezoek-bij-gouverneur\/#primaryimage"},"thumbnailUrl":"https:\/\/gobiernu.cw\/wp-content\/uploads\/2023\/10\/IMG-20231017-WA0036-1.jpg","datePublished":"2023-10-29T19:34:12+00:00","breadcrumb":{"@id":"https:\/\/gobiernu.cw\/nl\/nieuw\/commandeur-walter-hansen-op-bezoek-bij-gouverneur\/#breadcrumb"},"inLanguage":"nl-NL","potentialAction":[{"@type":"ReadAction","target":["https:\/\/gobiernu.cw\/nl\/nieuw\/commandeur-walter-hansen-op-bezoek-bij-gouverneur\/"]}]},{"@type":"ImageObject","inLanguage":"nl-NL","@id":"https:\/\/gobiernu.cw\/nl\/nieuw\/commandeur-walter-hansen-op-bezoek-bij-gouverneur\/#primaryimage","url":"https:\/\/gobiernu.cw\/wp-content\/uploads\/2023\/10\/IMG-20231017-WA0036-1.jpg","contentUrl":"https:\/\/gobiernu.cw\/wp-content\/uploads\/2023\/10\/IMG-20231017-WA0036-1.jpg"},{"@type":"BreadcrumbList","@id":"https:\/\/gobiernu.cw\/nl\/nieuw\/commandeur-walter-hansen-op-bezoek-bij-gouverneur\/#breadcrumb","itemListElement":[{"@type":"ListItem","position":1,"name":"Home","item":"https:\/\/gobiernu.cw\/nl\/"},{"@type":"ListItem","position":2,"name":"Nieuws","item":"https:\/\/gobiernu.cw\/nl\/nieuws\/"},{"@type":"ListItem","position":3,"name":"Commandeur Walter Hansen op bezoek bij Gouverneur"}]},{"@type":"WebSite","@id":"https:\/\/gobiernu.cw\/#website","url":"https:\/\/gobiernu.cw\/","name":"Informashon tokante Gobièrnu di Kòrsou","description":"Gobièrnu di Kòrsou","publisher":{"@id":"https:\/\/gobiernu.cw\/#organization"},"potentialAction":[{"@type":"SearchAction","target":{"@type":"EntryPoint","urlTemplate":"https:\/\/gobiernu.cw\/?s={search_term_string}"},"query-input":{"@type":"PropertyValueSpecification","valueRequired":true,"valueName":"search_term_string"}}],"inLanguage":"nl-NL"},{"@type":"Organization","@id":"https:\/\/gobiernu.cw\/#organization","name":"Gobièrnu di Kòrsou","url":"https:\/\/gobiernu.cw\/","logo":{"@type":"ImageObject","inLanguage":"nl-NL","@id":"https:\/\/gobiernu.cw\/#\/schema\/logo\/image\/","url":"https:\/\/gobiernu.cw\/wp-content\/uploads\/2019\/01\/Logo_regering_3.png","contentUrl":"https:\/\/gobiernu.cw\/wp-content\/uploads\/2019\/01\/Logo_regering_3.png","width":129,"height":115,"caption":"Gobièrnu di Kòrsou"},"image":{"@id":"https:\/\/gobiernu.cw\/#\/schema\/logo\/image\/"}}]}</script>
<!-- / Yoast SEO plugin. -->

Commandeur Walter Hansen op bezoek bij Gouverneur - Informashon tokante Gobièrnu di Kòrsou

Informashon tokante Gobièrnu di Kòrsou

Gobièrnu di Kòrsou
