{"id":534718,"date":"2023-10-29T16:51:12","date_gmt":"2023-10-29T20:51:12","guid":{"rendered":"https:\/\/gobiernu.cw\/?post_type=nieuw&#038;p=534718"},"modified":"2023-10-29T16:51:12","modified_gmt":"2023-10-29T20:51:12","slug":"afscheidsbezoek-oud-secretaris-cft","status":"publish","type":"nieuw","link":"https:\/\/gobiernu.cw\/nl\/nieuw\/afscheidsbezoek-oud-secretaris-cft\/","title":{"rendered":"Afscheidsbezoek oud secretaris CFT"},"content":{"rendered":"<p><span style=\"text-align: justify;\">WILLEMSTAD &#8211; Op maandag 9 oktober 2023 heeft oud secretaris van het CFT de heer Ray Thuis een afscheidsbezoek gebracht aan de Gouverneur van Cura\u00e7ao H.E. Lucille George-Wout.<\/span><\/p>\n<div id=\"attachment_534719\" style=\"width: 1546px\" class=\"wp-caption alignnone\"><img aria-describedby=\"caption-attachment-534719\" loading=\"lazy\" class=\"wp-image-534719 size-full\" src=\"https:\/\/gobiernu.cw\/wp-content\/uploads\/2023\/10\/IMG-20231016-WA0015.jpg\" alt=\"\" width=\"1536\" height=\"2048\" srcset=\"https:\/\/gobiernu.cw\/wp-content\/uploads\/2023\/10\/IMG-20231016-WA0015.jpg 1536w, https:\/\/gobiernu.cw\/wp-content\/uploads\/2023\/10\/IMG-20231016-WA0015-225x300.jpg 225w, https:\/\/gobiernu.cw\/wp-content\/uploads\/2023\/10\/IMG-20231016-WA0015-768x1024.jpg 768w, https:\/\/gobiernu.cw\/wp-content\/uploads\/2023\/10\/IMG-20231016-WA0015-1152x1536.jpg 1152w, https:\/\/gobiernu.cw\/wp-content\/uploads\/2023\/10\/IMG-20231016-WA0015-110x146.jpg 110w, https:\/\/gobiernu.cw\/wp-content\/uploads\/2023\/10\/IMG-20231016-WA0015-38x50.jpg 38w, https:\/\/gobiernu.cw\/wp-content\/uploads\/2023\/10\/IMG-20231016-WA0015-56x75.jpg 56w, https:\/\/gobiernu.cw\/wp-content\/uploads\/2023\/10\/IMG-20231016-WA0015-1320x1760.jpg 1320w\" sizes=\"auto, (max-width:767px) 480px, (max-width:1536px) 100vw, 1536px\" \/><p id=\"caption-attachment-534719\" class=\"wp-caption-text\">De heer Ray Thuis en de Gouverneur van Cura\u00e7ao H.E. Lucille George-Wout.<\/p><\/div>\n<p>&nbsp;<\/p>\n","protected":false},"excerpt":{"rendered":"<p>WILLEMSTAD &#8211; Op maandag 9 oktober 2023 heeft oud secretaris van het CFT de heer Ray Thuis een afscheidsbezoek gebracht aan de Gouverneur van Cura\u00e7ao H.E.<span class=\"excerpt-hellip\"> [\u2026]<\/span><\/p>\n","protected":false},"featured_media":0,"parent":0,"template":"","nieuws_category":[133,622,651],"ministry":[207],"class_list":["post-534718","nieuw","type-nieuw","status-publish","hentry","nieuws_category-persberichten-nl","nieuws_category-gouverneur-van-curacao","nieuws_category-komunikado-nl","ministry-algemene-zaken-en-minister-president"],"acf":[],"yoast_head":"<!-- This site is optimized with the Yoast SEO plugin v27.4 - https:\/\/yoast.com\/product\/yoast-seo-wordpress\/ -->\n<title>Afscheidsbezoek oud secretaris CFT - Informashon tokante Gobi\u00e8rnu di K\u00f2rsou<\/title>\n<meta name=\"robots\" content=\"noindex, follow\" \/>\n<meta name=\"twitter:card\" content=\"summary_large_image\" \/>\n<meta name=\"twitter:title\" content=\"Afscheidsbezoek oud secretaris CFT - Informashon tokante Gobi\u00e8rnu di K\u00f2rsou\" \/>\n<meta name=\"twitter:description\" content=\"WILLEMSTAD &#8211; Op maandag 9 oktober 2023 heeft oud secretaris van het CFT de heer Ray Thuis een afscheidsbezoek gebracht aan de Gouverneur van Cura\u00e7ao H.E. [\u2026]\" \/>\n<meta name=\"twitter:image\" content=\"https:\/\/gobiernu.cw\/wp-content\/uploads\/2023\/10\/IMG-20231016-WA0015.jpg\" \/>\n<script type=\"application\/ld+json\" class=\"yoast-schema-graph\">{\"@context\":\"https:\\\/\\\/schema.org\",\"@graph\":[{\"@type\":\"WebPage\",\"@id\":\"https:\\\/\\\/gobiernu.cw\\\/nl\\\/nieuw\\\/afscheidsbezoek-oud-secretaris-cft\\\/\",\"url\":\"https:\\\/\\\/gobiernu.cw\\\/nl\\\/nieuw\\\/afscheidsbezoek-oud-secretaris-cft\\\/\",\"name\":\"Afscheidsbezoek oud secretaris CFT - Informashon tokante Gobi\u00e8rnu di K\u00f2rsou\",\"isPartOf\":{\"@id\":\"https:\\\/\\\/gobiernu.cw\\\/#website\"},\"primaryImageOfPage\":{\"@id\":\"https:\\\/\\\/gobiernu.cw\\\/nl\\\/nieuw\\\/afscheidsbezoek-oud-secretaris-cft\\\/#primaryimage\"},\"image\":{\"@id\":\"https:\\\/\\\/gobiernu.cw\\\/nl\\\/nieuw\\\/afscheidsbezoek-oud-secretaris-cft\\\/#primaryimage\"},\"thumbnailUrl\":\"https:\\\/\\\/gobiernu.cw\\\/wp-content\\\/uploads\\\/2023\\\/10\\\/IMG-20231016-WA0015.jpg\",\"datePublished\":\"2023-10-29T20:51:12+00:00\",\"breadcrumb\":{\"@id\":\"https:\\\/\\\/gobiernu.cw\\\/nl\\\/nieuw\\\/afscheidsbezoek-oud-secretaris-cft\\\/#breadcrumb\"},\"inLanguage\":\"nl-NL\",\"potentialAction\":[{\"@type\":\"ReadAction\",\"target\":[\"https:\\\/\\\/gobiernu.cw\\\/nl\\\/nieuw\\\/afscheidsbezoek-oud-secretaris-cft\\\/\"]}]},{\"@type\":\"ImageObject\",\"inLanguage\":\"nl-NL\",\"@id\":\"https:\\\/\\\/gobiernu.cw\\\/nl\\\/nieuw\\\/afscheidsbezoek-oud-secretaris-cft\\\/#primaryimage\",\"url\":\"https:\\\/\\\/gobiernu.cw\\\/wp-content\\\/uploads\\\/2023\\\/10\\\/IMG-20231016-WA0015.jpg\",\"contentUrl\":\"https:\\\/\\\/gobiernu.cw\\\/wp-content\\\/uploads\\\/2023\\\/10\\\/IMG-20231016-WA0015.jpg\"},{\"@type\":\"BreadcrumbList\",\"@id\":\"https:\\\/\\\/gobiernu.cw\\\/nl\\\/nieuw\\\/afscheidsbezoek-oud-secretaris-cft\\\/#breadcrumb\",\"itemListElement\":[{\"@type\":\"ListItem\",\"position\":1,\"name\":\"Home\",\"item\":\"https:\\\/\\\/gobiernu.cw\\\/nl\\\/\"},{\"@type\":\"ListItem\",\"position\":2,\"name\":\"Nieuws\",\"item\":\"https:\\\/\\\/gobiernu.cw\\\/nl\\\/nieuws\\\/\"},{\"@type\":\"ListItem\",\"position\":3,\"name\":\"Afscheidsbezoek oud secretaris CFT\"}]},{\"@type\":\"WebSite\",\"@id\":\"https:\\\/\\\/gobiernu.cw\\\/#website\",\"url\":\"https:\\\/\\\/gobiernu.cw\\\/\",\"name\":\"Informashon tokante Gobi\u00e8rnu di K\u00f2rsou\",\"description\":\"Gobi\u00e8rnu di K\u00f2rsou\",\"publisher\":{\"@id\":\"https:\\\/\\\/gobiernu.cw\\\/#organization\"},\"potentialAction\":[{\"@type\":\"SearchAction\",\"target\":{\"@type\":\"EntryPoint\",\"urlTemplate\":\"https:\\\/\\\/gobiernu.cw\\\/?s={search_term_string}\"},\"query-input\":{\"@type\":\"PropertyValueSpecification\",\"valueRequired\":true,\"valueName\":\"search_term_string\"}}],\"inLanguage\":\"nl-NL\"},{\"@type\":\"Organization\",\"@id\":\"https:\\\/\\\/gobiernu.cw\\\/#organization\",\"name\":\"Gobi\u00e8rnu di K\u00f2rsou\",\"url\":\"https:\\\/\\\/gobiernu.cw\\\/\",\"logo\":{\"@type\":\"ImageObject\",\"inLanguage\":\"nl-NL\",\"@id\":\"https:\\\/\\\/gobiernu.cw\\\/#\\\/schema\\\/logo\\\/image\\\/\",\"url\":\"https:\\\/\\\/gobiernu.cw\\\/wp-content\\\/uploads\\\/2019\\\/01\\\/Logo_regering_3.png\",\"contentUrl\":\"https:\\\/\\\/gobiernu.cw\\\/wp-content\\\/uploads\\\/2019\\\/01\\\/Logo_regering_3.png\",\"width\":129,\"height\":115,\"caption\":\"Gobi\u00e8rnu di K\u00f2rsou\"},\"image\":{\"@id\":\"https:\\\/\\\/gobiernu.cw\\\/#\\\/schema\\\/logo\\\/image\\\/\"}}]}<\/script>\n<!-- \/ Yoast SEO plugin. -->","yoast_head_json":{"title":"Afscheidsbezoek oud secretaris CFT - Informashon tokante Gobi\u00e8rnu di K\u00f2rsou","robots":{"index":"noindex","follow":"follow"},"twitter_card":"summary_large_image","twitter_title":"Afscheidsbezoek oud secretaris CFT - Informashon tokante Gobi\u00e8rnu di K\u00f2rsou","twitter_description":"WILLEMSTAD &#8211; Op maandag 9 oktober 2023 heeft oud secretaris van het CFT de heer Ray Thuis een afscheidsbezoek gebracht aan de Gouverneur van Cura\u00e7ao H.E. [\u2026]","twitter_image":"https:\/\/gobiernu.cw\/wp-content\/uploads\/2023\/10\/IMG-20231016-WA0015.jpg","schema":{"@context":"https:\/\/schema.org","@graph":[{"@type":"WebPage","@id":"https:\/\/gobiernu.cw\/nl\/nieuw\/afscheidsbezoek-oud-secretaris-cft\/","url":"https:\/\/gobiernu.cw\/nl\/nieuw\/afscheidsbezoek-oud-secretaris-cft\/","name":"Afscheidsbezoek oud secretaris CFT - Informashon tokante Gobi\u00e8rnu di K\u00f2rsou","isPartOf":{"@id":"https:\/\/gobiernu.cw\/#website"},"primaryImageOfPage":{"@id":"https:\/\/gobiernu.cw\/nl\/nieuw\/afscheidsbezoek-oud-secretaris-cft\/#primaryimage"},"image":{"@id":"https:\/\/gobiernu.cw\/nl\/nieuw\/afscheidsbezoek-oud-secretaris-cft\/#primaryimage"},"thumbnailUrl":"https:\/\/gobiernu.cw\/wp-content\/uploads\/2023\/10\/IMG-20231016-WA0015.jpg","datePublished":"2023-10-29T20:51:12+00:00","breadcrumb":{"@id":"https:\/\/gobiernu.cw\/nl\/nieuw\/afscheidsbezoek-oud-secretaris-cft\/#breadcrumb"},"inLanguage":"nl-NL","potentialAction":[{"@type":"ReadAction","target":["https:\/\/gobiernu.cw\/nl\/nieuw\/afscheidsbezoek-oud-secretaris-cft\/"]}]},{"@type":"ImageObject","inLanguage":"nl-NL","@id":"https:\/\/gobiernu.cw\/nl\/nieuw\/afscheidsbezoek-oud-secretaris-cft\/#primaryimage","url":"https:\/\/gobiernu.cw\/wp-content\/uploads\/2023\/10\/IMG-20231016-WA0015.jpg","contentUrl":"https:\/\/gobiernu.cw\/wp-content\/uploads\/2023\/10\/IMG-20231016-WA0015.jpg"},{"@type":"BreadcrumbList","@id":"https:\/\/gobiernu.cw\/nl\/nieuw\/afscheidsbezoek-oud-secretaris-cft\/#breadcrumb","itemListElement":[{"@type":"ListItem","position":1,"name":"Home","item":"https:\/\/gobiernu.cw\/nl\/"},{"@type":"ListItem","position":2,"name":"Nieuws","item":"https:\/\/gobiernu.cw\/nl\/nieuws\/"},{"@type":"ListItem","position":3,"name":"Afscheidsbezoek oud secretaris CFT"}]},{"@type":"WebSite","@id":"https:\/\/gobiernu.cw\/#website","url":"https:\/\/gobiernu.cw\/","name":"Informashon tokante Gobi\u00e8rnu di K\u00f2rsou","description":"Gobi\u00e8rnu di K\u00f2rsou","publisher":{"@id":"https:\/\/gobiernu.cw\/#organization"},"potentialAction":[{"@type":"SearchAction","target":{"@type":"EntryPoint","urlTemplate":"https:\/\/gobiernu.cw\/?s={search_term_string}"},"query-input":{"@type":"PropertyValueSpecification","valueRequired":true,"valueName":"search_term_string"}}],"inLanguage":"nl-NL"},{"@type":"Organization","@id":"https:\/\/gobiernu.cw\/#organization","name":"Gobi\u00e8rnu di K\u00f2rsou","url":"https:\/\/gobiernu.cw\/","logo":{"@type":"ImageObject","inLanguage":"nl-NL","@id":"https:\/\/gobiernu.cw\/#\/schema\/logo\/image\/","url":"https:\/\/gobiernu.cw\/wp-content\/uploads\/2019\/01\/Logo_regering_3.png","contentUrl":"https:\/\/gobiernu.cw\/wp-content\/uploads\/2019\/01\/Logo_regering_3.png","width":129,"height":115,"caption":"Gobi\u00e8rnu di K\u00f2rsou"},"image":{"@id":"https:\/\/gobiernu.cw\/#\/schema\/logo\/image\/"}}]}},"jetpack_sharing_enabled":true,"_links":{"self":[{"href":"https:\/\/gobiernu.cw\/nl\/wp-json\/wp\/v2\/nieuw\/534718","targetHints":{"allow":["GET"]}}],"collection":[{"href":"https:\/\/gobiernu.cw\/nl\/wp-json\/wp\/v2\/nieuw"}],"about":[{"href":"https:\/\/gobiernu.cw\/nl\/wp-json\/wp\/v2\/types\/nieuw"}],"wp:attachment":[{"href":"https:\/\/gobiernu.cw\/nl\/wp-json\/wp\/v2\/media?parent=534718"}],"wp:term":[{"taxonomy":"nieuws_category","embeddable":true,"href":"https:\/\/gobiernu.cw\/nl\/wp-json\/wp\/v2\/nieuws_category?post=534718"},{"taxonomy":"ministry","embeddable":true,"href":"https:\/\/gobiernu.cw\/nl\/wp-json\/wp\/v2\/ministry?post=534718"}],"curies":[{"name":"wp","href":"https:\/\/api.w.org\/{rel}","templated":true}]}}

<p><span style="text-align: justify;">WILLEMSTAD &#8211; Op maandag 9 oktober 2023 heeft oud secretaris van het CFT de heer Ray Thuis een afscheidsbezoek gebracht aan de Gouverneur van Curaçao H.E. Lucille George-Wout.</span></p>
<div id="attachment_534719" style="width: 1546px" class="wp-caption alignnone"><img aria-describedby="caption-attachment-534719" loading="lazy" class="wp-image-534719 size-full" src="https://gobiernu.cw/wp-content/uploads/2023/10/IMG-20231016-WA0015.jpg" alt="" width="1536" height="2048" srcset="https://gobiernu.cw/wp-content/uploads/2023/10/IMG-20231016-WA0015.jpg 1536w, https://gobiernu.cw/wp-content/uploads/2023/10/IMG-20231016-WA0015-225x300.jpg 225w, https://gobiernu.cw/wp-content/uploads/2023/10/IMG-20231016-WA0015-768x1024.jpg 768w, https://gobiernu.cw/wp-content/uploads/2023/10/IMG-20231016-WA0015-1152x1536.jpg 1152w, https://gobiernu.cw/wp-content/uploads/2023/10/IMG-20231016-WA0015-110x146.jpg 110w, https://gobiernu.cw/wp-content/uploads/2023/10/IMG-20231016-WA0015-38x50.jpg 38w, https://gobiernu.cw/wp-content/uploads/2023/10/IMG-20231016-WA0015-56x75.jpg 56w, https://gobiernu.cw/wp-content/uploads/2023/10/IMG-20231016-WA0015-1320x1760.jpg 1320w" sizes="auto, (max-width:767px) 480px, (max-width:1536px) 100vw, 1536px" /><p id="caption-attachment-534719" class="wp-caption-text">De heer Ray Thuis en de Gouverneur van Curaçao H.E. Lucille George-Wout.</p></div>
<p>&nbsp;</p>

<p>WILLEMSTAD &#8211; Op maandag 9 oktober 2023 heeft oud secretaris van het CFT de heer Ray Thuis een afscheidsbezoek gebracht aan de Gouverneur van Curaçao H.E.<span class="excerpt-hellip"> […]</span></p>

<!-- This site is optimized with the Yoast SEO plugin v27.4 - https://yoast.com/product/yoast-seo-wordpress/ -->
<title>Afscheidsbezoek oud secretaris CFT - Informashon tokante Gobièrnu di Kòrsou</title>
<meta name="robots" content="noindex, follow" />
<meta name="twitter:card" content="summary_large_image" />
<meta name="twitter:title" content="Afscheidsbezoek oud secretaris CFT - Informashon tokante Gobièrnu di Kòrsou" />
<meta name="twitter:description" content="WILLEMSTAD &#8211; Op maandag 9 oktober 2023 heeft oud secretaris van het CFT de heer Ray Thuis een afscheidsbezoek gebracht aan de Gouverneur van Curaçao H.E. […]" />
<meta name="twitter:image" content="https://gobiernu.cw/wp-content/uploads/2023/10/IMG-20231016-WA0015.jpg" />
<script type="application/ld+json" class="yoast-schema-graph">{"@context":"https:\/\/schema.org","@graph":[{"@type":"WebPage","@id":"https:\/\/gobiernu.cw\/nl\/nieuw\/afscheidsbezoek-oud-secretaris-cft\/","url":"https:\/\/gobiernu.cw\/nl\/nieuw\/afscheidsbezoek-oud-secretaris-cft\/","name":"Afscheidsbezoek oud secretaris CFT - Informashon tokante Gobièrnu di Kòrsou","isPartOf":{"@id":"https:\/\/gobiernu.cw\/#website"},"primaryImageOfPage":{"@id":"https:\/\/gobiernu.cw\/nl\/nieuw\/afscheidsbezoek-oud-secretaris-cft\/#primaryimage"},"image":{"@id":"https:\/\/gobiernu.cw\/nl\/nieuw\/afscheidsbezoek-oud-secretaris-cft\/#primaryimage"},"thumbnailUrl":"https:\/\/gobiernu.cw\/wp-content\/uploads\/2023\/10\/IMG-20231016-WA0015.jpg","datePublished":"2023-10-29T20:51:12+00:00","breadcrumb":{"@id":"https:\/\/gobiernu.cw\/nl\/nieuw\/afscheidsbezoek-oud-secretaris-cft\/#breadcrumb"},"inLanguage":"nl-NL","potentialAction":[{"@type":"ReadAction","target":["https:\/\/gobiernu.cw\/nl\/nieuw\/afscheidsbezoek-oud-secretaris-cft\/"]}]},{"@type":"ImageObject","inLanguage":"nl-NL","@id":"https:\/\/gobiernu.cw\/nl\/nieuw\/afscheidsbezoek-oud-secretaris-cft\/#primaryimage","url":"https:\/\/gobiernu.cw\/wp-content\/uploads\/2023\/10\/IMG-20231016-WA0015.jpg","contentUrl":"https:\/\/gobiernu.cw\/wp-content\/uploads\/2023\/10\/IMG-20231016-WA0015.jpg"},{"@type":"BreadcrumbList","@id":"https:\/\/gobiernu.cw\/nl\/nieuw\/afscheidsbezoek-oud-secretaris-cft\/#breadcrumb","itemListElement":[{"@type":"ListItem","position":1,"name":"Home","item":"https:\/\/gobiernu.cw\/nl\/"},{"@type":"ListItem","position":2,"name":"Nieuws","item":"https:\/\/gobiernu.cw\/nl\/nieuws\/"},{"@type":"ListItem","position":3,"name":"Afscheidsbezoek oud secretaris CFT"}]},{"@type":"WebSite","@id":"https:\/\/gobiernu.cw\/#website","url":"https:\/\/gobiernu.cw\/","name":"Informashon tokante Gobièrnu di Kòrsou","description":"Gobièrnu di Kòrsou","publisher":{"@id":"https:\/\/gobiernu.cw\/#organization"},"potentialAction":[{"@type":"SearchAction","target":{"@type":"EntryPoint","urlTemplate":"https:\/\/gobiernu.cw\/?s={search_term_string}"},"query-input":{"@type":"PropertyValueSpecification","valueRequired":true,"valueName":"search_term_string"}}],"inLanguage":"nl-NL"},{"@type":"Organization","@id":"https:\/\/gobiernu.cw\/#organization","name":"Gobièrnu di Kòrsou","url":"https:\/\/gobiernu.cw\/","logo":{"@type":"ImageObject","inLanguage":"nl-NL","@id":"https:\/\/gobiernu.cw\/#\/schema\/logo\/image\/","url":"https:\/\/gobiernu.cw\/wp-content\/uploads\/2019\/01\/Logo_regering_3.png","contentUrl":"https:\/\/gobiernu.cw\/wp-content\/uploads\/2019\/01\/Logo_regering_3.png","width":129,"height":115,"caption":"Gobièrnu di Kòrsou"},"image":{"@id":"https:\/\/gobiernu.cw\/#\/schema\/logo\/image\/"}}]}</script>
<!-- / Yoast SEO plugin. -->

Afscheidsbezoek oud secretaris CFT - Informashon tokante Gobièrnu di Kòrsou

WILLEMSTAD &#8211; Op maandag 9 oktober 2023 heeft oud secretaris van het CFT de heer Ray Thuis een afscheidsbezoek gebracht aan de Gouverneur van Curaçao H.E. […]

Informashon tokante Gobièrnu di Kòrsou

Gobièrnu di Kòrsou
