{"id":541687,"date":"2024-06-26T17:36:04","date_gmt":"2024-06-26T21:36:04","guid":{"rendered":"https:\/\/gobiernu.cw\/?post_type=nieuw&#038;p=541687"},"modified":"2024-06-26T17:36:04","modified_gmt":"2024-06-26T21:36:04","slug":"werkbezoek-algemene-rekenkamer","status":"publish","type":"nieuw","link":"https:\/\/gobiernu.cw\/nl\/nieuw\/werkbezoek-algemene-rekenkamer\/","title":{"rendered":"Werkbezoek Algemene Rekenkamer"},"content":{"rendered":"<p style=\"text-align: justify;\">WILLEMSTAD &#8211;\u00a0Op woensdag 26 juni 2024\u00a0 heeft de Algemene Rekenkamer Cura\u00e7ao een werkbezoek gebracht aan de Gouverneur van Cura\u00e7ao, H.E. Lucille George-Wout. Tijdens het bezoek is het jaarverslag 2023 van de Algemene Rekenkamer Cura\u00e7ao, aangeboden aan de Gouverneur.<\/p>\n<div id=\"attachment_541685\" style=\"width: 1546px\" class=\"wp-caption alignnone\"><img aria-describedby=\"caption-attachment-541685\" loading=\"lazy\" class=\"size-full wp-image-541685\" src=\"https:\/\/gobiernu.cw\/wp-content\/uploads\/2024\/06\/IMG-20240626-WA0015-1.jpg\" alt=\"\" width=\"1536\" height=\"2048\" \/><p id=\"caption-attachment-541685\" class=\"wp-caption-text\">Mevr. S. Cathalina (Secretaris Algemene Rekenkamer Cura\u00e7ao), de heer P. Virginia, wnd. voorzitter Algemene Rekenkamer Cura\u00e7ao) en de Gouverneur van Cura\u00e7ao H.E. Lucille George-Wout.<\/p><\/div>\n","protected":false},"excerpt":{"rendered":"<p>WILLEMSTAD &#8211;\u00a0Op woensdag 26 juni 2024\u00a0 heeft de Algemene Rekenkamer Cura\u00e7ao een werkbezoek gebracht aan de Gouverneur van Cura\u00e7ao, H.E. Lucille George-Wout. Tijdens het bezoek is<span class=\"excerpt-hellip\"> [\u2026]<\/span><\/p>\n","protected":false},"featured_media":541685,"parent":0,"template":"","nieuws_category":[133,622,651],"ministry":[207],"class_list":["post-541687","nieuw","type-nieuw","status-publish","has-post-thumbnail","hentry","nieuws_category-persberichten-nl","nieuws_category-gouverneur-van-curacao","nieuws_category-komunikado-nl","ministry-algemene-zaken-en-minister-president"],"acf":[],"yoast_head":"<!-- This site is optimized with the Yoast SEO plugin v27.5 - https:\/\/yoast.com\/product\/yoast-seo-wordpress\/ -->\n<title>Werkbezoek Algemene Rekenkamer - Informashon tokante Gobi\u00e8rnu di K\u00f2rsou<\/title>\n<meta name=\"robots\" content=\"noindex, follow\" \/>\n<meta name=\"twitter:card\" content=\"summary_large_image\" \/>\n<meta name=\"twitter:title\" content=\"Werkbezoek Algemene Rekenkamer - Informashon tokante Gobi\u00e8rnu di K\u00f2rsou\" \/>\n<meta name=\"twitter:description\" content=\"WILLEMSTAD &#8211;\u00a0Op woensdag 26 juni 2024\u00a0 heeft de Algemene Rekenkamer Cura\u00e7ao een werkbezoek gebracht aan de Gouverneur van Cura\u00e7ao, H.E. Lucille George-Wout. Tijdens het bezoek is [\u2026]\" \/>\n<meta name=\"twitter:image\" content=\"https:\/\/gobiernu.cw\/wp-content\/uploads\/2024\/06\/IMG-20240626-WA0015-1-e1719437720532.jpg\" \/>\n<script type=\"application\/ld+json\" class=\"yoast-schema-graph\">{\"@context\":\"https:\\\/\\\/schema.org\",\"@graph\":[{\"@type\":\"WebPage\",\"@id\":\"https:\\\/\\\/gobiernu.cw\\\/nl\\\/?post_type=nieuw&p=541687\",\"url\":\"https:\\\/\\\/gobiernu.cw\\\/nl\\\/?post_type=nieuw&p=541687\",\"name\":\"Werkbezoek Algemene Rekenkamer - Informashon tokante Gobi\u00e8rnu di K\u00f2rsou\",\"isPartOf\":{\"@id\":\"https:\\\/\\\/gobiernu.cw\\\/#website\"},\"primaryImageOfPage\":{\"@id\":\"https:\\\/\\\/gobiernu.cw\\\/nl\\\/?post_type=nieuw&p=541687#primaryimage\"},\"image\":{\"@id\":\"https:\\\/\\\/gobiernu.cw\\\/nl\\\/?post_type=nieuw&p=541687#primaryimage\"},\"thumbnailUrl\":\"https:\\\/\\\/gobiernu.cw\\\/wp-content\\\/uploads\\\/2024\\\/06\\\/IMG-20240626-WA0015-1-e1719437720532.jpg\",\"datePublished\":\"2024-06-26T21:36:04+00:00\",\"breadcrumb\":{\"@id\":\"https:\\\/\\\/gobiernu.cw\\\/nl\\\/?post_type=nieuw&p=541687#breadcrumb\"},\"inLanguage\":\"nl-NL\",\"potentialAction\":[{\"@type\":\"ReadAction\",\"target\":[\"https:\\\/\\\/gobiernu.cw\\\/nl\\\/?post_type=nieuw&p=541687\"]}]},{\"@type\":\"ImageObject\",\"inLanguage\":\"nl-NL\",\"@id\":\"https:\\\/\\\/gobiernu.cw\\\/nl\\\/?post_type=nieuw&p=541687#primaryimage\",\"url\":\"https:\\\/\\\/gobiernu.cw\\\/wp-content\\\/uploads\\\/2024\\\/06\\\/IMG-20240626-WA0015-1-e1719437720532.jpg\",\"contentUrl\":\"https:\\\/\\\/gobiernu.cw\\\/wp-content\\\/uploads\\\/2024\\\/06\\\/IMG-20240626-WA0015-1-e1719437720532.jpg\",\"width\":1536,\"height\":1498,\"caption\":\"Mevr. S. Cathalina (Secretaris Algemene Rekenkamer Cura\u00e7ao), de heer P. Virginia, wnd. voorzitter Algemene Rekenkamer Cura\u00e7ao) en de Gouverneur van Cura\u00e7ao H.E. Lucille George-Wout.\"},{\"@type\":\"BreadcrumbList\",\"@id\":\"https:\\\/\\\/gobiernu.cw\\\/nl\\\/?post_type=nieuw&p=541687#breadcrumb\",\"itemListElement\":[{\"@type\":\"ListItem\",\"position\":1,\"name\":\"Home\",\"item\":\"https:\\\/\\\/gobiernu.cw\\\/nl\\\/\"},{\"@type\":\"ListItem\",\"position\":2,\"name\":\"Nieuws\",\"item\":\"https:\\\/\\\/gobiernu.cw\\\/nl\\\/nieuws\\\/\"},{\"@type\":\"ListItem\",\"position\":3,\"name\":\"Werkbezoek Algemene Rekenkamer\"}]},{\"@type\":\"WebSite\",\"@id\":\"https:\\\/\\\/gobiernu.cw\\\/#website\",\"url\":\"https:\\\/\\\/gobiernu.cw\\\/\",\"name\":\"Informashon tokante Gobi\u00e8rnu di K\u00f2rsou\",\"description\":\"Gobi\u00e8rnu di K\u00f2rsou\",\"publisher\":{\"@id\":\"https:\\\/\\\/gobiernu.cw\\\/#organization\"},\"potentialAction\":[{\"@type\":\"SearchAction\",\"target\":{\"@type\":\"EntryPoint\",\"urlTemplate\":\"https:\\\/\\\/gobiernu.cw\\\/?s={search_term_string}\"},\"query-input\":{\"@type\":\"PropertyValueSpecification\",\"valueRequired\":true,\"valueName\":\"search_term_string\"}}],\"inLanguage\":\"nl-NL\"},{\"@type\":\"Organization\",\"@id\":\"https:\\\/\\\/gobiernu.cw\\\/#organization\",\"name\":\"Gobi\u00e8rnu di K\u00f2rsou\",\"url\":\"https:\\\/\\\/gobiernu.cw\\\/\",\"logo\":{\"@type\":\"ImageObject\",\"inLanguage\":\"nl-NL\",\"@id\":\"https:\\\/\\\/gobiernu.cw\\\/#\\\/schema\\\/logo\\\/image\\\/\",\"url\":\"https:\\\/\\\/gobiernu.cw\\\/wp-content\\\/uploads\\\/2019\\\/01\\\/Logo_regering_3.png\",\"contentUrl\":\"https:\\\/\\\/gobiernu.cw\\\/wp-content\\\/uploads\\\/2019\\\/01\\\/Logo_regering_3.png\",\"width\":129,\"height\":115,\"caption\":\"Gobi\u00e8rnu di K\u00f2rsou\"},\"image\":{\"@id\":\"https:\\\/\\\/gobiernu.cw\\\/#\\\/schema\\\/logo\\\/image\\\/\"}}]}<\/script>\n<!-- \/ Yoast SEO plugin. -->","yoast_head_json":{"title":"Werkbezoek Algemene Rekenkamer - Informashon tokante Gobi\u00e8rnu di K\u00f2rsou","robots":{"index":"noindex","follow":"follow"},"twitter_card":"summary_large_image","twitter_title":"Werkbezoek Algemene Rekenkamer - Informashon tokante Gobi\u00e8rnu di K\u00f2rsou","twitter_description":"WILLEMSTAD &#8211;\u00a0Op woensdag 26 juni 2024\u00a0 heeft de Algemene Rekenkamer Cura\u00e7ao een werkbezoek gebracht aan de Gouverneur van Cura\u00e7ao, H.E. Lucille George-Wout. Tijdens het bezoek is [\u2026]","twitter_image":"https:\/\/gobiernu.cw\/wp-content\/uploads\/2024\/06\/IMG-20240626-WA0015-1-e1719437720532.jpg","schema":{"@context":"https:\/\/schema.org","@graph":[{"@type":"WebPage","@id":"https:\/\/gobiernu.cw\/nl\/?post_type=nieuw&p=541687","url":"https:\/\/gobiernu.cw\/nl\/?post_type=nieuw&p=541687","name":"Werkbezoek Algemene Rekenkamer - Informashon tokante Gobi\u00e8rnu di K\u00f2rsou","isPartOf":{"@id":"https:\/\/gobiernu.cw\/#website"},"primaryImageOfPage":{"@id":"https:\/\/gobiernu.cw\/nl\/?post_type=nieuw&p=541687#primaryimage"},"image":{"@id":"https:\/\/gobiernu.cw\/nl\/?post_type=nieuw&p=541687#primaryimage"},"thumbnailUrl":"https:\/\/gobiernu.cw\/wp-content\/uploads\/2024\/06\/IMG-20240626-WA0015-1-e1719437720532.jpg","datePublished":"2024-06-26T21:36:04+00:00","breadcrumb":{"@id":"https:\/\/gobiernu.cw\/nl\/?post_type=nieuw&p=541687#breadcrumb"},"inLanguage":"nl-NL","potentialAction":[{"@type":"ReadAction","target":["https:\/\/gobiernu.cw\/nl\/?post_type=nieuw&p=541687"]}]},{"@type":"ImageObject","inLanguage":"nl-NL","@id":"https:\/\/gobiernu.cw\/nl\/?post_type=nieuw&p=541687#primaryimage","url":"https:\/\/gobiernu.cw\/wp-content\/uploads\/2024\/06\/IMG-20240626-WA0015-1-e1719437720532.jpg","contentUrl":"https:\/\/gobiernu.cw\/wp-content\/uploads\/2024\/06\/IMG-20240626-WA0015-1-e1719437720532.jpg","width":1536,"height":1498,"caption":"Mevr. S. Cathalina (Secretaris Algemene Rekenkamer Cura\u00e7ao), de heer P. Virginia, wnd. voorzitter Algemene Rekenkamer Cura\u00e7ao) en de Gouverneur van Cura\u00e7ao H.E. Lucille George-Wout."},{"@type":"BreadcrumbList","@id":"https:\/\/gobiernu.cw\/nl\/?post_type=nieuw&p=541687#breadcrumb","itemListElement":[{"@type":"ListItem","position":1,"name":"Home","item":"https:\/\/gobiernu.cw\/nl\/"},{"@type":"ListItem","position":2,"name":"Nieuws","item":"https:\/\/gobiernu.cw\/nl\/nieuws\/"},{"@type":"ListItem","position":3,"name":"Werkbezoek Algemene Rekenkamer"}]},{"@type":"WebSite","@id":"https:\/\/gobiernu.cw\/#website","url":"https:\/\/gobiernu.cw\/","name":"Informashon tokante Gobi\u00e8rnu di K\u00f2rsou","description":"Gobi\u00e8rnu di K\u00f2rsou","publisher":{"@id":"https:\/\/gobiernu.cw\/#organization"},"potentialAction":[{"@type":"SearchAction","target":{"@type":"EntryPoint","urlTemplate":"https:\/\/gobiernu.cw\/?s={search_term_string}"},"query-input":{"@type":"PropertyValueSpecification","valueRequired":true,"valueName":"search_term_string"}}],"inLanguage":"nl-NL"},{"@type":"Organization","@id":"https:\/\/gobiernu.cw\/#organization","name":"Gobi\u00e8rnu di K\u00f2rsou","url":"https:\/\/gobiernu.cw\/","logo":{"@type":"ImageObject","inLanguage":"nl-NL","@id":"https:\/\/gobiernu.cw\/#\/schema\/logo\/image\/","url":"https:\/\/gobiernu.cw\/wp-content\/uploads\/2019\/01\/Logo_regering_3.png","contentUrl":"https:\/\/gobiernu.cw\/wp-content\/uploads\/2019\/01\/Logo_regering_3.png","width":129,"height":115,"caption":"Gobi\u00e8rnu di K\u00f2rsou"},"image":{"@id":"https:\/\/gobiernu.cw\/#\/schema\/logo\/image\/"}}]}},"jetpack_sharing_enabled":true,"_links":{"self":[{"href":"https:\/\/gobiernu.cw\/nl\/wp-json\/wp\/v2\/nieuw\/541687","targetHints":{"allow":["GET"]}}],"collection":[{"href":"https:\/\/gobiernu.cw\/nl\/wp-json\/wp\/v2\/nieuw"}],"about":[{"href":"https:\/\/gobiernu.cw\/nl\/wp-json\/wp\/v2\/types\/nieuw"}],"wp:featuredmedia":[{"embeddable":true,"href":"https:\/\/gobiernu.cw\/nl\/wp-json\/wp\/v2\/media\/541685"}],"wp:attachment":[{"href":"https:\/\/gobiernu.cw\/nl\/wp-json\/wp\/v2\/media?parent=541687"}],"wp:term":[{"taxonomy":"nieuws_category","embeddable":true,"href":"https:\/\/gobiernu.cw\/nl\/wp-json\/wp\/v2\/nieuws_category?post=541687"},{"taxonomy":"ministry","embeddable":true,"href":"https:\/\/gobiernu.cw\/nl\/wp-json\/wp\/v2\/ministry?post=541687"}],"curies":[{"name":"wp","href":"https:\/\/api.w.org\/{rel}","templated":true}]}}

<p style="text-align: justify;">WILLEMSTAD &#8211; Op woensdag 26 juni 2024  heeft de Algemene Rekenkamer Curaçao een werkbezoek gebracht aan de Gouverneur van Curaçao, H.E. Lucille George-Wout. Tijdens het bezoek is het jaarverslag 2023 van de Algemene Rekenkamer Curaçao, aangeboden aan de Gouverneur.</p>
<div id="attachment_541685" style="width: 1546px" class="wp-caption alignnone"><img aria-describedby="caption-attachment-541685" loading="lazy" class="size-full wp-image-541685" src="https://gobiernu.cw/wp-content/uploads/2024/06/IMG-20240626-WA0015-1.jpg" alt="" width="1536" height="2048" /><p id="caption-attachment-541685" class="wp-caption-text">Mevr. S. Cathalina (Secretaris Algemene Rekenkamer Curaçao), de heer P. Virginia, wnd. voorzitter Algemene Rekenkamer Curaçao) en de Gouverneur van Curaçao H.E. Lucille George-Wout.</p></div>

<p>WILLEMSTAD &#8211; Op woensdag 26 juni 2024  heeft de Algemene Rekenkamer Curaçao een werkbezoek gebracht aan de Gouverneur van Curaçao, H.E. Lucille George-Wout. Tijdens het bezoek is<span class="excerpt-hellip"> […]</span></p>

<!-- This site is optimized with the Yoast SEO plugin v27.5 - https://yoast.com/product/yoast-seo-wordpress/ -->
<title>Werkbezoek Algemene Rekenkamer - Informashon tokante Gobièrnu di Kòrsou</title>
<meta name="robots" content="noindex, follow" />
<meta name="twitter:card" content="summary_large_image" />
<meta name="twitter:title" content="Werkbezoek Algemene Rekenkamer - Informashon tokante Gobièrnu di Kòrsou" />
<meta name="twitter:description" content="WILLEMSTAD &#8211; Op woensdag 26 juni 2024  heeft de Algemene Rekenkamer Curaçao een werkbezoek gebracht aan de Gouverneur van Curaçao, H.E. Lucille George-Wout. Tijdens het bezoek is […]" />
<meta name="twitter:image" content="https://gobiernu.cw/wp-content/uploads/2024/06/IMG-20240626-WA0015-1-e1719437720532.jpg" />
<script type="application/ld+json" class="yoast-schema-graph">{"@context":"https:\/\/schema.org","@graph":[{"@type":"WebPage","@id":"https:\/\/gobiernu.cw\/nl\/?post_type=nieuw&p=541687","url":"https:\/\/gobiernu.cw\/nl\/?post_type=nieuw&p=541687","name":"Werkbezoek Algemene Rekenkamer - Informashon tokante Gobièrnu di Kòrsou","isPartOf":{"@id":"https:\/\/gobiernu.cw\/#website"},"primaryImageOfPage":{"@id":"https:\/\/gobiernu.cw\/nl\/?post_type=nieuw&p=541687#primaryimage"},"image":{"@id":"https:\/\/gobiernu.cw\/nl\/?post_type=nieuw&p=541687#primaryimage"},"thumbnailUrl":"https:\/\/gobiernu.cw\/wp-content\/uploads\/2024\/06\/IMG-20240626-WA0015-1-e1719437720532.jpg","datePublished":"2024-06-26T21:36:04+00:00","breadcrumb":{"@id":"https:\/\/gobiernu.cw\/nl\/?post_type=nieuw&p=541687#breadcrumb"},"inLanguage":"nl-NL","potentialAction":[{"@type":"ReadAction","target":["https:\/\/gobiernu.cw\/nl\/?post_type=nieuw&p=541687"]}]},{"@type":"ImageObject","inLanguage":"nl-NL","@id":"https:\/\/gobiernu.cw\/nl\/?post_type=nieuw&p=541687#primaryimage","url":"https:\/\/gobiernu.cw\/wp-content\/uploads\/2024\/06\/IMG-20240626-WA0015-1-e1719437720532.jpg","contentUrl":"https:\/\/gobiernu.cw\/wp-content\/uploads\/2024\/06\/IMG-20240626-WA0015-1-e1719437720532.jpg","width":1536,"height":1498,"caption":"Mevr. S. Cathalina (Secretaris Algemene Rekenkamer Curaçao), de heer P. Virginia, wnd. voorzitter Algemene Rekenkamer Curaçao) en de Gouverneur van Curaçao H.E. Lucille George-Wout."},{"@type":"BreadcrumbList","@id":"https:\/\/gobiernu.cw\/nl\/?post_type=nieuw&p=541687#breadcrumb","itemListElement":[{"@type":"ListItem","position":1,"name":"Home","item":"https:\/\/gobiernu.cw\/nl\/"},{"@type":"ListItem","position":2,"name":"Nieuws","item":"https:\/\/gobiernu.cw\/nl\/nieuws\/"},{"@type":"ListItem","position":3,"name":"Werkbezoek Algemene Rekenkamer"}]},{"@type":"WebSite","@id":"https:\/\/gobiernu.cw\/#website","url":"https:\/\/gobiernu.cw\/","name":"Informashon tokante Gobièrnu di Kòrsou","description":"Gobièrnu di Kòrsou","publisher":{"@id":"https:\/\/gobiernu.cw\/#organization"},"potentialAction":[{"@type":"SearchAction","target":{"@type":"EntryPoint","urlTemplate":"https:\/\/gobiernu.cw\/?s={search_term_string}"},"query-input":{"@type":"PropertyValueSpecification","valueRequired":true,"valueName":"search_term_string"}}],"inLanguage":"nl-NL"},{"@type":"Organization","@id":"https:\/\/gobiernu.cw\/#organization","name":"Gobièrnu di Kòrsou","url":"https:\/\/gobiernu.cw\/","logo":{"@type":"ImageObject","inLanguage":"nl-NL","@id":"https:\/\/gobiernu.cw\/#\/schema\/logo\/image\/","url":"https:\/\/gobiernu.cw\/wp-content\/uploads\/2019\/01\/Logo_regering_3.png","contentUrl":"https:\/\/gobiernu.cw\/wp-content\/uploads\/2019\/01\/Logo_regering_3.png","width":129,"height":115,"caption":"Gobièrnu di Kòrsou"},"image":{"@id":"https:\/\/gobiernu.cw\/#\/schema\/logo\/image\/"}}]}</script>
<!-- / Yoast SEO plugin. -->

Werkbezoek Algemene Rekenkamer - Informashon tokante Gobièrnu di Kòrsou

WILLEMSTAD &#8211; Op woensdag 26 juni 2024  heeft de Algemene Rekenkamer Curaçao een werkbezoek gebracht aan de Gouverneur van Curaçao, H.E. Lucille George-Wout. Tijdens het bezoek is […]

Mevr. S. Cathalina (Secretaris Algemene Rekenkamer Curaçao), de heer P. Virginia, wnd. voorzitter Algemene Rekenkamer Curaçao) en de Gouverneur van Curaçao H.E. Lucille George-Wout.

Informashon tokante Gobièrnu di Kòrsou

Gobièrnu di Kòrsou
