{"id":561348,"date":"2026-03-17T08:58:06","date_gmt":"2026-03-17T12:58:06","guid":{"rendered":"https:\/\/gobiernu.cw\/?post_type=nieuw&#038;p=561348"},"modified":"2026-03-17T08:58:06","modified_gmt":"2026-03-17T12:58:06","slug":"561348-2","status":"publish","type":"nieuw","link":"https:\/\/gobiernu.cw\/nl\/nieuw\/561348-2\/","title":{"rendered":""},"content":{"rendered":"<p>WILLEMSTAD &#8211;\u00a0Op maandag 16 maart 2026 heeft de nieuwe directeur-generaal Koninkrijksrelaties van het Ministerie van Binnenlandse Zaken en Koninkrijksrelaties (DG KR) mevrouw Barbara Wolfensberger een kennismakingsbezoek gebracht aan de Gouverneur van Cura\u00e7ao, Zijne Excellentie Mauritsz de Kort.<\/p>\n<p>Mevrouw Wolfensberger werd vergezeld door de heer Gerbert Kunst Vertegenwoordiger van Nederland in Willemstad.<\/p>\n<div id=\"attachment_561351\" style=\"width: 1162px\" class=\"wp-caption alignnone\"><img aria-describedby=\"caption-attachment-561351\" loading=\"lazy\" class=\"wp-image-561351 size-full\" src=\"https:\/\/gobiernu.cw\/wp-content\/uploads\/2026\/03\/20260316_123024.jpg\" alt=\"\" width=\"1152\" height=\"1880\" \/><p id=\"caption-attachment-561351\" class=\"wp-caption-text\">De DG KR Mevrouw Wolfensberger en de Gouverneur van Cura\u00e7ao Z.E. Mauritsz de Kort.<\/p><\/div>\n","protected":false},"excerpt":{"rendered":"<p>WILLEMSTAD &#8211;\u00a0Op maandag 16 maart 2026 heeft de nieuwe directeur-generaal Koninkrijksrelaties van het Ministerie van Binnenlandse Zaken en Koninkrijksrelaties (DG KR) mevrouw Barbara Wolfensberger een kennismakingsbezoek<span class=\"excerpt-hellip\"> [\u2026]<\/span><\/p>\n","protected":false},"featured_media":561351,"parent":0,"template":"","nieuws_category":[133,622,651],"ministry":[207],"class_list":["post-561348","nieuw","type-nieuw","status-publish","has-post-thumbnail","hentry","nieuws_category-persberichten-nl","nieuws_category-gouverneur-van-curacao","nieuws_category-komunikado-nl","ministry-algemene-zaken-en-minister-president"],"acf":[],"yoast_head":"<!-- This site is optimized with the Yoast SEO plugin v27.5 - https:\/\/yoast.com\/product\/yoast-seo-wordpress\/ -->\n<title>- Informashon tokante Gobi\u00e8rnu di K\u00f2rsou<\/title>\n<meta name=\"robots\" content=\"noindex, follow\" \/>\n<meta name=\"twitter:card\" content=\"summary_large_image\" \/>\n<meta name=\"twitter:title\" content=\"- Informashon tokante Gobi\u00e8rnu di K\u00f2rsou\" \/>\n<meta name=\"twitter:description\" content=\"WILLEMSTAD &#8211;\u00a0Op maandag 16 maart 2026 heeft de nieuwe directeur-generaal Koninkrijksrelaties van het Ministerie van Binnenlandse Zaken en Koninkrijksrelaties (DG KR) mevrouw Barbara Wolfensberger een kennismakingsbezoek [\u2026]\" \/>\n<meta name=\"twitter:image\" content=\"https:\/\/gobiernu.cw\/wp-content\/uploads\/2026\/03\/20260316_123024-e1773752236604.jpg\" \/>\n<script type=\"application\/ld+json\" class=\"yoast-schema-graph\">{\"@context\":\"https:\\\/\\\/schema.org\",\"@graph\":[{\"@type\":\"WebPage\",\"@id\":\"https:\\\/\\\/gobiernu.cw\\\/nl\\\/nieuw\\\/561348-2\\\/\",\"url\":\"https:\\\/\\\/gobiernu.cw\\\/nl\\\/nieuw\\\/561348-2\\\/\",\"name\":\"- Informashon tokante Gobi\u00e8rnu di K\u00f2rsou\",\"isPartOf\":{\"@id\":\"https:\\\/\\\/gobiernu.cw\\\/#website\"},\"primaryImageOfPage\":{\"@id\":\"https:\\\/\\\/gobiernu.cw\\\/nl\\\/nieuw\\\/561348-2\\\/#primaryimage\"},\"image\":{\"@id\":\"https:\\\/\\\/gobiernu.cw\\\/nl\\\/nieuw\\\/561348-2\\\/#primaryimage\"},\"thumbnailUrl\":\"https:\\\/\\\/gobiernu.cw\\\/wp-content\\\/uploads\\\/2026\\\/03\\\/20260316_123024-e1773752236604.jpg\",\"datePublished\":\"2026-03-17T12:58:06+00:00\",\"breadcrumb\":{\"@id\":\"https:\\\/\\\/gobiernu.cw\\\/nl\\\/nieuw\\\/561348-2\\\/#breadcrumb\"},\"inLanguage\":\"nl-NL\",\"potentialAction\":[{\"@type\":\"ReadAction\",\"target\":[\"https:\\\/\\\/gobiernu.cw\\\/nl\\\/nieuw\\\/561348-2\\\/\"]}]},{\"@type\":\"ImageObject\",\"inLanguage\":\"nl-NL\",\"@id\":\"https:\\\/\\\/gobiernu.cw\\\/nl\\\/nieuw\\\/561348-2\\\/#primaryimage\",\"url\":\"https:\\\/\\\/gobiernu.cw\\\/wp-content\\\/uploads\\\/2026\\\/03\\\/20260316_123024-e1773752236604.jpg\",\"contentUrl\":\"https:\\\/\\\/gobiernu.cw\\\/wp-content\\\/uploads\\\/2026\\\/03\\\/20260316_123024-e1773752236604.jpg\",\"width\":1150,\"height\":1280,\"caption\":\"De DG KR Mevrouw Wolfensberger en de Gouverneur van Cura\u00e7ao Z.E. Mauritsz de Kort.\"},{\"@type\":\"BreadcrumbList\",\"@id\":\"https:\\\/\\\/gobiernu.cw\\\/nl\\\/nieuw\\\/561348-2\\\/#breadcrumb\",\"itemListElement\":[{\"@type\":\"ListItem\",\"position\":1,\"name\":\"Home\",\"item\":\"https:\\\/\\\/gobiernu.cw\\\/nl\\\/\"},{\"@type\":\"ListItem\",\"position\":2,\"name\":\"Nieuws\",\"item\":\"https:\\\/\\\/gobiernu.cw\\\/nl\\\/nieuws\\\/\"}]},{\"@type\":\"WebSite\",\"@id\":\"https:\\\/\\\/gobiernu.cw\\\/#website\",\"url\":\"https:\\\/\\\/gobiernu.cw\\\/\",\"name\":\"Informashon tokante Gobi\u00e8rnu di K\u00f2rsou\",\"description\":\"Gobi\u00e8rnu di K\u00f2rsou\",\"publisher\":{\"@id\":\"https:\\\/\\\/gobiernu.cw\\\/#organization\"},\"potentialAction\":[{\"@type\":\"SearchAction\",\"target\":{\"@type\":\"EntryPoint\",\"urlTemplate\":\"https:\\\/\\\/gobiernu.cw\\\/?s={search_term_string}\"},\"query-input\":{\"@type\":\"PropertyValueSpecification\",\"valueRequired\":true,\"valueName\":\"search_term_string\"}}],\"inLanguage\":\"nl-NL\"},{\"@type\":\"Organization\",\"@id\":\"https:\\\/\\\/gobiernu.cw\\\/#organization\",\"name\":\"Gobi\u00e8rnu di K\u00f2rsou\",\"url\":\"https:\\\/\\\/gobiernu.cw\\\/\",\"logo\":{\"@type\":\"ImageObject\",\"inLanguage\":\"nl-NL\",\"@id\":\"https:\\\/\\\/gobiernu.cw\\\/#\\\/schema\\\/logo\\\/image\\\/\",\"url\":\"https:\\\/\\\/gobiernu.cw\\\/wp-content\\\/uploads\\\/2019\\\/01\\\/Logo_regering_3.png\",\"contentUrl\":\"https:\\\/\\\/gobiernu.cw\\\/wp-content\\\/uploads\\\/2019\\\/01\\\/Logo_regering_3.png\",\"width\":129,\"height\":115,\"caption\":\"Gobi\u00e8rnu di K\u00f2rsou\"},\"image\":{\"@id\":\"https:\\\/\\\/gobiernu.cw\\\/#\\\/schema\\\/logo\\\/image\\\/\"}}]}<\/script>\n<!-- \/ Yoast SEO plugin. -->","yoast_head_json":{"title":"- Informashon tokante Gobi\u00e8rnu di K\u00f2rsou","robots":{"index":"noindex","follow":"follow"},"twitter_card":"summary_large_image","twitter_title":"- Informashon tokante Gobi\u00e8rnu di K\u00f2rsou","twitter_description":"WILLEMSTAD &#8211;\u00a0Op maandag 16 maart 2026 heeft de nieuwe directeur-generaal Koninkrijksrelaties van het Ministerie van Binnenlandse Zaken en Koninkrijksrelaties (DG KR) mevrouw Barbara Wolfensberger een kennismakingsbezoek [\u2026]","twitter_image":"https:\/\/gobiernu.cw\/wp-content\/uploads\/2026\/03\/20260316_123024-e1773752236604.jpg","schema":{"@context":"https:\/\/schema.org","@graph":[{"@type":"WebPage","@id":"https:\/\/gobiernu.cw\/nl\/nieuw\/561348-2\/","url":"https:\/\/gobiernu.cw\/nl\/nieuw\/561348-2\/","name":"- Informashon tokante Gobi\u00e8rnu di K\u00f2rsou","isPartOf":{"@id":"https:\/\/gobiernu.cw\/#website"},"primaryImageOfPage":{"@id":"https:\/\/gobiernu.cw\/nl\/nieuw\/561348-2\/#primaryimage"},"image":{"@id":"https:\/\/gobiernu.cw\/nl\/nieuw\/561348-2\/#primaryimage"},"thumbnailUrl":"https:\/\/gobiernu.cw\/wp-content\/uploads\/2026\/03\/20260316_123024-e1773752236604.jpg","datePublished":"2026-03-17T12:58:06+00:00","breadcrumb":{"@id":"https:\/\/gobiernu.cw\/nl\/nieuw\/561348-2\/#breadcrumb"},"inLanguage":"nl-NL","potentialAction":[{"@type":"ReadAction","target":["https:\/\/gobiernu.cw\/nl\/nieuw\/561348-2\/"]}]},{"@type":"ImageObject","inLanguage":"nl-NL","@id":"https:\/\/gobiernu.cw\/nl\/nieuw\/561348-2\/#primaryimage","url":"https:\/\/gobiernu.cw\/wp-content\/uploads\/2026\/03\/20260316_123024-e1773752236604.jpg","contentUrl":"https:\/\/gobiernu.cw\/wp-content\/uploads\/2026\/03\/20260316_123024-e1773752236604.jpg","width":1150,"height":1280,"caption":"De DG KR Mevrouw Wolfensberger en de Gouverneur van Cura\u00e7ao Z.E. Mauritsz de Kort."},{"@type":"BreadcrumbList","@id":"https:\/\/gobiernu.cw\/nl\/nieuw\/561348-2\/#breadcrumb","itemListElement":[{"@type":"ListItem","position":1,"name":"Home","item":"https:\/\/gobiernu.cw\/nl\/"},{"@type":"ListItem","position":2,"name":"Nieuws","item":"https:\/\/gobiernu.cw\/nl\/nieuws\/"}]},{"@type":"WebSite","@id":"https:\/\/gobiernu.cw\/#website","url":"https:\/\/gobiernu.cw\/","name":"Informashon tokante Gobi\u00e8rnu di K\u00f2rsou","description":"Gobi\u00e8rnu di K\u00f2rsou","publisher":{"@id":"https:\/\/gobiernu.cw\/#organization"},"potentialAction":[{"@type":"SearchAction","target":{"@type":"EntryPoint","urlTemplate":"https:\/\/gobiernu.cw\/?s={search_term_string}"},"query-input":{"@type":"PropertyValueSpecification","valueRequired":true,"valueName":"search_term_string"}}],"inLanguage":"nl-NL"},{"@type":"Organization","@id":"https:\/\/gobiernu.cw\/#organization","name":"Gobi\u00e8rnu di K\u00f2rsou","url":"https:\/\/gobiernu.cw\/","logo":{"@type":"ImageObject","inLanguage":"nl-NL","@id":"https:\/\/gobiernu.cw\/#\/schema\/logo\/image\/","url":"https:\/\/gobiernu.cw\/wp-content\/uploads\/2019\/01\/Logo_regering_3.png","contentUrl":"https:\/\/gobiernu.cw\/wp-content\/uploads\/2019\/01\/Logo_regering_3.png","width":129,"height":115,"caption":"Gobi\u00e8rnu di K\u00f2rsou"},"image":{"@id":"https:\/\/gobiernu.cw\/#\/schema\/logo\/image\/"}}]}},"jetpack_sharing_enabled":true,"_links":{"self":[{"href":"https:\/\/gobiernu.cw\/nl\/wp-json\/wp\/v2\/nieuw\/561348","targetHints":{"allow":["GET"]}}],"collection":[{"href":"https:\/\/gobiernu.cw\/nl\/wp-json\/wp\/v2\/nieuw"}],"about":[{"href":"https:\/\/gobiernu.cw\/nl\/wp-json\/wp\/v2\/types\/nieuw"}],"wp:featuredmedia":[{"embeddable":true,"href":"https:\/\/gobiernu.cw\/nl\/wp-json\/wp\/v2\/media\/561351"}],"wp:attachment":[{"href":"https:\/\/gobiernu.cw\/nl\/wp-json\/wp\/v2\/media?parent=561348"}],"wp:term":[{"taxonomy":"nieuws_category","embeddable":true,"href":"https:\/\/gobiernu.cw\/nl\/wp-json\/wp\/v2\/nieuws_category?post=561348"},{"taxonomy":"ministry","embeddable":true,"href":"https:\/\/gobiernu.cw\/nl\/wp-json\/wp\/v2\/ministry?post=561348"}],"curies":[{"name":"wp","href":"https:\/\/api.w.org\/{rel}","templated":true}]}}

<p>WILLEMSTAD &#8211; Op maandag 16 maart 2026 heeft de nieuwe directeur-generaal Koninkrijksrelaties van het Ministerie van Binnenlandse Zaken en Koninkrijksrelaties (DG KR) mevrouw Barbara Wolfensberger een kennismakingsbezoek gebracht aan de Gouverneur van Curaçao, Zijne Excellentie Mauritsz de Kort.</p>
<p>Mevrouw Wolfensberger werd vergezeld door de heer Gerbert Kunst Vertegenwoordiger van Nederland in Willemstad.</p>
<div id="attachment_561351" style="width: 1162px" class="wp-caption alignnone"><img aria-describedby="caption-attachment-561351" loading="lazy" class="wp-image-561351 size-full" src="https://gobiernu.cw/wp-content/uploads/2026/03/20260316_123024.jpg" alt="" width="1152" height="1880" /><p id="caption-attachment-561351" class="wp-caption-text">De DG KR Mevrouw Wolfensberger en de Gouverneur van Curaçao Z.E. Mauritsz de Kort.</p></div>

<!-- This site is optimized with the Yoast SEO plugin v27.5 - https://yoast.com/product/yoast-seo-wordpress/ -->
<title>- Informashon tokante Gobièrnu di Kòrsou</title>
<meta name="robots" content="noindex, follow" />
<meta name="twitter:card" content="summary_large_image" />
<meta name="twitter:title" content="- Informashon tokante Gobièrnu di Kòrsou" />
<meta name="twitter:description" content="WILLEMSTAD &#8211; Op maandag 16 maart 2026 heeft de nieuwe directeur-generaal Koninkrijksrelaties van het Ministerie van Binnenlandse Zaken en Koninkrijksrelaties (DG KR) mevrouw Barbara Wolfensberger een kennismakingsbezoek […]" />
<meta name="twitter:image" content="https://gobiernu.cw/wp-content/uploads/2026/03/20260316_123024-e1773752236604.jpg" />
<script type="application/ld+json" class="yoast-schema-graph">{"@context":"https:\/\/schema.org","@graph":[{"@type":"WebPage","@id":"https:\/\/gobiernu.cw\/nl\/nieuw\/561348-2\/","url":"https:\/\/gobiernu.cw\/nl\/nieuw\/561348-2\/","name":"- Informashon tokante Gobièrnu di Kòrsou","isPartOf":{"@id":"https:\/\/gobiernu.cw\/#website"},"primaryImageOfPage":{"@id":"https:\/\/gobiernu.cw\/nl\/nieuw\/561348-2\/#primaryimage"},"image":{"@id":"https:\/\/gobiernu.cw\/nl\/nieuw\/561348-2\/#primaryimage"},"thumbnailUrl":"https:\/\/gobiernu.cw\/wp-content\/uploads\/2026\/03\/20260316_123024-e1773752236604.jpg","datePublished":"2026-03-17T12:58:06+00:00","breadcrumb":{"@id":"https:\/\/gobiernu.cw\/nl\/nieuw\/561348-2\/#breadcrumb"},"inLanguage":"nl-NL","potentialAction":[{"@type":"ReadAction","target":["https:\/\/gobiernu.cw\/nl\/nieuw\/561348-2\/"]}]},{"@type":"ImageObject","inLanguage":"nl-NL","@id":"https:\/\/gobiernu.cw\/nl\/nieuw\/561348-2\/#primaryimage","url":"https:\/\/gobiernu.cw\/wp-content\/uploads\/2026\/03\/20260316_123024-e1773752236604.jpg","contentUrl":"https:\/\/gobiernu.cw\/wp-content\/uploads\/2026\/03\/20260316_123024-e1773752236604.jpg","width":1150,"height":1280,"caption":"De DG KR Mevrouw Wolfensberger en de Gouverneur van Curaçao Z.E. Mauritsz de Kort."},{"@type":"BreadcrumbList","@id":"https:\/\/gobiernu.cw\/nl\/nieuw\/561348-2\/#breadcrumb","itemListElement":[{"@type":"ListItem","position":1,"name":"Home","item":"https:\/\/gobiernu.cw\/nl\/"},{"@type":"ListItem","position":2,"name":"Nieuws","item":"https:\/\/gobiernu.cw\/nl\/nieuws\/"}]},{"@type":"WebSite","@id":"https:\/\/gobiernu.cw\/#website","url":"https:\/\/gobiernu.cw\/","name":"Informashon tokante Gobièrnu di Kòrsou","description":"Gobièrnu di Kòrsou","publisher":{"@id":"https:\/\/gobiernu.cw\/#organization"},"potentialAction":[{"@type":"SearchAction","target":{"@type":"EntryPoint","urlTemplate":"https:\/\/gobiernu.cw\/?s={search_term_string}"},"query-input":{"@type":"PropertyValueSpecification","valueRequired":true,"valueName":"search_term_string"}}],"inLanguage":"nl-NL"},{"@type":"Organization","@id":"https:\/\/gobiernu.cw\/#organization","name":"Gobièrnu di Kòrsou","url":"https:\/\/gobiernu.cw\/","logo":{"@type":"ImageObject","inLanguage":"nl-NL","@id":"https:\/\/gobiernu.cw\/#\/schema\/logo\/image\/","url":"https:\/\/gobiernu.cw\/wp-content\/uploads\/2019\/01\/Logo_regering_3.png","contentUrl":"https:\/\/gobiernu.cw\/wp-content\/uploads\/2019\/01\/Logo_regering_3.png","width":129,"height":115,"caption":"Gobièrnu di Kòrsou"},"image":{"@id":"https:\/\/gobiernu.cw\/#\/schema\/logo\/image\/"}}]}</script>
<!-- / Yoast SEO plugin. -->

- Informashon tokante Gobièrnu di Kòrsou

De DG KR Mevrouw Wolfensberger en de Gouverneur van Curaçao Z.E. Mauritsz de Kort.

Informashon tokante Gobièrnu di Kòrsou

Gobièrnu di Kòrsou
