{"id":567306,"date":"2026-09-04T16:10:24","date_gmt":"2026-09-04T20:10:24","guid":{"rendered":"https:\/\/gobiernu.cw\/?post_type=nieuw&#038;p=567306"},"modified":"2026-09-04T16:14:03","modified_gmt":"2026-09-04T20:14:03","slug":"minister-middelhof-en-qredits-curacao-herintroduceren-agrifonds-tegen-2-rente","status":"publish","type":"nieuw","link":"https:\/\/gobiernu.cw\/nl\/nieuw\/minister-middelhof-en-qredits-curacao-herintroduceren-agrifonds-tegen-2-rente\/","title":{"rendered":"Minister Middelhof en Qredits Cura\u00e7ao herintroduceren Agrifonds tegen 2% rente"},"content":{"rendered":"<p style=\"font-weight: 400;\"><strong>Willemstad <\/strong>\u2013 Dr. Roderick Middelhof, Minister van Economische Ontwikkeling, en mevrouw Raiska Herrera van Qredits Cura\u00e7ao herintroduceren het Agrifonds, met bijna Cg 1,4 miljoen aan financiering beschikbaar voor ondernemers in de landbouw- en visserijsector. Dankzij een subsidie van het Ministerie van Economische Ontwikkeling (MEO) kunnen ondernemers die hiervoor in aanmerking komen, via Qredits Cura\u00e7ao lenen tegen een rentepercentage van slechts 2%, in plaats van het reguliere rentepercentage van 9,95%.<\/p>\n<p style=\"font-weight: 400;\">MEO stelt in totaal meer dan Cg 403.000 aan subsidie beschikbaar voor dit initiatief. Van dit bedrag is meer dan Cg 353.000 bestemd voor de rentesubsidie, waarmee Qredits financiering beschikbaar kan stellen aan ondernemers in de landbouw- en visserijsector. De overige Cg 50.000 is bestemd voor de Agri Business Academy, die zich richt op het versterken van kennis en ondernemersvaardigheden binnen de agrarische sector.<\/p>\n<p style=\"font-weight: 400;\">De financiering kan oplopen tot Cg 100.000 per ondernemer en kan worden gebruikt voor investeringen in onder andere apparatuur, irrigatiesystemen, infrastructuur, vee, gewasproductie en visserijmateriaal. Ondernemers die hiervoor in aanmerking komen, krijgen tevens een aflossingsvrije periode van zes maanden, gedurende welke zij uitsluitend rente betalen.<\/p>\n<p style=\"font-weight: 400;\">\u201cMet het Agrifonds maken we financiering betaalbaarder en toegankelijker voor lokale ondernemers. Dit geeft hen meer ruimte om te investeren in hun onderneming, de lokale voedselproductie te versterken en bij te dragen aan de voedselzekerheid van Cura\u00e7ao,\u201d aldus Dr. Roderick Middelhof, Minister van Economische Ontwikkeling.<\/p>\n<p style=\"font-weight: 400;\">Qredits Cura\u00e7ao faciliteert de financiering en begeleidt de ondernemer gedurende het proces. \u201cBij Qredits Cura\u00e7ao zien we iedere dag de passie, het doorzettingsvermogen en het talent binnen onze landbouw- en visserijsector. We zijn er trots op dat we kunnen bijdragen aan het toegankelijker maken van financiering voor onze ondernemers en daarmee aan het versterken van onze voedselzekerheid en economie,\u201d aldus Raiska Herrera, Branch manager van Qredits Cura\u00e7ao.<\/p>\n<p style=\"font-weight: 400;\">De samenwerking bouwt voort op een eerdere samenwerking tussen MEO en Qredits. In 2024 verstrekte Qredits Cura\u00e7ao meer dan Cg 400.000 aan financiering aan ondernemers in de agrarische sector.<\/p>\n<p style=\"font-weight: 400;\">Ondernemers die ge\u00efnteresseerd zijn, kunnen voor meer informatie en een aanvraag contact opnemen met Qredits Cura\u00e7ao via 465-8282 of <a href=\"http:\/\/www.curacao.qredits.com\/\">www.curacao.qredits.com<\/a>.<\/p>\n","protected":false},"excerpt":{"rendered":"<p>Willemstad \u2013 Dr. Roderick Middelhof, Minister van Economische Ontwikkeling, en mevrouw Raiska Herrera van Qredits Cura\u00e7ao herintroduceren het Agrifonds, met bijna Cg 1,4 miljoen aan financiering<span class=\"excerpt-hellip\"> [\u2026]<\/span><\/p>\n","protected":false},"featured_media":0,"parent":0,"template":"","nieuws_category":[651],"ministry":[209],"class_list":["post-567306","nieuw","type-nieuw","status-publish","hentry","nieuws_category-komunikado-nl","ministry-economische-ontwikkeling"],"acf":[],"yoast_head":"<!-- This site is optimized with the Yoast SEO plugin v28.4 - https:\/\/yoast.com\/product\/yoast-seo-wordpress\/ -->\n<title>Minister Middelhof en Qredits Cura\u00e7ao herintroduceren Agrifonds tegen 2% rente - Informashon tokante Gobi\u00e8rnu di K\u00f2rsou<\/title>\n<meta name=\"robots\" content=\"noindex, follow\" \/>\n<meta name=\"twitter:card\" content=\"summary_large_image\" \/>\n<meta name=\"twitter:title\" content=\"Minister Middelhof en Qredits Cura\u00e7ao herintroduceren Agrifonds tegen 2% rente - Informashon tokante Gobi\u00e8rnu di K\u00f2rsou\" \/>\n<meta name=\"twitter:description\" content=\"Willemstad \u2013 Dr. Roderick Middelhof, Minister van Economische Ontwikkeling, en mevrouw Raiska Herrera van Qredits Cura\u00e7ao herintroduceren het Agrifonds, met bijna Cg 1,4 miljoen aan financiering [\u2026]\" \/>\n<meta name=\"twitter:label1\" content=\"Geschatte leestijd\" \/>\n\t<meta name=\"twitter:data1\" content=\"2 minuten\" \/>\n<script type=\"application\/ld+json\" class=\"yoast-schema-graph\">{\"@context\":\"https:\\\/\\\/schema.org\",\"@graph\":[{\"@type\":\"WebPage\",\"@id\":\"https:\\\/\\\/gobiernu.cw\\\/nl\\\/nieuw\\\/minister-middelhof-en-qredits-curacao-herintroduceren-agrifonds-tegen-2-rente\\\/\",\"url\":\"https:\\\/\\\/gobiernu.cw\\\/nl\\\/nieuw\\\/minister-middelhof-en-qredits-curacao-herintroduceren-agrifonds-tegen-2-rente\\\/\",\"name\":\"Minister Middelhof en Qredits Cura\u00e7ao herintroduceren Agrifonds tegen 2% rente - Informashon tokante Gobi\u00e8rnu di K\u00f2rsou\",\"isPartOf\":{\"@id\":\"https:\\\/\\\/gobiernu.cw\\\/#website\"},\"datePublished\":\"2026-09-04T20:10:24+00:00\",\"dateModified\":\"2026-09-04T20:14:03+00:00\",\"breadcrumb\":{\"@id\":\"https:\\\/\\\/gobiernu.cw\\\/nl\\\/nieuw\\\/minister-middelhof-en-qredits-curacao-herintroduceren-agrifonds-tegen-2-rente\\\/#breadcrumb\"},\"inLanguage\":\"nl-NL\",\"potentialAction\":[{\"@type\":\"ReadAction\",\"target\":[\"https:\\\/\\\/gobiernu.cw\\\/nl\\\/nieuw\\\/minister-middelhof-en-qredits-curacao-herintroduceren-agrifonds-tegen-2-rente\\\/\"]}]},{\"@type\":\"BreadcrumbList\",\"@id\":\"https:\\\/\\\/gobiernu.cw\\\/nl\\\/nieuw\\\/minister-middelhof-en-qredits-curacao-herintroduceren-agrifonds-tegen-2-rente\\\/#breadcrumb\",\"itemListElement\":[{\"@type\":\"ListItem\",\"position\":1,\"name\":\"Home\",\"item\":\"https:\\\/\\\/gobiernu.cw\\\/nl\\\/\"},{\"@type\":\"ListItem\",\"position\":2,\"name\":\"Nieuws\",\"item\":\"https:\\\/\\\/gobiernu.cw\\\/nl\\\/nieuws\\\/\"},{\"@type\":\"ListItem\",\"position\":3,\"name\":\"Minister Middelhof en Qredits Cura\u00e7ao herintroduceren Agrifonds tegen 2% rente\"}]},{\"@type\":\"WebSite\",\"@id\":\"https:\\\/\\\/gobiernu.cw\\\/#website\",\"url\":\"https:\\\/\\\/gobiernu.cw\\\/\",\"name\":\"Informashon tokante Gobi\u00e8rnu di K\u00f2rsou\",\"description\":\"Gobi\u00e8rnu di K\u00f2rsou\",\"publisher\":{\"@id\":\"https:\\\/\\\/gobiernu.cw\\\/#organization\"},\"potentialAction\":[{\"@type\":\"SearchAction\",\"target\":{\"@type\":\"EntryPoint\",\"urlTemplate\":\"https:\\\/\\\/gobiernu.cw\\\/?s={search_term_string}\"},\"query-input\":{\"@type\":\"PropertyValueSpecification\",\"valueRequired\":true,\"valueName\":\"search_term_string\"}}],\"inLanguage\":\"nl-NL\"},{\"@type\":\"Organization\",\"@id\":\"https:\\\/\\\/gobiernu.cw\\\/#organization\",\"name\":\"Gobi\u00e8rnu di K\u00f2rsou\",\"url\":\"https:\\\/\\\/gobiernu.cw\\\/\",\"logo\":{\"@type\":\"ImageObject\",\"inLanguage\":\"nl-NL\",\"@id\":\"https:\\\/\\\/gobiernu.cw\\\/#\\\/schema\\\/logo\\\/image\\\/\",\"url\":\"https:\\\/\\\/gobiernu.cw\\\/wp-content\\\/uploads\\\/2019\\\/01\\\/Logo_regering_3.png\",\"contentUrl\":\"https:\\\/\\\/gobiernu.cw\\\/wp-content\\\/uploads\\\/2019\\\/01\\\/Logo_regering_3.png\",\"width\":129,\"height\":115,\"caption\":\"Gobi\u00e8rnu di K\u00f2rsou\"},\"image\":{\"@id\":\"https:\\\/\\\/gobiernu.cw\\\/#\\\/schema\\\/logo\\\/image\\\/\"}}]}<\/script>\n<!-- \/ Yoast SEO plugin. -->","yoast_head_json":{"title":"Minister Middelhof en Qredits Cura\u00e7ao herintroduceren Agrifonds tegen 2% rente - Informashon tokante Gobi\u00e8rnu di K\u00f2rsou","robots":{"index":"noindex","follow":"follow"},"twitter_card":"summary_large_image","twitter_title":"Minister Middelhof en Qredits Cura\u00e7ao herintroduceren Agrifonds tegen 2% rente - Informashon tokante Gobi\u00e8rnu di K\u00f2rsou","twitter_description":"Willemstad \u2013 Dr. Roderick Middelhof, Minister van Economische Ontwikkeling, en mevrouw Raiska Herrera van Qredits Cura\u00e7ao herintroduceren het Agrifonds, met bijna Cg 1,4 miljoen aan financiering [\u2026]","twitter_misc":{"Geschatte leestijd":"2 minuten"},"schema":{"@context":"https:\/\/schema.org","@graph":[{"@type":"WebPage","@id":"https:\/\/gobiernu.cw\/nl\/nieuw\/minister-middelhof-en-qredits-curacao-herintroduceren-agrifonds-tegen-2-rente\/","url":"https:\/\/gobiernu.cw\/nl\/nieuw\/minister-middelhof-en-qredits-curacao-herintroduceren-agrifonds-tegen-2-rente\/","name":"Minister Middelhof en Qredits Cura\u00e7ao herintroduceren Agrifonds tegen 2% rente - Informashon tokante Gobi\u00e8rnu di K\u00f2rsou","isPartOf":{"@id":"https:\/\/gobiernu.cw\/#website"},"datePublished":"2026-09-04T20:10:24+00:00","dateModified":"2026-09-04T20:14:03+00:00","breadcrumb":{"@id":"https:\/\/gobiernu.cw\/nl\/nieuw\/minister-middelhof-en-qredits-curacao-herintroduceren-agrifonds-tegen-2-rente\/#breadcrumb"},"inLanguage":"nl-NL","potentialAction":[{"@type":"ReadAction","target":["https:\/\/gobiernu.cw\/nl\/nieuw\/minister-middelhof-en-qredits-curacao-herintroduceren-agrifonds-tegen-2-rente\/"]}]},{"@type":"BreadcrumbList","@id":"https:\/\/gobiernu.cw\/nl\/nieuw\/minister-middelhof-en-qredits-curacao-herintroduceren-agrifonds-tegen-2-rente\/#breadcrumb","itemListElement":[{"@type":"ListItem","position":1,"name":"Home","item":"https:\/\/gobiernu.cw\/nl\/"},{"@type":"ListItem","position":2,"name":"Nieuws","item":"https:\/\/gobiernu.cw\/nl\/nieuws\/"},{"@type":"ListItem","position":3,"name":"Minister Middelhof en Qredits Cura\u00e7ao herintroduceren Agrifonds tegen 2% rente"}]},{"@type":"WebSite","@id":"https:\/\/gobiernu.cw\/#website","url":"https:\/\/gobiernu.cw\/","name":"Informashon tokante Gobi\u00e8rnu di K\u00f2rsou","description":"Gobi\u00e8rnu di K\u00f2rsou","publisher":{"@id":"https:\/\/gobiernu.cw\/#organization"},"potentialAction":[{"@type":"SearchAction","target":{"@type":"EntryPoint","urlTemplate":"https:\/\/gobiernu.cw\/?s={search_term_string}"},"query-input":{"@type":"PropertyValueSpecification","valueRequired":true,"valueName":"search_term_string"}}],"inLanguage":"nl-NL"},{"@type":"Organization","@id":"https:\/\/gobiernu.cw\/#organization","name":"Gobi\u00e8rnu di K\u00f2rsou","url":"https:\/\/gobiernu.cw\/","logo":{"@type":"ImageObject","inLanguage":"nl-NL","@id":"https:\/\/gobiernu.cw\/#\/schema\/logo\/image\/","url":"https:\/\/gobiernu.cw\/wp-content\/uploads\/2019\/01\/Logo_regering_3.png","contentUrl":"https:\/\/gobiernu.cw\/wp-content\/uploads\/2019\/01\/Logo_regering_3.png","width":129,"height":115,"caption":"Gobi\u00e8rnu di K\u00f2rsou"},"image":{"@id":"https:\/\/gobiernu.cw\/#\/schema\/logo\/image\/"}}]}},"jetpack_sharing_enabled":true,"_links":{"self":[{"href":"https:\/\/gobiernu.cw\/nl\/wp-json\/wp\/v2\/nieuw\/567306","targetHints":{"allow":["GET"]}}],"collection":[{"href":"https:\/\/gobiernu.cw\/nl\/wp-json\/wp\/v2\/nieuw"}],"about":[{"href":"https:\/\/gobiernu.cw\/nl\/wp-json\/wp\/v2\/types\/nieuw"}],"wp:attachment":[{"href":"https:\/\/gobiernu.cw\/nl\/wp-json\/wp\/v2\/media?parent=567306"}],"wp:term":[{"taxonomy":"nieuws_category","embeddable":true,"href":"https:\/\/gobiernu.cw\/nl\/wp-json\/wp\/v2\/nieuws_category?post=567306"},{"taxonomy":"ministry","embeddable":true,"href":"https:\/\/gobiernu.cw\/nl\/wp-json\/wp\/v2\/ministry?post=567306"}],"curies":[{"name":"wp","href":"https:\/\/api.w.org\/{rel}","templated":true}]}}

Minister Middelhof en Qredits Curaçao herintroduceren Agrifonds tegen 2% rente

<p style="font-weight: 400;"><strong>Willemstad </strong>– Dr. Roderick Middelhof, Minister van Economische Ontwikkeling, en mevrouw Raiska Herrera van Qredits Curaçao herintroduceren het Agrifonds, met bijna Cg 1,4 miljoen aan financiering beschikbaar voor ondernemers in de landbouw- en visserijsector. Dankzij een subsidie van het Ministerie van Economische Ontwikkeling (MEO) kunnen ondernemers die hiervoor in aanmerking komen, via Qredits Curaçao lenen tegen een rentepercentage van slechts 2%, in plaats van het reguliere rentepercentage van 9,95%.</p>
<p style="font-weight: 400;">MEO stelt in totaal meer dan Cg 403.000 aan subsidie beschikbaar voor dit initiatief. Van dit bedrag is meer dan Cg 353.000 bestemd voor de rentesubsidie, waarmee Qredits financiering beschikbaar kan stellen aan ondernemers in de landbouw- en visserijsector. De overige Cg 50.000 is bestemd voor de Agri Business Academy, die zich richt op het versterken van kennis en ondernemersvaardigheden binnen de agrarische sector.</p>
<p style="font-weight: 400;">De financiering kan oplopen tot Cg 100.000 per ondernemer en kan worden gebruikt voor investeringen in onder andere apparatuur, irrigatiesystemen, infrastructuur, vee, gewasproductie en visserijmateriaal. Ondernemers die hiervoor in aanmerking komen, krijgen tevens een aflossingsvrije periode van zes maanden, gedurende welke zij uitsluitend rente betalen.</p>
<p style="font-weight: 400;">“Met het Agrifonds maken we financiering betaalbaarder en toegankelijker voor lokale ondernemers. Dit geeft hen meer ruimte om te investeren in hun onderneming, de lokale voedselproductie te versterken en bij te dragen aan de voedselzekerheid van Curaçao,” aldus Dr. Roderick Middelhof, Minister van Economische Ontwikkeling.</p>
<p style="font-weight: 400;">Qredits Curaçao faciliteert de financiering en begeleidt de ondernemer gedurende het proces. “Bij Qredits Curaçao zien we iedere dag de passie, het doorzettingsvermogen en het talent binnen onze landbouw- en visserijsector. We zijn er trots op dat we kunnen bijdragen aan het toegankelijker maken van financiering voor onze ondernemers en daarmee aan het versterken van onze voedselzekerheid en economie,” aldus Raiska Herrera, Branch manager van Qredits Curaçao.</p>
<p style="font-weight: 400;">De samenwerking bouwt voort op een eerdere samenwerking tussen MEO en Qredits. In 2024 verstrekte Qredits Curaçao meer dan Cg 400.000 aan financiering aan ondernemers in de agrarische sector.</p>
<p style="font-weight: 400;">Ondernemers die geïnteresseerd zijn, kunnen voor meer informatie en een aanvraag contact opnemen met Qredits Curaçao via 465-8282 of <a href="http://www.curacao.qredits.com/">www.curacao.qredits.com</a>.</p>

<p>Willemstad – Dr. Roderick Middelhof, Minister van Economische Ontwikkeling, en mevrouw Raiska Herrera van Qredits Curaçao herintroduceren het Agrifonds, met bijna Cg 1,4 miljoen aan financiering<span class="excerpt-hellip"> […]</span></p>

<!-- This site is optimized with the Yoast SEO plugin v28.4 - https://yoast.com/product/yoast-seo-wordpress/ -->
<title>Minister Middelhof en Qredits Curaçao herintroduceren Agrifonds tegen 2% rente - Informashon tokante Gobièrnu di Kòrsou</title>
<meta name="robots" content="noindex, follow" />
<meta name="twitter:card" content="summary_large_image" />
<meta name="twitter:title" content="Minister Middelhof en Qredits Curaçao herintroduceren Agrifonds tegen 2% rente - Informashon tokante Gobièrnu di Kòrsou" />
<meta name="twitter:description" content="Willemstad – Dr. Roderick Middelhof, Minister van Economische Ontwikkeling, en mevrouw Raiska Herrera van Qredits Curaçao herintroduceren het Agrifonds, met bijna Cg 1,4 miljoen aan financiering […]" />
<meta name="twitter:label1" content="Geschatte leestijd" />
	<meta name="twitter:data1" content="2 minuten" />
<script type="application/ld+json" class="yoast-schema-graph">{"@context":"https:\/\/schema.org","@graph":[{"@type":"WebPage","@id":"https:\/\/gobiernu.cw\/nl\/nieuw\/minister-middelhof-en-qredits-curacao-herintroduceren-agrifonds-tegen-2-rente\/","url":"https:\/\/gobiernu.cw\/nl\/nieuw\/minister-middelhof-en-qredits-curacao-herintroduceren-agrifonds-tegen-2-rente\/","name":"Minister Middelhof en Qredits Curaçao herintroduceren Agrifonds tegen 2% rente - Informashon tokante Gobièrnu di Kòrsou","isPartOf":{"@id":"https:\/\/gobiernu.cw\/#website"},"datePublished":"2026-09-04T20:10:24+00:00","dateModified":"2026-09-04T20:14:03+00:00","breadcrumb":{"@id":"https:\/\/gobiernu.cw\/nl\/nieuw\/minister-middelhof-en-qredits-curacao-herintroduceren-agrifonds-tegen-2-rente\/#breadcrumb"},"inLanguage":"nl-NL","potentialAction":[{"@type":"ReadAction","target":["https:\/\/gobiernu.cw\/nl\/nieuw\/minister-middelhof-en-qredits-curacao-herintroduceren-agrifonds-tegen-2-rente\/"]}]},{"@type":"BreadcrumbList","@id":"https:\/\/gobiernu.cw\/nl\/nieuw\/minister-middelhof-en-qredits-curacao-herintroduceren-agrifonds-tegen-2-rente\/#breadcrumb","itemListElement":[{"@type":"ListItem","position":1,"name":"Home","item":"https:\/\/gobiernu.cw\/nl\/"},{"@type":"ListItem","position":2,"name":"Nieuws","item":"https:\/\/gobiernu.cw\/nl\/nieuws\/"},{"@type":"ListItem","position":3,"name":"Minister Middelhof en Qredits Curaçao herintroduceren Agrifonds tegen 2% rente"}]},{"@type":"WebSite","@id":"https:\/\/gobiernu.cw\/#website","url":"https:\/\/gobiernu.cw\/","name":"Informashon tokante Gobièrnu di Kòrsou","description":"Gobièrnu di Kòrsou","publisher":{"@id":"https:\/\/gobiernu.cw\/#organization"},"potentialAction":[{"@type":"SearchAction","target":{"@type":"EntryPoint","urlTemplate":"https:\/\/gobiernu.cw\/?s={search_term_string}"},"query-input":{"@type":"PropertyValueSpecification","valueRequired":true,"valueName":"search_term_string"}}],"inLanguage":"nl-NL"},{"@type":"Organization","@id":"https:\/\/gobiernu.cw\/#organization","name":"Gobièrnu di Kòrsou","url":"https:\/\/gobiernu.cw\/","logo":{"@type":"ImageObject","inLanguage":"nl-NL","@id":"https:\/\/gobiernu.cw\/#\/schema\/logo\/image\/","url":"https:\/\/gobiernu.cw\/wp-content\/uploads\/2019\/01\/Logo_regering_3.png","contentUrl":"https:\/\/gobiernu.cw\/wp-content\/uploads\/2019\/01\/Logo_regering_3.png","width":129,"height":115,"caption":"Gobièrnu di Kòrsou"},"image":{"@id":"https:\/\/gobiernu.cw\/#\/schema\/logo\/image\/"}}]}</script>
<!-- / Yoast SEO plugin. -->

Minister Middelhof en Qredits Curaçao herintroduceren Agrifonds tegen 2% rente - Informashon tokante Gobièrnu di Kòrsou

Willemstad – Dr. Roderick Middelhof, Minister van Economische Ontwikkeling, en mevrouw Raiska Herrera van Qredits Curaçao herintroduceren het Agrifonds, met bijna Cg 1,4 miljoen aan financiering […]

Informashon tokante Gobièrnu di Kòrsou

Gobièrnu di Kòrsou
